--
-- Host: lawyer-network.net    Database: lawyerne_indexu
-- ------------------------------------------------------


--
-- Not dumping tablespaces as no INFORMATION_SCHEMA.FILES table on this server
--

--
-- Table structure for table `directory_save_data`
--

CREATE TABLE `directory_save_data` (
  `id` bigint(100) NOT NULL auto_increment,
  `schedule_id` bigint(100) NOT NULL,
  `project_id` bigint(100) NOT NULL,
  `link_id` bigint(100) NOT NULL,
  `confirm_link` text NOT NULL,
  `category_id` int(10) NOT NULL,
  `category_name` varchar(150) NOT NULL,
  PRIMARY KEY  (`id`)
) ENGINE=InnoDB DEFAULT CHARSET=latin1;

--
-- Dumping data for table `directory_save_data`
--


--
-- Table structure for table `idx_admin_menu`
--

CREATE TABLE `idx_admin_menu` (
  `menu_id` int(11) NOT NULL auto_increment,
  `parent_id` int(11) default NULL,
  `menu_title` varchar(255) default NULL,
  `menu_url` varchar(255) default NULL,
  `order_number` int(11) default NULL,
  PRIMARY KEY  (`menu_id`)
) ENGINE=MyISAM AUTO_INCREMENT=85 DEFAULT CHARSET=latin1;

--
-- Dumping data for table `idx_admin_menu`
--

INSERT INTO `idx_admin_menu` VALUES (1,0,'Dashboard','summary.php',0),(3,0,'Categories','cat_view.php',0),(4,3,'View/ Edit/ Delete','cat_view.php',1),(5,3,'Add New Category','cat_add.php',2),(2,1,'Summary','summary.php',1),(7,3,'Check Category Structure','cat_struc.php',4),(8,3,'Update Category Path','cat_path_update.php',5),(6,3,'Pending Category','cat_pending_suggestion.php',3),(9,3,'Set Default Price','cat_set_default_price.php',6),(10,3,'Hidden Category','cat_view_hidden.php',7),(11,3,'Registered Users Only','cat_view_registered_only.php',8),(12,3,'Search Category','cat_search.php',9),(13,0,'Links','link_search.php',0),(14,13,'Search/ Edit/ Delete','link_search.php',1),(15,13,'Add New Link','link_add.php',2),(16,13,'Validate Link','link_validate.php',3),(17,13,'Premium Listing','link_premium_listing.php',4),(18,13,'Sponsored Listing','link_sponsored_listing.php',5),(19,13,'Suspended Listing','link_suspended_listing.php',6),(20,13,'Spam Links','link_validate.php?spam=1',7),(22,13,'Update Number of Links','app_update_nol.php',9),(23,13,'Update Tag Clouds','tag_cloud_update.php',10),(21,13,'Editor Pick Links','link_editor_pick.php',8),(25,13,'Validate Reviews','review_validate.php',11),(26,13,'Discount Coupon','coupon.php',12),(27,13,'Default Field','link_default_field.php',13),(28,13,'Custom Field','link_custom_field.php',14),(29,0,'Users','user_active.php',0),(30,29,'View All','user_active.php',1),(31,29,'Add New User','user_add.php',2),(32,29,'View Suspend','user_suspend.php',3),(33,29,'View Unactive','user_active.php?pflag=Unactive',4),(34,29,'Search User','user_search.php',5),(35,0,'Editors','editor_add.php',0),(36,35,'Add New Editor','editor_add.php',1),(37,35,'Validate Editors','editor_validate.php',2),(38,0,'Invoices','inv_config.php',0),(39,38,'Configure','inv_config.php',1),(40,38,'Create An Invoice','inv_create.php',2),(41,38,'Paid Invoice','inv_paid.php',3),(42,38,'Unpaid Invoice','inv_unpaid.php',4),(43,38,'Overdue Invoice','inv_overdue.php',5),(44,38,'Payment History','pay_history.php',6),(45,0,'Mailling Systems','message_view.php',0),(46,45,'Send/ Edit/ Delete','message_view.php',1),(47,45,'Create Template','message_create.php',2),(48,45,'Mailing List Subscribers','message_subscriber.php',3),(49,0,'Templates','template_manager.php',0),(50,49,'Site Templates Manager','template_manager.php',1),(51,49,'Import Site Template','template_import.php',2),(52,49,'Export Site Template','template_export.php',3),(53,49,'Email Templates','email_template.php',4),(54,49,'Export Email Template','email_template_export.php',5),(55,49,'Import Email Template','email_template_import.php',6),(56,0,'Tools','link_duplicate.php',0),(57,56,'Find Duplicate Link','link_duplicate.php',1),(58,56,'Broken Link Report','link_bad.php',2),(59,56,'Spider Link CheckUrl','checkurl_web.php',3),(60,56,'Block Name server Domain','blocked_domain_list.php',4),(61,56,'Add Block Name server Domain','add_blocked_domain.php',5),(62,56,'Unavailable domain listing','unavailable_link_list.php',6),(63,56,'Clear Template Cache','clear_templates_c.php',7),(64,56,'PHP Configuration','phpinfo.php',8),(65,56,'Sitemap Generator','sitemap.php',9),(66,56,'Cronjobs','cronjobs.php',10),(67,56,'Fetch Meta','fetch_meta.php',11),(68,56,'Hook Place','hook_place.php',12),(69,56,'CheckUrl Result','link_checkurl.php',13),(70,56,'View Search Log','log_search.php',14),(71,56,'Bad Words Filter','badword_filter.php',15),(72,0,'Options','app_setup.php',0),(73,72,'Setup','app_setup.php',1),(74,72,'Page Caching','app_page_caching.php',2),(75,72,'Mod-rewrite','app_mod_rewrite.php',3),(76,72,'Change Password','app_change_pwd.php',4),(77,0,'Database','db_import.php',0),(78,77,'Import','db_import.php',1),(79,77,'Export','db_export.php',2),(80,77,'Backup','db_backup.php',3),(81,77,'Query','db_query.php',4),(82,77,'Find Replace','db_find_replace.php',5),(83,0,'Plugins','plugin_listing.php',0),(84,83,'View All','plugin_listing.php',1);

--
-- Table structure for table `idx_bad_link`
--

CREATE TABLE `idx_bad_link` (
  `bad_link_id` mediumint(9) unsigned NOT NULL auto_increment,
  `link_id` mediumint(9) unsigned NOT NULL default '0',
  `name` varchar(50) NOT NULL default '',
  `email` varchar(50) NOT NULL default '',
  `type` tinyint(3) unsigned NOT NULL default '0',
  `date` date NOT NULL default '0000-00-00',
  PRIMARY KEY  (`bad_link_id`)
) ENGINE=MyISAM DEFAULT CHARSET=latin1;

--
-- Dumping data for table `idx_bad_link`
--


--
-- Table structure for table `idx_badwords`
--

CREATE TABLE `idx_badwords` (
  `word` varchar(100) NOT NULL default ''
) ENGINE=MyISAM DEFAULT CHARSET=latin1;

--
-- Dumping data for table `idx_badwords`
--


--
-- Table structure for table `idx_blocked_domain`
--

CREATE TABLE `idx_blocked_domain` (
  `blocked_id` int(11) NOT NULL auto_increment,
  `blocked` varchar(255) default NULL,
  `type` enum('domain','ip') default NULL,
  PRIMARY KEY  (`blocked_id`)
) ENGINE=MyISAM AUTO_INCREMENT=6 DEFAULT CHARSET=latin1;

--
-- Dumping data for table `idx_blocked_domain`
--

INSERT INTO `idx_blocked_domain` VALUES (1,'buydomains.com','domain'),(2,'this-domain-for-sale.com ','domain'),(3,'oversee.net','domain'),(4,'eNom','domain'),(5,'sedoparking.com','domain');

--
-- Table structure for table `idx_category`
--

CREATE TABLE `idx_category` (
  `category_id` mediumint(9) unsigned NOT NULL auto_increment,
  `parent_id` mediumint(9) unsigned NOT NULL default '0',
  `name` varchar(100) NOT NULL default '',
  `description` text NOT NULL,
  `image` varchar(100) default NULL,
  `content` text,
  `visible` char(1) default NULL,
  `links` mediumint(9) default NULL,
  `meta_keyword` text,
  `meta_description` text,
  `permission` char(2) default NULL,
  `registered_only` char(1) default NULL,
  `header` text NOT NULL,
  `footer` text NOT NULL,
  `related` mediumint(6) NOT NULL default '0',
  `page_title` varchar(200) NOT NULL default '',
  `hits` int(11) NOT NULL default '0',
  `order_num` smallint(6) NOT NULL default '0',
  `basic_price` double unsigned NOT NULL default '0',
  `premium_price` double unsigned NOT NULL default '0',
  `sponsored_price` double unsigned NOT NULL default '0',
  PRIMARY KEY  (`category_id`)
) ENGINE=MyISAM AUTO_INCREMENT=34 DEFAULT CHARSET=latin1;

--
-- Dumping data for table `idx_category`
--

INSERT INTO `idx_category` VALUES (1,0,'Administrative Law ','','folder.gif','','1',0,'','','0','0','','',0,'',0,0,0,0,0),(2,0,'Attorneys ','','folder.gif','','1',0,'','','0','0','','',0,'',0,0,0,0,0),(3,0,'Bankruptcy Law ','','folder.gif','','1',0,'','','0','0','','',0,'',0,0,0,0,0),(4,0,'Business and Corporate Law ','','folder.gif','','1',0,'','','0','0','','',0,'',0,0,0,0,0),(5,0,'Constitutional Law','','folder.gif','','1',0,'','','0','0','','',0,'',0,0,0,0,0),(6,0,'Courts','','folder.gif','','1',0,'','','0','0','','',0,'',0,0,0,0,0),(7,0,'Criminal Defense ','','folder.gif','','1',0,'','','0','0','','',0,'',0,0,0,0,0),(8,0,'Defense Litigation ','','folder.gif','','1',0,'','','0','0','','',0,'',0,0,0,0,0),(9,0,'Disabilities Law','','folder.gif','','1',0,'','','0','0','','',0,'',0,0,0,0,0),(10,0,'Drunk Driving Defense','','folder.gif','','1',0,'','','0','0','','',0,'',0,0,0,0,0),(11,0,'Education','','folder.gif','','1',0,'','','0','0','','',0,'',0,0,0,0,0),(12,0,'Environmental Law ','','folder.gif','','1',0,'','','0','0','','',0,'',0,0,0,0,0),(13,0,'Estate Planning and Probate','','folder.gif','','1',0,'','','0','0','','',0,'',0,0,0,0,0),(14,0,'Family Law','','folder.gif','','1',0,'','','0','0','','',0,'',0,0,0,0,0),(15,0,'General Practice ','','folder.gif','','1',0,'','','0','0','','',0,'',0,0,0,0,0),(16,0,'Immigration','','folder.gif','','1',0,'','','0','0','','',0,'',0,0,0,0,0),(17,0,'Indigenous Peoples Law','','folder.gif','','1',0,'','','0','0','','',0,'',0,0,0,0,0),(18,0,'Insurance Law','','folder.gif','','1',0,'','','0','0','','',0,'',0,0,0,0,0),(19,0,'Intellectual Property  ','','folder.gif','','1',0,'','','0','0','','',0,'',0,0,0,0,0),(20,0,'Labor and Employment Law','','folder.gif','','1',0,'','','0','0','','',0,'',1,0,0,0,0),(21,0,'Law Enforcement','','folder.gif','','1',0,'','','0','0','','',0,'',0,0,0,0,0),(22,0,'Law Libraries ','','folder.gif','','1',0,'','','0','0','','',0,'',0,0,0,0,0),(23,0,'Lawyers and Law Firms','','folder.gif','','1',0,'','','0','0','','',0,'',0,0,0,0,0),(24,0,'Legal Information','','folder.gif','','1',0,'','','0','0','','',0,'',0,0,0,0,0),(25,0,'Legal Services','','folder.gif','','1',0,'','','0','0','','',0,'',0,0,0,0,0),(26,0,'Malpractice','','folder.gif','','1',0,'','','0','0','','',0,'',0,0,0,0,0),(27,0,'Maritime and Admiralty Law ','','folder.gif','','1',0,'','','0','0','','',0,'',0,0,0,0,0),(28,0,'Military Law','','folder.gif','','1',0,'','','0','0','','',0,'',0,0,0,0,0),(29,0,'Organizations ','','folder.gif','','1',0,'','','0','0','','',0,'',0,0,0,0,0),(30,0,'Personal Injury','','folder.gif','','1',0,'','','0','0','','',0,'',0,0,0,0,0),(31,0,'Property Law and Real Estate','','folder.gif','','1',0,'','','0','0','','',0,'',0,0,0,0,0),(32,0,'Taxation Law','','folder.gif','','1',0,'','','0','0','','',0,'',0,0,0,0,0),(33,0,'Workers Compensation ','','folder.gif','','1',0,'','','0','0','','',0,'',0,0,0,0,0);

--
-- Table structure for table `idx_category_path`
--

CREATE TABLE `idx_category_path` (
  `category_id` mediumint(9) NOT NULL default '0',
  `path` text,
  `path_with_url` text,
  `parents` text,
  PRIMARY KEY  (`category_id`)
) ENGINE=MyISAM DEFAULT CHARSET=latin1;

--
-- Dumping data for table `idx_category_path`
--

INSERT INTO `idx_category_path` VALUES (1,'Administrative Law ','<a href=\"http://lawyer-network.net/administrative-law/\" name=\"cat_1\" style=\"\">Administrative Law </a>',';0;'),(2,'Attorneys ','<a href=\"http://lawyer-network.net/attorneys/\" name=\"cat_2\" style=\"\">Attorneys </a>',';0;'),(3,'Bankruptcy Law ','<a href=\"http://lawyer-network.net/bankruptcy-law/\" name=\"cat_3\" style=\"\">Bankruptcy Law </a>',';0;'),(4,'Business and Corporate Law ','<a href=\"http://lawyer-network.net/business-and-corporate-law/\" name=\"cat_4\" style=\"\">Business and Corporate Law </a>',';0;'),(5,'Constitutional Law','<a href=\"http://lawyer-network.net/constitutional-law/\" name=\"cat_5\" style=\"\">Constitutional Law</a>',';0;'),(6,'Courts','<a href=\"http://lawyer-network.net/courts/\" name=\"cat_6\" style=\"\">Courts</a>',';0;'),(7,'Criminal Defense ','<a href=\"http://lawyer-network.net/criminal-defense/\" name=\"cat_7\" style=\"\">Criminal Defense </a>',';0;'),(8,'Defense Litigation ','<a href=\"http://lawyer-network.net/defense-litigation/\" name=\"cat_8\" style=\"\">Defense Litigation </a>',';0;'),(9,'Disabilities Law','<a href=\"http://lawyer-network.net/disabilities-law/\" name=\"cat_9\" style=\"\">Disabilities Law</a>',';0;'),(10,'Drunk Driving Defense','<a href=\"http://lawyer-network.net/drunk-driving-defense/\" name=\"cat_10\" style=\"\">Drunk Driving Defense</a>',';0;'),(11,'Education','<a href=\"http://lawyer-network.net/education/\" name=\"cat_11\" style=\"\">Education</a>',';0;'),(12,'Environmental Law ','<a href=\"http://lawyer-network.net/environmental-law/\" name=\"cat_12\" style=\"\">Environmental Law </a>',';0;'),(13,'Estate Planning and Probate','<a href=\"http://lawyer-network.net/estate-planning-and-probate/\" name=\"cat_13\" style=\"\">Estate Planning and Probate</a>',';0;'),(14,'Family Law','<a href=\"http://lawyer-network.net/family-law/\" name=\"cat_14\" style=\"\">Family Law</a>',';0;'),(15,'General Practice ','<a href=\"http://lawyer-network.net/general-practice/\" name=\"cat_15\" style=\"\">General Practice </a>',';0;'),(16,'Immigration','<a href=\"http://lawyer-network.net/immigration/\" name=\"cat_16\" style=\"\">Immigration</a>',';0;'),(17,'Indigenous Peoples Law','<a href=\"http://lawyer-network.net/indigenous-peoples-law/\" name=\"cat_17\" style=\"\">Indigenous Peoples Law</a>',';0;'),(18,'Insurance Law','<a href=\"http://lawyer-network.net/insurance-law/\" name=\"cat_18\" style=\"\">Insurance Law</a>',';0;'),(19,'Intellectual Property  ','<a href=\"http://lawyer-network.net/intellectual-property/\" name=\"cat_19\" style=\"\">Intellectual Property  </a>',';0;'),(20,'Labor and Employment Law','<a href=\"http://lawyer-network.net/labor-and-employment-law/\" name=\"cat_20\" style=\"\">Labor and Employment Law</a>',';0;'),(21,'Law Enforcement','<a href=\"http://lawyer-network.net/law-enforcement/\" name=\"cat_21\" style=\"\">Law Enforcement</a>',';0;'),(22,'Law Libraries ','<a href=\"http://lawyer-network.net/law-libraries/\" name=\"cat_22\" style=\"\">Law Libraries </a>',';0;'),(23,'Lawyers and Law Firms','<a href=\"http://lawyer-network.net/lawyers-and-law-firms/\" name=\"cat_23\" style=\"\">Lawyers and Law Firms</a>',';0;'),(24,'Legal Information','<a href=\"http://lawyer-network.net/legal-information/\" name=\"cat_24\" style=\"\">Legal Information</a>',';0;'),(25,'Legal Services','<a href=\"http://lawyer-network.net/legal-services/\" name=\"cat_25\" style=\"\">Legal Services</a>',';0;'),(26,'Malpractice','<a href=\"http://lawyer-network.net/malpractice/\" name=\"cat_26\" style=\"\">Malpractice</a>',';0;'),(27,'Maritime and Admiralty Law ','<a href=\"http://lawyer-network.net/maritime-and-admiralty-law/\" name=\"cat_27\" style=\"\">Maritime and Admiralty Law </a>',';0;'),(28,'Military Law','<a href=\"http://lawyer-network.net/military-law/\" name=\"cat_28\" style=\"\">Military Law</a>',';0;'),(29,'Organizations ','<a href=\"http://lawyer-network.net/organizations/\" name=\"cat_29\" style=\"\">Organizations </a>',';0;'),(30,'Personal Injury','<a href=\"http://lawyer-network.net/personal-injury/\" name=\"cat_30\" style=\"\">Personal Injury</a>',';0;'),(31,'Property Law and Real Estate','<a href=\"http://lawyer-network.net/property-law-and-real-estate/\" name=\"cat_31\" style=\"\">Property Law and Real Estate</a>',';0;'),(32,'Taxation Law','<a href=\"http://lawyer-network.net/taxation-law/\" name=\"cat_32\" style=\"\">Taxation Law</a>',';0;'),(33,'Workers Compensation ','<a href=\"http://lawyer-network.net/workers-compensation/\" name=\"cat_33\" style=\"\">Workers Compensation </a>',';0;');

--
-- Table structure for table `idx_category_suggession`
--

CREATE TABLE `idx_category_suggession` (
  `id_cat_suggession` int(11) NOT NULL auto_increment,
  `parent_id` int(11) default NULL,
  `name` varchar(255) default NULL,
  `category_description` text,
  `date` datetime default NULL,
  PRIMARY KEY  (`id_cat_suggession`)
) ENGINE=MyISAM DEFAULT CHARSET=latin1;

--
-- Dumping data for table `idx_category_suggession`
--


--
-- Table structure for table `idx_checkurl`
--

CREATE TABLE `idx_checkurl` (
  `link_id` mediumint(9) NOT NULL default '0',
  `date` date NOT NULL default '0000-00-00',
  `live` char(1) NOT NULL default '',
  `reciprocal_found` char(1) NOT NULL default '',
  PRIMARY KEY  (`link_id`)
) ENGINE=MyISAM DEFAULT CHARSET=latin1;

--
-- Dumping data for table `idx_checkurl`
--


--
-- Table structure for table `idx_cronjobs`
--

CREATE TABLE `idx_cronjobs` (
  `cronjobs_id` int(11) NOT NULL auto_increment,
  `cronjobs_name` varchar(255) default NULL,
  `filename` varchar(255) NOT NULL,
  `schedule` varchar(255) NOT NULL,
  `time` datetime NOT NULL,
  `execution` varchar(1) NOT NULL,
  PRIMARY KEY  (`cronjobs_id`)
) ENGINE=MyISAM AUTO_INCREMENT=4 DEFAULT CHARSET=latin1;

--
-- Dumping data for table `idx_cronjobs`
--

INSERT INTO `idx_cronjobs` VALUES (1,NULL,'clear_templates_c.php','1,*,*,*,*','0000-00-00 00:00:00',''),(2,NULL,'update_tag_cloud.php','*,24,*,*,*','0000-00-00 00:00:00',''),(3,NULL,'clear_rss_cache.php','*,24,*,*,*','0000-00-00 00:00:00','');

--
-- Table structure for table `idx_custom_field`
--

CREATE TABLE `idx_custom_field` (
  `field_name` varchar(32) NOT NULL default '',
  `field_text` varchar(64) NOT NULL default '',
  `field_type` enum('TEXT','TEXTAREA','SELECT','MULTISELECT','CHECKBOX','RADIO','FILE','IMAGE','DATE','DATETIME','RICHEDITOR') NOT NULL default 'TEXT',
  `field_option` text NOT NULL,
  `field_img_width` int(10) unsigned NOT NULL default '0',
  `field_img_height` int(10) unsigned NOT NULL default '0',
  `field_file_size` int(10) unsigned NOT NULL default '0',
  `field_file_extension` varchar(64) NOT NULL default '',
  `required` char(1) NOT NULL default '0',
  `searchable` char(1) NOT NULL default '1',
  `permission` char(1) NOT NULL default '0'
) ENGINE=MyISAM DEFAULT CHARSET=latin1;

--
-- Dumping data for table `idx_custom_field`
--

INSERT INTO `idx_custom_field` VALUES ('image','Image','IMAGE','',0,0,0,'','0','0','2'),('address','Address','TEXT','',0,0,0,'','0','0','0'),('city','City','TEXT','',0,0,0,'','0','0','0'),('state','State','TEXT','',0,0,0,'','0','0','0'),('country','Country','TEXT','',0,0,0,'','0','0','0'),('zip','Zip','TEXT','',0,0,0,'','0','0','0'),('phone','Phone','TEXT','',0,0,0,'','0','0','0'),('fax','Fax','TEXT','',0,0,0,'','0','0','0');

--
-- Table structure for table `idx_default_field`
--

CREATE TABLE `idx_default_field` (
  `field_name` varchar(64) NOT NULL,
  `required` char(1) NOT NULL,
  `visible` char(1) NOT NULL default '1',
  `searchable` char(1) NOT NULL default '1'
) ENGINE=MyISAM DEFAULT CHARSET=latin1;

--
-- Dumping data for table `idx_default_field`
--

INSERT INTO `idx_default_field` VALUES ('title','1','1','1'),('url','1','1','1'),('description','1','1','1'),('keywords','1','1','0'),('contact_name','1','1','1'),('email','1','1','1'),('reciprocal_url','0','0','1');

--
-- Table structure for table `idx_discount_coupon`
--

CREATE TABLE `idx_discount_coupon` (
  `coupon_id` int(11) NOT NULL auto_increment,
  `coupon_code` varchar(255) default NULL,
  `coupon_value` varchar(50) default NULL,
  `link_type` varchar(255) default NULL,
  `start_date` date default NULL,
  `expired_date` date default NULL,
  `expired_usage` int(11) default NULL,
  `usage_count` int(11) default NULL,
  PRIMARY KEY  (`coupon_id`)
) ENGINE=MyISAM DEFAULT CHARSET=latin1;

--
-- Dumping data for table `idx_discount_coupon`
--


--
-- Table structure for table `idx_editor`
--

CREATE TABLE `idx_editor` (
  `username` varchar(20) default NULL,
  `category_id` mediumint(9) default NULL,
  `category` char(1) default NULL,
  `link` char(1) default NULL,
  `review` char(1) default NULL,
  `pick` char(1) default NULL,
  `status` char(1) default NULL,
  `date` date default NULL
) ENGINE=MyISAM DEFAULT CHARSET=latin1;

--
-- Dumping data for table `idx_editor`
--


--
-- Table structure for table `idx_email_template`
--

CREATE TABLE `idx_email_template` (
  `email_template_id` int(10) unsigned NOT NULL auto_increment,
  `name` varchar(255) default NULL,
  `subject` varchar(255) default NULL,
  `body` text,
  `altbody` text,
  PRIMARY KEY  (`email_template_id`)
) ENGINE=MyISAM AUTO_INCREMENT=37 DEFAULT CHARSET=latin1;

--
-- Dumping data for table `idx_email_template`
--

INSERT INTO `idx_email_template` VALUES (1,'add_ok','Resource Added','<div style=\"font-weight:bold;\">Thank you for your submission to <%$site_name%></div>\r\n<p>\r\n<div style=\"float:left;width:200px;\">Resource ID</div>\r\n<div style=\"float:left;width:10px;\"> : </div>\r\n<div style=\"float:left;width:200px;\"><%$link_id%></div>\r\n<div style=\"float:left;width:200px;\">Title</div>\r\n<div style=\"float:left;width:10px;\"> : </div>\r\n<div style=\"float:left;width:200px;\"><%$title%></div>\r\n<div style=\"float:left;width:200px;\">Url</div>\r\n<div style=\"float:left;width:10px;\">  : </div>\r\n<div style=\"float:left;width:200px;\"><%$url%></div>\r\n<div style=\"float:left;width:200px;\">Description </div>\r\n<div style=\"float:left;width:10px;\"> : </div>\r\n<div style=\"float:left;width:200px;\"><%$description%></div>\r\n<div style=\"float:left;width:200px;\">Category </div>\r\n<div style=\"float:left;width:10px;\"> : </div>\r\n<div style=\"float:left;width:200px;\"><%$category%></div>\r\n<div style=\"float:left;width:200px;\">Contact name</div>\r\n<div style=\"float:left;width:10px;\"> : </div>\r\n<div style=\"float:left;width:200px;\"><%$contact_name%></div>\r\n<div style=\"float:left;width:200px;\">Email</div>\r\n<div style=\"float:left;width:10px;\">  : </div>\r\n<div style=\"float:left;width:200px;\"><%$email%></div>\r\n<div style=\"float:left;width:200px;\">Password </div>\r\n<div style=\"float:left;width:10px;\"> : </div>\r\n<div style=\"float:left;width:200px;\"><%$password%></div>\r\n<p>\r\nYour link has been added.\r\n<p>\r\n<p>\r\nRegards,\r\n<p>\r\n<%$site_name%> Team\r\n','Thank you for your submission to <%$site_name%>\r\nResource ID  : <%$link_id%>\r\nTitle        : <%$title%>\r\nUrl          : <%$url%>\r\nDescription  : <%$description%>\r\nCategory     : <%$category%>\r\nContact name : <%$contact_name%>\r\nEmail        : <%$email%>\r\nPassword     : <%$password%>\r\nYour link has been added.\r\nRegards,\r\n<%$site_name%> Team'),(2,'add_ok_editor','Resource Added','<div style=\"font-family:arial;font-size:12px;\">\r\nThere\'s a new submission to <b><%$site_name%></b>.\r\n<p>\r\n<p>\r\n<table cellspacing=0 cellpadding=0>\r\n<tr><td style=\"width:100px;\">Resource ID</td><td style=\"width:10px;\">:</td><td ><%$link_id%></td></tr>\r\n<tr><td style=\"width:100px;\">Title</td><td style=\"width:10px;\">:</td><td ><%$title%></td></tr>\r\n<tr><td style=\"width:100px;\">Url</td><td style=\"width:10px;\">:</td><td ><%$url%></td></tr>\r\n<tr><td style=\"width:100px;\">Description</td><td style=\"width:10px;\">:</td><td ><%$description%></td></tr>\r\n<tr><td style=\"width:100px;\">Category</td><td style=\"width:10px;\">:</td><td ><%$category%></td></tr>\r\n<tr><td style=\"width:100px;\">Contact name</td><td style=\"width:10px;\">:</td><td ><%$contact_name%></td></tr>\r\n<tr><td style=\"width:100px;\">Email/td><td style=\"width:10px;\">:</td><td ><%$email%></td></tr>\r\n</table>\r\n<p>\r\nThe category permissions allow webmasters to add/modify links without needing approval.\r\nThe link has been added.\r\n<p>\r\n<p>\r\nRegards,\r\n<p>\r\n<%$site_name%> Team\r\n</div>','There\'s a new submission to <%$site_name%>.\r\nResource ID  : <%$link_id%>\r\nTitle        : <%$title%>\r\nUrl          : <%$url%>\r\nDescription  : <%$description%>\r\nCategory     : <%$category%>\r\nContact name : <%$contact_name%>\r\nEmail        : <%$email%>\r\nThe category permissions allow webmasters to add/modify links without needing approval.\r\nThe link has beed added.\r\nRegards,\r\n<%$site_name%> Team\r\n'),(3,'add_ok_subscriber','Resource Added','<div style=\"font-family:arial;font-size:12px;\">\r\nYou are receiving this email because you have a subscription for update notifications in <b><%$category%></b> category.\r\n<p>\r\nThere\'s a new submission to <b><%$site_name%><b>.\r\n<p>\r\n<table cellspacing=0 cellpadding=0>\r\n<tr><td style=\"width:100px;\">Resource ID</td><td style=\"width:10px;\">:</td><td ><%$link_id%></td></tr>\r\n<tr><td style=\"width:100px;\">Title</td><td style=\"width:10px;\">:</td><td ><%$title%></td></tr>\r\n<tr><td style=\"width:100px;\">Url</td><td style=\"width:10px;\">:</td><td ><%$url%></td></tr>\r\n<tr><td style=\"width:100px;\">Description</td><td style=\"width:10px;\">:</td><td ><%$description%></td></tr>\r\n<tr><td style=\"width:100px;\">Category</td><td style=\"width:10px;\">:</td><td ><%$category%></td></tr>\r\n<tr><td style=\"width:100px;\">Contact name</td><td style=\"width:10px;\">:</td><td ><%$contact_name%></td></tr>\r\n</table>\r\n<p>\r\n<p>\r\nRegards,\r\n<p>\r\n<b><%$site_name%></b> Team\r\n</div>','You are receiving this email because you have a subscription for update notifications in <%$category%> category.\r\nThere\'s a new submission to <%$site_name%>.\r\nResource ID  : <%$link_id%>\r\nTitle        : <%$title%>\r\nUrl          : <%$url%>\r\nDescription  : <%$description%>\r\nCategory     : <%$category%>\r\nContact name : <%$contact_name%>\r\nRegards,\r\n<%$site_name%> Team\r\n'),(4,'add_pending','Pending Resource','<div style=\"font-family:arial;font-size:12px;\">\r\nThank you for your submission to <b><%$site_name%></b>.\r\n<p>\r\n<table cellspacing=0 cellpadding=0>\r\n<tr><td style=\"width:100px;\">Title</td><td style=\"width:10px;\">:</td><td ><%$title%></td></tr>\r\n<tr><td style=\"width:100px;\">Url</td><td style=\"width:10px;\">:</td><td ><%$url%></td></tr>\r\n<tr><td style=\"width:100px;\">Description</td><td style=\"width:10px;\">:</td><td ><%$description%></td></tr>\r\n<tr><td style=\"width:100px;\">Category</td><td style=\"width:10px;\">:</td><td ><%$category%></td></tr>\r\n<tr><td style=\"width:100px;\">Contact name</td><td style=\"width:10px;\">:</td><td ><%$contact_name%></td></tr>\r\n<tr><td style=\"width:100px;\">Email</td><td style=\"width:10px;\">:</td><td ><%$email%></td></tr>\r\n</table>\r\n<p>\r\n<p>\r\nYour link will be reviewed by our team. We will contact you as soon <br>\r\nas we have reviewed your link.\r\n<p>\r\n<p>\r\nRegards,\r\n<p>\r\n<b><%$site_name%></b> Team\r\n</div>','Thank you for your submission to <%$site_name%>.\r\nTitle        : <%$title%>\r\nUrl          : <%$url%>\r\nDescription  : <%$description%>\r\nCategory     : <%$category%>\r\nContact name : <%$contact_name%>\r\nEmail        : <%$email%>\r\nYour link will be reviewed by our team. We will contact you as soon \r\nas we have reviewed your link.\r\nRegards,\r\n<%$site_name%> Team\r\n'),(5,'add_pending_editor','Pending Resource','<div style=\"font-family:arial;font-size:12px;\">\r\nThere\'s a new submission to <b><%$site_name%></b>.\r\n<p>\r\n<table cellspacing=0 cellpadding=0>\r\n<tr><td style=\"width:100px;\">Title</td><td style=\"width:10px;\">:</td><td ><%$title%></td></tr>\r\n<tr><td style=\"width:100px;\">Url</td><td style=\"width:10px;\">:</td><td ><%$url%></td></tr>\r\n<tr><td style=\"width:100px;\">Description</td><td style=\"width:10px;\">:</td><td ><%$description%></td></tr>\r\n<tr><td style=\"width:100px;\">Category</td><td style=\"width:10px;\">:</td><td ><%$category%></td></tr>\r\n<tr><td style=\"width:100px;\">Contact name</td><td style=\"width:10px;\">:</td><td ><%$contact_name%></td></tr>\r\n<tr><td style=\"width:100px;\">Email</td><td style=\"width:10px;\">:</td><td ><%$email%></td></tr>\r\n</table>\r\n<p>\r\n<p>\r\nYou need to review this link here:<br>\r\n<label style=\"margin-left:10px;\"><a href=\"<%$site_url%>/cp/editor_link_validate.php\"><%$site_url%>/cp/editor_link_validate.php</a></label><br>\r\nYou can approve this submission by clicking here:<br>\r\n<label style=\"margin-left:10px;\"><a href=\"<%$approve_notice%>\"><%$approve_notice%></a></label><br>\r\nYou can reject this submission by clicking here:<br>\r\n<label style=\"margin-left:10px;\"><a href=\"<%$reject_notice%>\"><%$reject_notice%></a></label><br>\r\nSilent reject here:<br>\r\n<label style=\"margin-left:10px;\"><a href=\"<%$reject_silent%>\"><%$reject_silent%></a></label><br>\r\n\r\n<p>\r\n<p>\r\nRegards,\r\n<p>\r\n<b><%$site_name%></b> Team\r\n</div>\r\n','There\'s a new submission to <%$site_name%>.\r\nTitle        : <%$title%>\r\nUrl          : <%$url%>\r\nDescription  : <%$description%>\r\nCategory     : <%$category%>\r\nContact name : <%$contact_name%>\r\nEmail        : <%$email%>\r\nYou need to review this link here:\r\n<%$site_url%>/cp/editor_link_validate.php\r\nYou can approve this submission by clicking here:\r\n<%$approve_notice%>\r\nYou can reject this submission by clicking here:\r\n<%$reject_notice%>\r\nSilent reject here:\r\n<%$reject_silent%>\r\n\r\nRegards,\r\n<%$site_name%> Team\r\n'),(6,'approved','Editor Approved.','<div style=\"font-family:arial;font-size:12px;\">\r\nYour submission at <b><%$site_name%></b> has been approved.\r\n<p>\r\n<table cellspacing=0 cellpadding=0>\r\n<tr><td style=\"width:100px;\">Resource ID</td><td style=\"width:10px;\">:</td><td ><%$link_id%></td></tr>\r\n<tr><td style=\"width:100px;\">Title</td><td style=\"width:10px;\">:</td><td ><%$title%></td></tr>\r\n<tr><td style=\"width:100px;\">Url</td><td style=\"width:10px;\">:</td><td ><%$url%></td></tr>\r\n<tr><td style=\"width:100px;\">Description</td><td style=\"width:10px;\">:</td><td ><%$description%></td></tr>\r\n<tr><td style=\"width:100px;\">Category</td><td style=\"width:10px;\">:</td><td ><%$category%></td></tr>\r\n<tr><td style=\"width:100px;\">Contact name</td><td style=\"width:10px;\">:</td><td ><%$contact_name%></td></tr>\r\n<tr><td style=\"width:100px;\">Email</td><td style=\"width:10px;\">:</td><td ><%$email%></td></tr>\r\n<tr><td style=\"width:100px;\">Password </td><td style=\"width:10px;\">:</td><td ><%$password%></td></tr>\r\n</table>\r\n<p>\r\n<p>\r\nRegards,\r\n<p>\r\n<b><%$site_name%></b> Team\r\n</div>','Your submission at <%$site_name%> has been approved.\r\nResource ID  : <%$link_id%>\r\nTitle        : <%$title%>\r\nUrl          : <%$url%>\r\nDescription  : <%$description%>\r\nCategory     : <%$category%>\r\nContact name : <%$contact_name%>\r\nEmail        : <%$email%>\r\nPassword     : <%$password%>\r\nRegards,\r\n<%$site_name%> Team\r\n'),(7,'approved_editor','Link approved','<div style=\"font-family:arial;font-size:12px;\">\r\nThe following submission has been approved.\r\n<p>\r\n<table cellspacing=0 cellpadding=0>\r\n<tr><td style=\"width:100px;\">Resource ID</td><td style=\"width:10px;\">:</td><td ><%$link_id%></td></tr>\r\n<tr><td style=\"width:100px;\">Title</td><td style=\"width:10px;\">:</td><td ><%$title%></td></tr>\r\n<tr><td style=\"width:100px;\">Url</td><td style=\"width:10px;\">:</td><td ><%$url%></td></tr>\r\n<tr><td style=\"width:100px;\">Description</td><td style=\"width:10px;\">:</td><td ><%$description%></td></tr>\r\n<tr><td style=\"width:100px;\">Category</td><td style=\"width:10px;\">:</td><td ><%$category%></td></tr>\r\n<tr><td style=\"width:100px;\">Contact name</td><td style=\"width:10px;\">:</td><td ><%$contact_name%></td></tr>\r\n<tr><td style=\"width:100px;\">Email</td><td style=\"width:10px;\">:</td><td ><%$email%></td></tr>\r\n</table>\r\n<p>\r\n<p>\r\nRegards,\r\n<p>\r\n<b><%$site_name%></b> Team\r\n</div>','The following submission has been approved.\r\nResource ID  : <%$link_id%>\r\nTitle        : <%$title%>\r\nUrl          : <%$url%>\r\nDescription  : <%$description%>\r\nCategory     : <%$category%>\r\nContact name : <%$contact_name%>\r\nEmail        : <%$email%>\r\nRegards,\r\n<%$site_name%> Team\r\n'),(8,'approved_subscriber','link_approved','<div style=\"font-family:arial;font-size:12px;\">\r\nYou are receiving this email because you have a subscription for update notifications in <b><%$category%></b> category.\r\n<p>\r\nThe following submission has been approved.\r\n<p>\r\n<table cellspacing=0 cellpadding=0>\r\n<tr><td style=\"width:100px;\">Resource ID</td><td style=\"width:10px;\">:</td><td ><%$link_id%></td></tr>\r\n<tr><td style=\"width:100px;\">Title</td><td style=\"width:10px;\">:</td><td ><%$title%></td></tr>\r\n<tr><td style=\"width:100px;\">Url</td><td style=\"width:10px;\">:</td><td ><%$url%></td></tr>\r\n<tr><td style=\"width:100px;\">Description</td><td style=\"width:10px;\">:</td><td ><%$description%></td></tr>\r\n<tr><td style=\"width:100px;\">Category</td><td style=\"width:10px;\">:</td><td ><%$category%></td></tr>\r\n<tr><td style=\"width:100px;\">Contact name</td><td style=\"width:10px;\">:</td><td ><%$contact_name%></td></tr>\r\n</table>\r\n<p>\r\n<p>\r\nRegards,\r\n<p>\r\n<b><%$site_name%></b> Team\r\n</div>','You are receiving this email because you have a subscription for update notifications in <%$category%> category.\r\nThe following submission has been approved.\r\nResource ID  : <%$link_id%>\r\nTitle        : <%$title%>\r\nUrl          : <%$url%>\r\nDescription  : <%$description%>\r\nCategory     : <%$category%>\r\nContact name : <%$contact_name%>\r\nRegards,\r\n<%$site_name%> Team\r\n'),(9,'bad_link_editor','Broken link report','<div style=\"font-family:arial;font-size:12px;\">\r\nThere\'s a new bad link report submission to <b><%$site_name%></b>.\r\n<p>\r\n<table cellspacing=0 cellpadding=0>\r\n<tr><td style=\"width:100px;\">Title</td><td style=\"width:10px;\">:</td><td ><%$title%></td></tr>\r\n<tr><td style=\"width:100px;\">Url</td><td style=\"width:10px;\">:</td><td ><%$url%></td></tr>\r\n<tr><td style=\"width:100px;\">Description</td><td style=\"width:10px;\">:</td><td ><%$description%></td></tr>\r\n<tr><td style=\"width:100px;\">Category</td><td style=\"width:10px;\">:</td><td ><%$category%></td></tr>\r\n<tr><td style=\"width:100px;\">Name</td><td style=\"width:10px;\">:</td><td ><%$r_name%></td></tr>\r\n<tr><td style=\"width:100px;\">Email</td><td style=\"width:10px;\">:</td><td ><%$email%></td></tr>\r\n<tr><td style=\"width:100px;\">Error type</td><td style=\"width:10px;\">:</td><td ><%$type_val%></td></tr>\r\n</table>\r\n<p>\r\nThis report has been added in your administrator area.<br>\r\nPlease review this report here:<br>\r\n<a href=\"<%$site_url%>/admin/link_bad.php\"><%$site_url%>/admin/link_bad.php</a>\r\n<p>\r\n<p>\r\nRegards,\r\n<p>\r\n<b><%$site_name%></b> Team\r\n</div>','There\'s a new bad link report submission to <%$site_name%>.\r\nTitle       : <%$title%>\r\nUrl         : <%$url%>\r\nDescription : <%$description%>\r\nCategory    : <%$category%>\r\nName        : <%$r_name%>\r\nEmail       : <%$r_email%>\r\nError type  : <%$type_val%>\r\nThis report has been added in your administrator area.\r\nPlease review this report here:\r\n<%$site_url%>/admin/link_bad.php\r\nRegards,\r\n<%$site_name%> Team\r\n'),(10,'become_editor_approved','Editor Approved.','<div style=\"font-family:arial;font-size:12px;\">\r\nYour request to become an editor at <b><%$site_name%></b> has been approved.\r\n<p>\r\n<table cellspacing=0 cellpadding=0>\r\n<tr><td style=\"width:100px;\">Username</td><td style=\"width:10px;\">:</td><td ><%$username%></td></tr>\r\n<tr><td style=\"width:100px;\">Name </td><td style=\"width:10px;\">:</td><td ><%$name%></td></tr>\r\n<tr><td style=\"width:100px;\">Email</td><td style=\"width:10px;\">:</td><td ><%$email%></td></tr>\r\n<tr><td style=\"width:100px;\">Category </td><td style=\"width:10px;\">:</td><td ><%$category%></td></tr>\r\n</table>\r\n<p>\r\n<p>\r\nRegards,\r\n<p>\r\n<b><%$site_name%></b> Team\r\n</div>','Your request to become an editor at <%$site_name%> has been approved.\r\nUsername  : <%$username%>\r\nName      : <%$name%>\r\nEmail     : <%$email%>\r\nCategory  : <%$category%>\r\nRegards,\r\n<%$site_name%> Team\r\n'),(11,'become_editor_pending','Request to become an editor','<div style=\"font-family:arial;font-size:12px;\">\r\nThank you for your request to become an editor at <b><%$site_name%></b>.\r\n<p>\r\n<table cellspacing=0 cellpadding=0>\r\n<tr><td style=\"width:100px;\">Username</td><td style=\"width:10px;\">:</td><td ><%$username%></td></tr>\r\n<tr><td style=\"width:100px;\">Name </td><td style=\"width:10px;\">:</td><td ><%$name%></td></tr>\r\n<tr><td style=\"width:100px;\">Email</td><td style=\"width:10px;\">:</td><td ><%$email%></td></tr>\r\n<tr><td style=\"width:100px;\">Category </td><td style=\"width:10px;\">:</td><td ><%$category%></td></tr>\r\n</table>\r\n<p>\r\nYour request will be processed soon.\r\n<p>\r\n<p>\r\nRegards,\r\n<p>\r\n<b><%$site_name%></b> Team\r\n</div>','Thank you for your request to become an editor at <%$site_name%>.\r\nUsername  : <%$username%>\r\nName      : <%$name%>\r\nEmail     : <%$email%>\r\nCategory  : <%$category%>\r\nYour request will be processed soon.\r\nRegards,\r\n<%$site_name%> Team\r\n'),(12,'become_editor_pending_admin','Request to become an editor','<div style=\"font-family:arial;font-size:12px;\">\r\nThere\'s a new request to become an editor at <b><%$site_name%></b>.\r\n<p>\r\n<table cellspacing=0 cellpadding=0>\r\n<tr><td style=\"width:100px;\">Username</td><td style=\"width:10px;\">:</td><td ><%$username%></td></tr>\r\n<tr><td style=\"width:100px;\">Name </td><td style=\"width:10px;\">:</td><td ><%$name%></td></tr>\r\n<tr><td style=\"width:100px;\">Email</td><td style=\"width:10px;\">:</td><td ><%$email%></td></tr>\r\n<tr><td style=\"width:100px;\">Category </td><td style=\"width:10px;\">:</td><td ><%$category%></td></tr>\r\n</table>\r\n<p>\r\nPlease review editor request here:\r\n  <label style=\"margin-left:10px;\"><a href=\"<%$site_url%>/admin/index.php\"><%$site_url%>/admin/index.php</a></label>\r\n<p>\r\n<p>\r\nRegards,\r\n<p>\r\n<b><%$site_name%></b> Team\r\n</div>','There\'s a new request to become an editor at <%$site_name%>.\r\nUsername  : <%$username%>\r\nName      : <%$name%>\r\nEmail     : <%$email%>\r\nCategory  : <%$category%>\r\nPlease review editor requests here:\r\n<%$site_url%>/admin/index.php\r\nRegards,\r\n<%$site_name%> Team\r\n'),(13,'become_editor_rejected','Editor Rejected.','<div style=\"font-family:arial;font-size:12px;\">\r\nYour request to become an editor at <b><%$site_name%></b> has been rejected.\r\n<p>\r\n<table cellspacing=0 cellpadding=0>\r\n<tr><td style=\"width:100px;\">Username</td><td style=\"width:10px;\">:</td><td ><%$username%></td></tr>\r\n<tr><td style=\"width:100px;\">Name </td><td style=\"width:10px;\">:</td><td ><%$name%></td></tr>\r\n<tr><td style=\"width:100px;\">Email</td><td style=\"width:10px;\">:</td><td ><%$email%></td></tr>\r\n<tr><td style=\"width:100px;\">Category </td><td style=\"width:10px;\">:</td><td ><%$category%></td></tr>\r\n</table>\r\n<p>\r\n<p>\r\nRegards,\r\n<p>\r\n<b><%$site_name%></b> Team\r\n</div>','Your request to become an editor at <%$site_name%> has been rejected.\r\nUsername  : <%$username%>\r\nName      : <%$name%>\r\nEmail     : <%$email%>\r\nCategory  : <%$category%>\r\nRegards,\r\n<%$site_name%> Team\r\n'),(14,'inv_ask_payment','<%$company%>, Invoice #<%$invoice_id%>','<div style=\"font-family:arial;font-size:12px;\">\r\nAn invoice has been created, and is available for viewing at the following URL:<br>\r\n<label><a href=\"<%$site_url%>/invoice.php?id=<%$invoice_id%>\"><%$site_url%>/invoice.php?id=<%$invoice_id%></a></label>\r\n<p>\r\nIf you should have any questions, please do not hesitate to contact us.<br>\r\nThank you for your business.\r\n<p>\r\n<p>\r\nRegards,\r\n<p>\r\n<b><%$site_name%></b> Team\r\n</div>','An invoice has been created, and is available for viewing at the following URL:\r\n<%$site_url%>/invoice.php?id=<%$invoice_id%>\r\nIf you should have any questions, please do not hesitate to contact us.\r\nThank you for your business.\r\nRegards,\r\n<%$site_name%> Team\r\n'),(15,'mailing_list_sub','Mailing list subscription','<div style=\"font-family:arial;font-size:12px;\">\r\nThank you. Your email address, <b><%$email%></b> has been added to our mailing list.\r\n<p>\r\n<p>\r\nRegards,\r\n<p>\r\n<%$site_name%> Team\r\n</div>','Thank you. Your email address, <%$email%> has been added to our mailing list.\r\nRegards,\r\n<%$site_name%> Team\r\n'),(16,'mailing_list_sub_confirm','Mailing list validation code','<div style=\"font-family:arial;font-size:12px;\">\r\nWe received your subscription request onto our mailing list.<br>\r\nPlease confirm your subscription here:<br>\r\n<label style=\"margin-left:50px;\"><a href=\"<%$confirm_url%>\"><%$confirm_url%></a></label>\r\n<p>\r\n<p>\r\nRegards,\r\n<p>\r\n<b><%$site_name%></b> Team\r\n</div>','We received your subscription request onto our mailing list.\r\nPlease confirm your subscription here:\r\n<%$confirm_url%>\r\nRegards,\r\n<%$site_name%> Team\r\n'),(17,'modify_ok','Resource Modified','<div style=\"font-family:arial;font-size:12px;\">\r\nThank you for your submission to <b><%$site_name%></b>.\r\n<table cellspacing=0 cellpadding=0>\r\n<tr><td style=\"width:100px;\">Title</td><td style=\"width:10px;\">:</td><td ><%$title%></td></tr>\r\n<tr><td style=\"width:100px;\">Url</td><td style=\"width:10px;\">:</td><td ><%$url%></td></tr>\r\n<tr><td style=\"width:100px;\">Description</td><td style=\"width:10px;\">:</td><td ><%$description%></td></tr>\r\n<tr><td style=\"width:100px;\">Category</td><td style=\"width:10px;\">:</td><td ><%$category%></td></tr>\r\n<tr><td style=\"width:100px;\">Contact name</td><td style=\"width:10px;\">:</td><td ><%$contact_name%></td></tr>\r\n<tr><td style=\"width:100px;\">Email/td><td style=\"width:10px;\">:</td><td ><%$email%></td></tr>\r\n</table>\r\n<p>\r\nYour link has been changed.\r\n<p>\r\n<p>\r\nRegards,\r\n<p>\r\n<b><%$site_name%></b> Team\r\n</div>','Thank you for your submission to <%$site_name%>.\r\nTitle        : <%$title%>\r\nUrl          : <%$url%>\r\nDescription  : <%$description%>\r\nCategory     : <%$category%>\r\nContact name : <%$contact_name%>\r\nEmail        : <%$email%>\r\nYour link has been changed.\r\nRegards,\r\n<%$site_name%> Team\r\n'),(18,'modify_ok_editor','Resource Modified','<div style=\"font-family:arial;font-size:12px;\">\r\nThere\'s a new submission to <%$site_name%>.\r\nTitle        : <%$title%>\r\nUrl          : <%$url%>\r\nDescription  : <%$description%>\r\nCategory     : <%$category%>\r\nContact name : <%$contact_name%>\r\nEmail        : <%$email%>\r\nThe category permissions allow webmasters to add/modify links without approval.\r\nThe link has been modified.\r\n<p>\r\n<p>\r\nRegards,\r\n<p>\r\n<b><%$site_name%></b> Team\r\n</div>','There\'s a new submission to <%$site_name%>.\r\nTitle        : <%$title%>\r\nUrl          : <%$url%>\r\nDescription  : <%$description%>\r\nCategory     : <%$category%>\r\nContact name : <%$contact_name%>\r\nEmail        : <%$email%>\r\nThe category permissions allow webmasters to add/modify links without approval.\r\nThe link has been modified.\r\nRegards,\r\n<%$site_name%> Team\r\n'),(19,'modify_ok_subscriber','Resource Modified','<div style=\"font-family:arial;font-size:12px;\">\r\nYou are receiving this email because you have a subscription for update notifications in <b><%$category%></b> category.\r\n<p>\r\nThere\'s a new submission to <b><%$site_name%></b>.\r\n<p>\r\n<table cellspacing=0 cellpadding=0>\r\n<tr><td style=\"width:100px;\">Title</td><td style=\"width:10px;\">:</td><td ><%$title%></td></tr>\r\n<tr><td style=\"width:100px;\">Url</td><td style=\"width:10px;\">:</td><td ><%$url%></td></tr>\r\n<tr><td style=\"width:100px;\">Description</td><td style=\"width:10px;\">:</td><td ><%$description%></td></tr>\r\n<tr><td style=\"width:100px;\">Category</td><td style=\"width:10px;\">:</td><td ><%$category%></td></tr>\r\n<tr><td style=\"width:100px;\">Contact name</td><td style=\"width:10px;\">:</td><td ><%$contact_name%></td></tr>\r\n</table>\r\n<p>\r\n<p>\r\nRegards,\r\n<p>\r\n<b><%$site_name%></b> Team\r\n</div>','You are receiving this email because you have a subscription for update notifications in <%$category%> category.\r\nThere\'s a new submission to <%$site_name%>.\r\nTitle        : <%$title%>\r\nUrl          : <%$url%>\r\nDescription  : <%$description%>\r\nCategory     : <%$category%>\r\nContact name : <%$contact_name%>\r\nRegards,\r\n<%$site_name%> Team\r\n'),(20,'modify_pending','Resource Modified','<div style=\"font-family:arial;font-size:12px;\">\r\nThank you for your submission to <b><%$site_name%><b>.\r\n<p>\r\n<table cellspacing=0 cellpadding=0>\r\n<tr><td style=\"width:100px;\">Title</td><td style=\"width:10px;\">:</td><td ><%$title%></td></tr>\r\n<tr><td style=\"width:100px;\">Url</td><td style=\"width:10px;\">:</td><td ><%$url%></td></tr>\r\n<tr><td style=\"width:100px;\">Description</td><td style=\"width:10px;\">:</td><td ><%$description%></td></tr>\r\n<tr><td style=\"width:100px;\">Category</td><td style=\"width:10px;\">:</td><td ><%$category%></td></tr>\r\n<tr><td style=\"width:100px;\">Contact name</td><td style=\"width:10px;\">:</td><td ><%$contact_name%></td></tr>\r\n<tr><td style=\"width:100px;\">Email</td><td style=\"width:10px;\">:</td><td ><%$email%></td></tr>\r\n</table>\r\n<p>\r\nYour link will be reviewed by our team. We will contact you as soon <br>\r\nas we have reviewed your link.\r\n<p>\r\n<p>\r\nRegards,\r\n<p>\r\n<b><%$site_name%></b> Team\r\n</div>','Thank you for your submission to <%$site_name%>.\r\nTitle        : <%$title%>\r\nUrl          : <%$url%>\r\nDescription  : <%$description%>\r\nCategory     : <%$category%>\r\nContact name : <%$contact_name%>\r\nEmail        : <%$email%>\r\nYour link will be reviewed by our team. We will contact you as soon \r\nas we have reviewed your link.\r\nRegards,\r\n<%$site_name%> Team\r\n'),(21,'modify_pending_editor','Resource Modified','<div style=\"font-family:arial;font-size:12px;\">\r\nThere\'s a new submission to <b><%$site_name%></b>.\r\n<p>\r\n<table cellspacing=0 cellpadding=0>\r\n<tr><td style=\"width:100px;\">Title</td><td style=\"width:10px;\">:</td><td ><%$title%></td></tr>\r\n<tr><td style=\"width:100px;\">Url</td><td style=\"width:10px;\">:</td><td ><%$url%></td></tr>\r\n<tr><td style=\"width:100px;\">Description</td><td style=\"width:10px;\">:</td><td ><%$description%></td></tr>\r\n<tr><td style=\"width:100px;\">Category</td><td style=\"width:10px;\">:</td><td ><%$category%></td></tr>\r\n<tr><td style=\"width:100px;\">Contact name</td><td style=\"width:10px;\">:</td><td ><%$contact_name%></td></tr>\r\n<tr><td style=\"width:100px;\">Email</td><td style=\"width:10px;\">:</td><td ><%$email%></td></tr>\r\n</table>\r\n<p>\r\n<p>\r\nYou need to review this link here:<br>\r\n<label style=\"margin-left:10px;\"><a href=\"<%$site_url%>/cp/editor_link_validate.php\"><%$site_url%>/cp/editor_link_validate.php</a></label>\r\n<p>\r\n<p>\r\nRegards,\r\n<p>\r\n<b><%$site_name%></b> Team\r\n</div>\r\n','There\'s a new submission to <%$site_name%>.\r\nTitle        : <%$title%>\r\nUrl          : <%$url%>\r\nDescription  : <%$description%>\r\nCategory     : <%$category%>\r\nContact name : <%$contact_name%>\r\nEmail        : <%$email%>\r\nYou need to review this link here:\r\n<%$site_url%>/cp/editor_link_validate.php\r\nRegards,\r\n<%$site_name%> Team\r\n'),(22,'register_confirm','Registration','<div style=\"font-family:arial;font-size:12px;\">\r\nThanks for joining <b><%$site_name%><b>.\r\n<p>\r\n<table cellspacing=0 cellpadding=0>\r\n<tr><td style=\"width:100px;\">Username</td><td style=\"width:10px;\">:</td><td ><%$username%></td></tr>\r\n<tr><td style=\"width:100px;\">Password</td><td style=\"width:10px;\">:</td><td ><%$password%></td></tr>\r\n</table>\r\n<p>\r\n<p>\r\nPlease confirm your registration here:<br>\r\n<label style=\"margin-left:10px;\"><A href=\"<%$site_url%>/register.php?u=<%$username%>&v=<%$vcode%>&pflag=cf\"><%$site_url%>/register.php?u=<%$username%>&v=<%$vcode%>&pflag=cf</a></label>\r\n<p>\r\n<p>\r\nSincerely,\r\n<p>\r\n<b><%$site_name%></b> Team\r\n</div>','Thanks for joining <%$site_name%>.\r\nUsername : <%$username%>\r\nPassword : <%$password%>\r\nPlease confirm your registration here:\r\n<%$site_url%>/register.php?u=<%$username%>&v=<%$vcode%>&pflag=cf\r\nSincerely,\r\n<%$site_name%> Team\r\n'),(23,'register_ok','Registration','<div style=\"font-family:arial;font-size:12px;\">\r\nThanks for joining <b><%$site_name%></b>.\r\n<p>\r\n<table cellspacing=0 cellpadding=0>\r\n<tr><td style=\"width:100px;\">Username</td><td style=\"width:10px;\">:</td><td ><%$username%></td></tr>\r\n<tr><td style=\"width:100px;\">Password</td><td style=\"width:10px;\">:</td><td ><%$password%></td></tr>\r\n</table>\r\n<p>\r\nSincerely,\r\n<p>\r\n<p>\r\n<b><%$site_name%></b> Team\r\n</div>','Thanks for joining <%$site_name%>.\r\nUsername : <%$username%>\r\nPassword : <%$password%>\r\nSincerely,\r\n<%$site_name%> Team\r\n'),(24,'rejected','Your submission has been rejected','<div style=\"font-family:arial;font-size:12px;\">\r\nYour submission has been rejected.<br>\r\nThis may be caused by one of the following reason:\r\n<p>\r\n<ul>\r\n<li>adult material</li>\r\n<li>the site is under construction</li>\r\n<li>the topic is not related with our directory</li>\r\n</ul>\r\n</p>\r\n<table cellspacing=0 cellpadding=0>\r\n<tr><td style=\"width:100px;\">Title</td><td style=\"width:10px;\">:</td><td ><%$title%></td></tr>\r\n<tr><td style=\"width:100px;\">Url</td><td style=\"width:10px;\">:</td><td ><%$url%></td></tr>\r\n<tr><td style=\"width:100px;\">Description</td><td style=\"width:10px;\">:</td><td ><%$description%></td></tr>\r\n<tr><td style=\"width:100px;\">Category</td><td style=\"width:10px;\">:</td><td ><%$category%></td></tr>\r\n<tr><td style=\"width:100px;\">Contact name</td><td style=\"width:10px;\">:</td><td ><%$contact_name%></td></tr>\r\n<tr><td style=\"width:100px;\">Email/td><td style=\"width:10px;\">:</td><td ><%$email%></td></tr>\r\n</table>\r\n<p>\r\n<p>\r\nRegards,\r\n<p>\r\n<b><%$site_name%></b> Team\r\n</div>','Your submission has been rejected.\r\nThis may caused by one of the following reasons:\r\n- adult material\r\n- the site is under construction\r\n- the topic is not related with our directory\r\nTitle        : <%$title%>\r\nUrl          : <%$url%>\r\nDescription  : <%$description%>\r\nCategory     : <%$category%>\r\nContact name : <%$contact_name%>\r\nEmail        : <%$email%>\r\nRegards,\r\n<%$site_name%> Team\r\n'),(25,'rejected_editor','Link rejected','<div style=\"font-family:arial;font-size:12px;\">\r\nThe following submission has been rejected.\r\n<p>\r\n<table cellspacing=0 cellpadding=0>\r\n<tr><td style=\"width:100px;\">Title</td><td style=\"width:10px;\">:</td><td ><%$title%></td></tr>\r\n<tr><td style=\"width:100px;\">Url</td><td style=\"width:10px;\">:</td><td ><%$url%></td></tr>\r\n<tr><td style=\"width:100px;\">Description</td><td style=\"width:10px;\">:</td><td ><%$description%></td></tr>\r\n<tr><td style=\"width:100px;\">Category</td><td style=\"width:10px;\">:</td><td ><%$category%></td></tr>\r\n<tr><td style=\"width:100px;\">Contact name</td><td style=\"width:10px;\">:</td><td ><%$contact_name%></td></tr>\r\n<tr><td style=\"width:100px;\">Email</td><td style=\"width:10px;\">:</td><td ><%$email%></td></tr>\r\n</table>\r\n<p>\r\n<p>\r\nRegards,\r\n<p>\r\n<b><%$site_name%></b> Team\r\n</div>\r\n','The following submission has been rejected.\r\nTitle        : <%$title%>\r\nUrl          : <%$url%>\r\nDescription  : <%$description%>\r\nCategory     : <%$category%>\r\nContact name : <%$contact_name%>\r\nEmail        : <%$email%>\r\nRegards,\r\n<%$site_name%> Team\r\n'),(26,'review_pending_editor','Pending Review','<div style=\"font-family:arial;font-size:12px;\">\r\nThere\'s a new review to <b><%$site_name%></b>.\r\n<p>\r\n<table cellspacing=0 cellpadding=0>\r\n<tr><td style=\"width:100px;\">Title</td><td style=\"width:10px;\">:</td><td ><%$title%></td></tr>\r\n<tr><td style=\"width:100px;\">Url</td><td style=\"width:10px;\">:</td><td ><%$url%></td></tr>\r\n<tr><td style=\"width:100px;\">Description</td><td style=\"width:10px;\">:</td><td ><%$description%></td></tr>\r\n<tr><td style=\"width:100px;\">Category</td><td style=\"width:10px;\">:</td><td ><%$category%></td></tr>\r\n</table>\r\n<p>\r\n<table cellspacing=0 cellpadding=0>\r\n<tr><td style=\"width:100px;\">Username</td><td style=\"width:10px;\">:</td><td ><%$username%></td></tr>\r\n<tr><td style=\"width:100px;\">Subject</td><td style=\"width:10px;\">:</td><td ><%$rev_subject%></td></tr>\r\n<tr><td style=\"width:100px;\">Rating</td><td style=\"width:10px;\">:</td><td ><%$rev_rating%></td></tr>\r\n<tr><td style=\"width:100px;\">Review</td><td style=\"width:10px;\">:</td><td ><%$rev_review%></td></tr>\r\n</table>\r\n<p>\r\n<p>\r\nPlease review it here:<br>\r\n<label style=\"margin-left:10px;\"><a href=\"<%$site_url%>/cp/\"><%$site_url%>/cp/</a></label>\r\n<p>\r\n<p>\r\nRegards,\r\n<p>\r\n<b><%$site_name%></b> Team\r\n</div>\r\n','There\'s new review to <%$site_name%>.\r\nTitle       : <%$title%>\r\nUrl         : <%$url%>\r\nDescription : <%$description%>\r\nCategory    : <%$category%>\r\nUsername    : <%$username%>\r\nSubject     : <%$rev_subject%>\r\nRating      : <%$rev_rating%>\r\nReview      : <%$rev_review%>\r\nPlease review it here:\r\n<%$site_url%>/cp/\r\nRegards,\r\n<%$site_name%> Team\r\n'),(27,'send_pwd_link','Your resource password','<div style=\"font-family:arial;font-size:12px;\">\r\nHere is your password for <b><%$title%></b> (<a href=\"<%$url%>\"><%$url%></a>)\r\n<p>\r\nPassword : <%$password%>\r\n<p>\r\n<p>\r\nRegards,\r\n<p>\r\n<b><%$site_name%></b> Team\r\n</div>','Here is your password for <%$title%> (<%$url%>)\r\nPassword : <%$password%>\r\nRegards,\r\n<%$site_name%> Team\r\n'),(28,'send_pwd_login','Your login password','<div style=\"font-family:arial;font-size:12px;\">\r\nHere is your username and password:\r\n<p>\r\n<table cellspacing=0 cellpadding=0>\r\n<tr><td style=\"width:100px;\">Username</td><td style=\"width:10px;\">:</td><td ><%$username%></td></tr>\r\n<tr><td style=\"width:100px;\">Password</td><td style=\"width:10px;\">:</td><td ><%$password%></td></tr>\r\n</table>\r\n<p>\r\n<p>\r\nRegards,\r\n<p>\r\n<b><%$site_name%></b> Team\r\n</div>','Here is your username and password:\r\nUsername : <%$username%>\r\nPassword : <%$password%>\r\nRegards,\r\n<%$site_name%> Team\r\n'),(29,'send_pwd_reset','Password reset request','<div style=\"font-family:arial;font-size:12px;\">\r\nWe received a request to reset your password.<br>\r\nPlease visit this URL to proceed:<br>\r\n<label style=\"margin-left:10px;\"><a href=\"<%$site_url%>/reset_pwd.php?u=<%$username%>&hash=<%$hash%>\"><%$site_url%>/reset_pwd.php?u=<%$username%>&hash=<%$hash%></a></label>\r\n<p>\r\n<p>\r\nRegards,\r\n<p>\r\n<b><%$site_name%></b> Team\r\n</div>','We received a request to reset your password.\r\nPlease visit this URL to proceed:\r\n<%$site_url%>/reset_pwd.php?u=<%$username%>&hash=<%$hash%>\r\nRegards,\r\n<%$site_name%> Team\r\n'),(30,'suggest_category','Category suggestion','<div style=\"font-family:arial;font-size:12px;\">\r\nCategory suggestion for <b><%$site_name%></b>.\r\n<p>\r\nParent               : <%$parent%>\r\nCategory Name        : <%$cat_name%>\r\nCategory Description : <%$cat_desc%>\r\n<p>\r\n<p>\r\nRegards,\r\n<p>\r\n<b><%$site_name%></b> Team\r\n</div>','Category suggestion for <%$site_name%>.\r\nParent               : <%$parent%>\r\nCategory Name        : <%$cat_name%>\r\nCategory Description : <%$cat_desc%>\r\nRegards,\r\n<%$site_name%> Team\r\n'),(31,'tell_friend_favorite','Your friend has shared his/her favorite listing','<div style=\"font-family:arial;font-size:12px;\">\r\nHi <%$friend_name%>,\r\n<p>\r\nI\'d like to share my favorite listing at <b><%$site_name%></b> (<a href=\"<%$site_url%>\"><%$site_url%></a>).<br>\r\nI hope you like them and find them useful.\r\n<p>\r\n<p>\r\n<%$fav_item%>\r\n<p>\r\n<p>\r\nSincerely,\r\n<p>\r\n<p>\r\n<%$my_name%> <<%$my_email%>>\r\n</div>','Hi <%$friend_name%>,\r\nI\'d like to share my favorite listings at <%$site_name%> (<%$site_url%>).\r\nI hope you like them and find them useful.\r\n<%$fav_item%>\r\nSincerely,\r\n<%$my_name%> <<%$my_email%>>\r\n'),(32,'tell_friend_favorite_rows',NULL,'<div style=\"font-family:arial;font-size:12px;\">\r\n<table cellspacing=0 cellpadding=0>\r\n<tr><td style=\"width:100px;\">Title</td><td style=\"width:10px;\">:</td><td ><%$title%></td></tr>\r\n<tr><td style=\"width:100px;\">Url</td><td style=\"width:10px;\">:</td><td ><%$url%></td></tr>\r\n<tr><td style=\"width:100px;\">Description</td><td style=\"width:10px;\">:</td><td ><%$description%></td></tr>\r\n</table>\r\n</div>\r\n','Title       : <%$title%>\r\nUrl         : <%$url%>\r\nDescription : <%$description%>\r\n'),(33,'tell_friend_link','Your friend recommended a link','<div style=\"font-family:arial;font-size:12px;\">\r\nHi <b><%$friend_name%></b>,\r\n<p>\r\nI found a good website that you may find interesting.\r\n<p>\r\n<div>\r\n<label style=\"float:left;width:100px;\">Website</label><label style=\"float:left;\"> : <b><%$title%></b></label>\r\n</div>\r\n<div style=\"clear:both;\">\r\n<label style=\"clear:both;float:left;width:100px;\">Url </label><label style=\"float:left;\"> : <a href=\"<%$url%>\"><%$url%></a></label>\r\n</div>\r\n<p style=\"clear:both;\">\r\nI found this website from <%$site_name%> (<a href=\"<%$site_url%>\"><%$site_url%></a>).\r\n<p>\r\n<p>\r\nSincerely,\r\n<p>\r\n<%$my_name%> <<%$my_email%>>\r\n</div>\r\n','Hi <%$friend_name%>,\r\nI found a good website that you may find interesting.\r\nWebsite : <%$title%>\r\nUrl     : <%$url%>\r\nI found this website from <%$site_name%> (<%$site_url%>).\r\nSincerely,\r\n<%$my_name%> <<%$my_email%>>\r\n'),(34,'tell_friend_website','hi <%$friend_name%>, I found a good website that you may find interesting','<div style=\"font-family:arial;font-size:12px;\">\r\nHi <b><%$friend_name%></b>,\r\n<p>\r\nI found good website that you may find interesting. The website is <b><%$site_name%></b> (<a href=\"<%$site_url%>\"><%$site_url%></a>).\r\n<p>\r\n<p>\r\nSincerely,\r\n<p>\r\n<%$my_name%> <<%$my_email%>>\r\n</div>','Hi <%$friend_name%>,\r\nI found a good website that you may find interesting. The website is <%$site_name%> (<%$site_url%>).\r\nSincerely,\r\n<%$my_name%> <<%$my_email%>>\r\n'),(35,'send_activation_link','Your activation link','<div style=\"font-family:arial;font-size:12px;\">\r\nHere is your activation link\r\n<p>\r\nActivation Link  : <A href=\"<%$activation_link%>\"><%$activation_link%></a>\r\n<p>\r\n<p>\r\nRegards,\r\n<p>\r\n<b><%$site_name%></b> Team\r\n</div>','Here is your activation link\r\nActivation Link  : <%$activation_link%>\r\nRegards,\r\n<%$site_name%> Team\r\n'),(36,'send_activated_account','Your account had been activated','<div style=\"font-family:arial;font-size:12px;\">\r\nYour account had been activated. Now you can login.\r\n<p>\r\nRegards,\r\n<p>\r\n<b><%$site_name%></b> Team\r\n</div>','Your account had been activated. Now you can login.\r\n\r\nRegards,\r\n<%$site_name%> Team\r\n');

--
-- Table structure for table `idx_favorites`
--

CREATE TABLE `idx_favorites` (
  `favorite_id` int(11) NOT NULL auto_increment,
  `username` varchar(20) default NULL,
  `date` date default NULL,
  `title` varchar(100) default NULL,
  `description` text,
  PRIMARY KEY  (`favorite_id`)
) ENGINE=MyISAM AUTO_INCREMENT=6 DEFAULT CHARSET=latin1;

--
-- Dumping data for table `idx_favorites`
--

INSERT INTO `idx_favorites` VALUES (3,'connieallisen','2012-03-09','My Favorites',NULL),(4,'aangeliascott','2012-03-13','',NULL),(5,'1simonpeterson1','2012-03-13','',NULL);

--
-- Table structure for table `idx_favorites_detail`
--

CREATE TABLE `idx_favorites_detail` (
  `favorite_id` int(11) default NULL,
  `link_id` mediumint(9) default NULL
) ENGINE=MyISAM DEFAULT CHARSET=latin1;

--
-- Dumping data for table `idx_favorites_detail`
--


--
-- Table structure for table `idx_hook_place`
--

CREATE TABLE `idx_hook_place` (
  `hook_place_id` int(11) NOT NULL auto_increment,
  `filename` varchar(255) default NULL,
  `hookname` varchar(255) default NULL,
  PRIMARY KEY  (`hook_place_id`)
) ENGINE=MyISAM DEFAULT CHARSET=latin1;

--
-- Dumping data for table `idx_hook_place`
--


--
-- Table structure for table `idx_invoice`
--

CREATE TABLE `idx_invoice` (
  `invoice_id` varchar(10) NOT NULL default '',
  `invoice_date` date default NULL,
  `due_date` date default NULL,
  `invoiced_to` text,
  `service` varchar(255) default NULL,
  `description` text,
  `total` double(8,2) default NULL,
  `comment` text,
  `paid` char(1) default NULL,
  `paid_date` date default NULL,
  `email` varchar(255) default NULL,
  PRIMARY KEY  (`invoice_id`)
) ENGINE=MyISAM DEFAULT CHARSET=latin1;

--
-- Dumping data for table `idx_invoice`
--


--
-- Table structure for table `idx_invoice_config`
--

CREATE TABLE `idx_invoice_config` (
  `company` varchar(255) default NULL,
  `contact` varchar(255) default NULL,
  `address` text,
  `phone` varchar(255) default NULL,
  `email` varchar(255) default NULL,
  `currency_symbol` varchar(255) default '$',
  `currency_code` varchar(255) default 'USD'
) ENGINE=MyISAM DEFAULT CHARSET=latin1;

--
-- Dumping data for table `idx_invoice_config`
--

INSERT INTO `idx_invoice_config` VALUES ('Your website / Company','Billing Department','Your address','Your phone #','Billing<name@yourdomain.com>','$','USD');

--
-- Table structure for table `idx_link`
--

CREATE TABLE `idx_link` (
  `link_id` mediumint(9) unsigned NOT NULL auto_increment,
  `category_id` mediumint(9) unsigned NOT NULL default '0',
  `title` varchar(100) NOT NULL default '',
  `url` text NOT NULL,
  `description` text NOT NULL,
  `contact_name` varchar(100) NOT NULL default '',
  `email` varchar(100) NOT NULL default '',
  `hits` mediumint(9) NOT NULL default '0',
  `votes` smallint(6) NOT NULL default '0',
  `rating` float(4,2) NOT NULL default '0.00',
  `date` datetime NOT NULL default '0000-00-00 00:00:00',
  `bid` smallint(6) NOT NULL default '0',
  `new` char(1) default NULL,
  `hot` char(1) default NULL,
  `top_rated` char(1) default NULL,
  `pick` char(1) default NULL,
  `password` varchar(20) default NULL,
  `updated` char(1) default NULL,
  `reviews` smallint(6) default NULL,
  `avg_review` float(4,2) default NULL,
  `last_updated` datetime default NULL,
  `official_review` text,
  `keywords` varchar(255) default NULL,
  `cat1` mediumint(6) NOT NULL default '0',
  `cat2` mediumint(6) NOT NULL default '0',
  `suspended` char(1) NOT NULL default '0',
  `reciprocal_url` varchar(255) default NULL,
  `address` varchar(255) default NULL,
  `city` varchar(255) default NULL,
  `state` varchar(255) default NULL,
  `country` varchar(255) default NULL,
  `zip` varchar(255) default NULL,
  `image` varchar(255) default NULL,
  `phone` varchar(255) default NULL,
  `fax` varchar(255) default NULL,
  PRIMARY KEY  (`link_id`)
) ENGINE=MyISAM DEFAULT CHARSET=latin1;

--
-- Dumping data for table `idx_link`
--


--
-- Table structure for table `idx_link_temp`
--

CREATE TABLE `idx_link_temp` (
  `vid` mediumint(9) unsigned NOT NULL auto_increment,
  `spam` char(1) NOT NULL default '0',
  `link_id` mediumint(9) default NULL,
  `category_id` mediumint(9) unsigned NOT NULL default '0',
  `title` varchar(100) NOT NULL default '',
  `url` text NOT NULL,
  `description` text NOT NULL,
  `contact_name` varchar(100) NOT NULL default '',
  `email` varchar(100) NOT NULL default '',
  `hits` mediumint(9) default NULL,
  `votes` smallint(6) default NULL,
  `rating` float(4,2) default NULL,
  `date` datetime NOT NULL default '0000-00-00 00:00:00',
  `bid` smallint(6) NOT NULL default '0',
  `new` char(1) default NULL,
  `hot` char(1) default NULL,
  `top_rated` char(1) default NULL,
  `pick` char(1) default NULL,
  `password` varchar(20) default NULL,
  `updated` char(1) default NULL,
  `reviews` smallint(6) default NULL,
  `avg_review` float(4,2) default NULL,
  `last_updated` datetime default NULL,
  `official_review` text,
  `keywords` varchar(255) default NULL,
  `cat1` mediumint(6) NOT NULL default '0',
  `cat2` mediumint(6) NOT NULL default '0',
  `suspended` char(1) NOT NULL default '0',
  `reciprocal_url` varchar(255) default NULL,
  `address` varchar(255) default NULL,
  `city` varchar(255) default NULL,
  `state` varchar(255) default NULL,
  `country` varchar(255) default NULL,
  `zip` varchar(255) default NULL,
  `image` varchar(255) default NULL,
  `phone` varchar(255) default NULL,
  `fax` varchar(255) default NULL,
  PRIMARY KEY  (`vid`)
) ENGINE=MyISAM DEFAULT CHARSET=latin1;

--
-- Dumping data for table `idx_link_temp`
--


--
-- Table structure for table `idx_link_temp_user`
--

CREATE TABLE `idx_link_temp_user` (
  `vid` mediumint(9) unsigned NOT NULL default '0',
  `username` varchar(20) NOT NULL default '',
  PRIMARY KEY  (`vid`)
) ENGINE=MyISAM DEFAULT CHARSET=latin1;

--
-- Dumping data for table `idx_link_temp_user`
--


--
-- Table structure for table `idx_link_user`
--

CREATE TABLE `idx_link_user` (
  `link_id` mediumint(9) unsigned NOT NULL default '0',
  `username` varchar(20) NOT NULL default '',
  PRIMARY KEY  (`link_id`)
) ENGINE=MyISAM DEFAULT CHARSET=latin1;

--
-- Dumping data for table `idx_link_user`
--


--
-- Table structure for table `idx_mailing_list`
--

CREATE TABLE `idx_mailing_list` (
  `email` varchar(50) NOT NULL default '',
  `code` varchar(4) default NULL,
  `status` char(1) default NULL,
  PRIMARY KEY  (`email`)
) ENGINE=MyISAM DEFAULT CHARSET=latin1;

--
-- Dumping data for table `idx_mailing_list`
--


--
-- Table structure for table `idx_message`
--

CREATE TABLE `idx_message` (
  `message_id` smallint(6) NOT NULL auto_increment,
  `date` date default NULL,
  `body` text,
  `subject` varchar(100) default NULL,
  PRIMARY KEY  (`message_id`)
) ENGINE=MyISAM DEFAULT CHARSET=latin1;

--
-- Dumping data for table `idx_message`
--


--
-- Table structure for table `idx_notification`
--

CREATE TABLE `idx_notification` (
  `username` varchar(20) NOT NULL default '',
  `category_id` mediumint(9) NOT NULL default '0'
) ENGINE=MyISAM DEFAULT CHARSET=latin1;

--
-- Dumping data for table `idx_notification`
--


--
-- Table structure for table `idx_pagerank`
--

CREATE TABLE `idx_pagerank` (
  `link_id` mediumint(8) unsigned NOT NULL default '0',
  `engine` char(1) NOT NULL default '',
  `rank` tinyint(4) NOT NULL default '0',
  `last_update` date NOT NULL default '0000-00-00',
  PRIMARY KEY  (`link_id`,`engine`)
) ENGINE=MyISAM DEFAULT CHARSET=latin1;

--
-- Dumping data for table `idx_pagerank`
--


--
-- Table structure for table `idx_paid_listing`
--

CREATE TABLE `idx_paid_listing` (
  `link_id` mediumint(9) unsigned NOT NULL default '0',
  `premium` char(1) default NULL,
  `sponsored` char(1) default NULL,
  `expire` datetime default NULL,
  `paid` char(1) default NULL,
  PRIMARY KEY  (`link_id`)
) ENGINE=MyISAM DEFAULT CHARSET=latin1;

--
-- Dumping data for table `idx_paid_listing`
--


--
-- Table structure for table `idx_payment_gateway`
--

CREATE TABLE `idx_payment_gateway` (
  `payment_gateway_id` int(11) NOT NULL auto_increment,
  `name` varchar(100) default NULL,
  `enable` char(1) default NULL,
  `setting` text,
  `invoice_html` text,
  PRIMARY KEY  (`payment_gateway_id`)
) ENGINE=MyISAM AUTO_INCREMENT=9 DEFAULT CHARSET=latin1;

--
-- Dumping data for table `idx_payment_gateway`
--

INSERT INTO `idx_payment_gateway` VALUES (1,'paypal','1','a:2:{s:13:\"payment_email\";s:0:\"\";s:21:\"enable_paypal_sandbox\";s:1:\"0\";}','<p> \r\n	<a href=\'paynow.php?id={$invoice_id}&m=paypal\'><img src=\'http://www.paypal.com/images/x-click-but02.gif\' border=\'0\' alt=\'Make payments with PayPal - it is fast, free and secure!\' /></a> \r\n</p>\r\n'),(2,'2co','0','a:6:{s:6:\"co_sid\";s:5:\"84932\";s:9:\"co_secret\";s:5:\"tango\";s:12:\"co_recurring\";s:1:\"0\";s:9:\"co_prod_1\";s:6:\"100.00\";s:9:\"co_prod_2\";s:6:\"250.00\";s:9:\"co_prod_3\";s:6:\"400.00\";}','<p>\r\n<a href=\'paynow.php?id={$invoice_id}&m=2co\'><img src=\'http://www.2checkout.com/images/overview/btns/25.jpg\' alt=\'Pay Now with 2checkout...\' border=\'0\' /></a> \r\n</p>'),(3,'authorizenet','0','a:2:{s:21:\"authorizenet_login_id\";s:0:\"\";s:21:\"authorizenet_tran_key\";s:0:\"\";}','<p> \r\n<a href=\'paynow.php?id={$invoice_id}&m=authorizenet\'><img src=\'http://www.authorize.net/upload/images/Images/Header/authorizenet_logo.gif\' alt=\'Pay Now with Authorize.Net...\' width=\'99\' height=\'39\' style=\'{border : 1px solid #c0c0c0;}\' /></a>\r\n</p>'),(4,'egold','0','a:2:{s:19:\"egold_payee_account\";s:0:\"\";s:16:\"egold_payee_name\";s:0:\"\";}','<p> \r\n<a href=\'paynow.php?id={$invoice_id}&m=egold\'>\r\n<img src=\'http://www.e-gold.com/gif/paywith.gif\' border=\'0\' alt=\'Pay Now with e-gold...\' />\r\n</a>\r\n</p>'),(5,'moneybookers','0','a:1:{s:18:\"moneybookers_email\";s:0:\"\";}','<p> \r\n<a href=\'paynow.php?id={$invoice_id}&m=paypal\'><img src=\'http://www.moneybookers.com/images/banners/88_en_mb.gif\' border=\'0\' alt=\'Make payments with Moneybookers - it is fast, free and secure!\' /></a> \r\n</p>'),(6,'paypal-subscriptions','0','a:2:{s:13:\"payment_email\";s:0:\"\";s:21:\"enable_paypal_sandbox\";s:1:\"0\";}','<p> \r\n<a href=\'paynow.php?id={$invoice_id}&m=paypal\'><img src=\'https://www.paypal.com/en_US/i/btn/x-click-but20.gif\' border=\'0\' alt=\'Make payments with PayPal - it is fast, free and secure!\' /></a> \r\n</p>'),(7,'alertpay','0','a:2:{s:14:\"alertpay_email\";s:0:\"\";s:23:\"enable_alertpay_sandbox\";s:1:\"0\";}','<p> \r\n<a href=\'paynow.php?id={$invoice_id}&m=alertpay\'>\r\n<img src=\'https://www.alertpay.com/Images/BuyNow/pay_now_3.gif\' border=\'0\' alt=\'Make payments with PayPal - it is fast, free and secure!\' /></a> \r\n</p>'),(8,'alertpay-subcriptions','0','a:2:{s:14:\"alertpay_email\";s:0:\"\";s:23:\"enable_alertpay_sandbox\";s:1:\"0\";}','<p>\r\n<a href=\'paynow.php?id={$invoice_id}&m=alertpay-subcriptions\'>\r\n<img src=\'https://www.alertpay.com/Images/BuyNow/subscribe_now_15.gif\' border=\'0\' alt=\'Make payments with Alert Pay - it is fast, free and secure!\' /></a> \r\n</p>');

--
-- Table structure for table `idx_payment_history`
--

CREATE TABLE `idx_payment_history` (
  `payment_id` int(10) unsigned NOT NULL auto_increment,
  `contact_name` varchar(255) default NULL,
  `email` varchar(255) default NULL,
  `type` varchar(255) default NULL,
  `detail` text,
  `amount` double default NULL,
  `time` datetime default NULL,
  `invoice_id` varchar(10) default NULL,
  PRIMARY KEY  (`payment_id`)
) ENGINE=MyISAM DEFAULT CHARSET=latin1;

--
-- Dumping data for table `idx_payment_history`
--


--
-- Table structure for table `idx_pl_sociable`
--

CREATE TABLE `idx_pl_sociable` (
  `sb_id` int(11) NOT NULL auto_increment,
  `sb_name` varchar(255) character set utf8 default NULL,
  `sb_url` varchar(255) character set utf8 default NULL,
  `sb_icon` varchar(255) character set utf8 default NULL,
  `sb_enable` char(1) character set utf8 default '0',
  PRIMARY KEY  (`sb_id`)
) ENGINE=MyISAM AUTO_INCREMENT=90 DEFAULT CHARSET=latin1;

--
-- Dumping data for table `idx_pl_sociable`
--

INSERT INTO `idx_pl_sociable` VALUES (1,'BarraPunto','http://barrapunto.com/submit.pl?subj=TITLE&amp;story=PERMALINK','barrapunto.png','0'),(2,'Bitacoras.com','http://bitacoras.com/anotaciones/PERMALINK','bitacoras.png','0'),(3,'BlinkList','http://www.blinklist.com/index.php?Action=Blink/addblink.php&amp;Url=PERMALINK&amp;Title=TITLE','blinklist.png','0'),(4,'blogmarks','http://blogmarks.net/my/new.php?mini=1&amp;simple=1&amp;url=PERMALINK&amp;title=TITLE','blogmarks.png','0'),(5,'Blogosphere News','http://www.blogospherenews.com/submit.php?url=PERMALINK&amp;title=TITLE','blogospherenews.png','0'),(6,'blogtercimlap','http://cimlap.blogter.hu/index.php?action=suggest_link&amp;title=TITLE&amp;url=PERMALINK','blogter.png','0'),(7,'Faves','http://faves.com/Authoring.aspx?u=PERMALINK&amp;title=TITLE','bluedot.png','0'),(8,'connotea','http://www.connotea.org/addpopup?continue=confirm&amp;uri=PERMALINK&amp;title=TITLE&amp;description=EXCERPT','connotea.png','0'),(9,'Current','http://current.com/clipper.htm?url=PERMALINK&amp;title=TITLE','current.png','0'),(10,'del.icio.us','http://delicious.com/post?url=PERMALINK&amp;title=TITLE&amp;notes=EXCERPT','delicious.png','0'),(11,'Digg','http://digg.com/submit?phase=2&amp;url=PERMALINK&amp;title=TITLE&amp;bodytext=EXCERPT','digg.png','1'),(12,'Diigo','http://www.diigo.com/post?url=PERMALINK&amp;title=TITLE','diigo.png','0'),(13,'DotNetKicks','http://www.dotnetkicks.com/kick/?url=PERMALINK&amp;title=TITLE','dotnetkicks.png','0'),(14,'DZone','http://www.dzone.com/links/add.html?url=PERMALINK&amp;title=TITLE','dzone.png','0'),(15,'eKudos','http://www.ekudos.nl/artikel/nieuw?url=PERMALINK&amp;title=TITLE&amp;desc=EXCERPT','ekudos.png','0'),(16,'email','mailto:?subject=TITLE&amp;body=PERMALINK','email_link.png','0'),(17,'Facebook','http://www.facebook.com/share.php?u=PERMALINK&amp;t=TITLE','facebook.png','1'),(18,'Fark','http://cgi.fark.com/cgi/fark/farkit.pl?h=TITLE&amp;u=PERMALINK','fark.png','0'),(19,'Fleck','http://beta3.fleck.com/bookmarklet.php?url=PERMALINK&amp;title=TITLE','fleck.png','0'),(20,'FriendFeed','http://www.friendfeed.com/share?title=TITLE&amp;link=PERMALINK','friendfeed.png','0'),(21,'FSDaily','http://www.fsdaily.com/submit?url=PERMALINK&amp;title=TITLE','fsdaily.png','0'),(22,'Global Grind','http://globalgrind.com/submission/submit.aspx?url=PERMALINK&amp;type=Article&amp;title=TITLE','globalgrind.png','0'),(23,'Google','http://www.google.com/bookmarks/mark?op=edit&amp;bkmk=PERMALINK&amp;title=TITLE&amp;annotation=EXCERPT','googlebookmark.png','0'),(24,'Gwar','http://www.gwar.pl/DodajGwar.html?u=PERMALINK','gwar.png','0'),(25,'HackerNews','http://news.ycombinator.com/submitlink?u=PERMALINK&amp;t=TITLE','hackernews.png','0'),(26,'Haohao','http://www.haohaoreport.com/submit.php?url=PERMALINK&amp;title=TITLE','haohao.png','0'),(27,'HealthRanker','http://healthranker.com/submit.php?url=PERMALINK&amp;title=TITLE','healthranker.png','0'),(28,'HelloTxt','http://hellotxt.com/?status=TITLE+PERMALINK','hellotxt.png','0'),(29,'Hemidemi','http://www.hemidemi.com/user_bookmark/new?title=TITLE&amp;url=PERMALINK','hemidemi.png','0'),(30,'Hyves','http://www.hyves.nl/profilemanage/add/tips/?name=TITLE&amp;text=EXCERPT+PERMALINK&amp;rating=5','hyves.png','0'),(31,'Identi.ca','http://identi.ca/notice/new?status_textarea=PERMALINK','identica.png','0'),(32,'IndianPad','http://www.indianpad.com/submit.php?url=PERMALINK','indianpad.png','0'),(33,'Internetmedia','http://internetmedia.hu/submit.php?url=PERMALINK','im.png','0'),(34,'Kirtsy','http://www.kirtsy.com/submit.php?url=PERMALINK&amp;title=TITLE','kirtsy.png','0'),(35,'laaik.it','http://laaik.it/NewStoryCompact.aspx?uri=PERMALINK&amp;headline=TITLE&amp;cat=5e082fcc-8a3b-47e2-acec-fdf64ff19d12','laaikit.png','0'),(36,'LinkArena','http://linkarena.com/bookmarks/addlink/?url=PERMALINK&amp;title=TITLE','linkarena.png','0'),(37,'LinkaGoGo','http://www.linkagogo.com/go/AddNoPopup?url=PERMALINK&amp;title=TITLE','linkagogo.png','0'),(38,'LinkedIn','http://www.linkedin.com/shareArticle?mini=true&amp;url=PERMALINK&amp;title=TITLE&amp;source=BLOGNAME&amp;summary=EXCERPT','linkedin.png','0'),(39,'Linkter','http://www.linkter.hu/index.php?action=suggest_link&amp;url=PERMALINK&amp;title=TITLE','linkter.png','0'),(40,'Live','https://favorites.live.com/quickadd.aspx?marklet=1&amp;url=PERMALINK&amp;title=TITLE','live.png','0'),(41,'Meneame','http://meneame.net/submit.php?url=PERMALINK','meneame.png','0'),(42,'MisterWong','http://www.mister-wong.com/addurl/?bm_url=PERMALINK&amp;bm_description=TITLE&amp;plugin=soc','misterwong.png','0'),(43,'MisterWong.DE','http://www.mister-wong.de/addurl/?bm_url=PERMALINK&amp;bm_description=TITLE&amp;plugin=soc','misterwong.png','0'),(44,'Mixx','http://www.mixx.com/submit?page_url=PERMALINK&amp;title=TITLE','mixx.png','0'),(45,'muti','http://www.muti.co.za/submit?url=PERMALINK&amp;title=TITLE','muti.png','0'),(46,'MyShare','http://myshare.url.com.tw/index.php?func=newurl&amp;url=PERMALINK&amp;desc=TITLE','myshare.png','0'),(47,'MySpace','http://www.myspace.com/Modules/PostTo/Pages/?u=PERMALINK&amp;t=TITLE','myspace.png','0'),(48,'MSNReporter','http://reporter.nl.msn.com/?fn=contribute&amp;Title=TITLE&amp;URL=PERMALINK&amp;cat_id=6&amp;tag_id=31&amp;Remark=EXCERPT','msnreporter.png','0'),(49,'N4G','http://www.n4g.com/tips.aspx?url=PERMALINK&amp;title=TITLE','n4g.png','0'),(50,'Netvibes','http://www.netvibes.com/share?title=TITLE&amp;url=PERMALINK','netvibes.png','0'),(51,'NewsVine','http://www.newsvine.com/_tools/seed&amp;save?u=PERMALINK&amp;h=TITLE','newsvine.png','0'),(52,'Netvouz','http://www.netvouz.com/action/submitBookmark?url=PERMALINK&amp;title=TITLE&amp;popup=no','netvouz.png','0'),(53,'NuJIJ','http://nujij.nl/jij.lynkx?t=TITLE&amp;u=PERMALINK&amp;b=EXCERPT','nujij.png','0'),(54,'Ping.fm','http://ping.fm/ref/?link=PERMALINK&amp;title=TITLE&amp;body=EXCERPT','ping.png','0'),(55,'Posterous','http://posterous.com/share?linkto=PERMALINK&amp;title=TITLE&amp;selection=EXCERPT','posterous.png','0'),(56,'PDF','http://www.printfriendly.com/print?url=PERMALINK&amp;partner=sociable','pdf.png','0'),(57,'Print','http://www.printfriendly.com/print?url=PERMALINK&amp;partner=sociable','printfriendly.png','0'),(58,'Propeller','http://www.propeller.com/submit/?url=PERMALINK','propeller.png','0'),(59,'Ratimarks','http://ratimarks.org/bookmarks.php/?action=add&address=PERMALINK&amp;title=TITLE','ratimarks.png','0'),(60,'Rec6','http://rec6.via6.com/link.php?url=PERMALINK&amp;=TITLE','rec6.png','0'),(61,'Reddit','http://reddit.com/submit?url=PERMALINK&amp;title=TITLE','reddit.png','0'),(62,'RSS','FEEDLINK','rss.png','0'),(63,'Scoopeo','http://www.scoopeo.com/scoop/new?newurl=PERMALINK&amp;title=TITLE','scoopeo.png','0'),(64,'Segnalo','http://segnalo.alice.it/post.html.php?url=PERMALINK&amp;title=TITLE','segnalo.png','0'),(65,'Simpy','http://www.simpy.com/simpy/LinkAdd.do?href=PERMALINK&amp;title=TITLE','simpy.png','0'),(66,'Slashdot','http://slashdot.org/bookmark.pl?title=TITLE&amp;url=PERMALINK','slashdot.png','0'),(67,'Socialogs','http://socialogs.com/add_story.php?story_url=PERMALINK&amp;story_title=TITLE','socialogs.png','0'),(68,'SphereIt','http://www.sphere.com/search?q=sphereit:PERMALINK&amp;title=TITLE','sphere.png','0'),(69,'Sphinn','http://sphinn.com/index.php?c=post&amp;m=submit&amp;link=PERMALINK','sphinn.png','0'),(70,'StumbleUpon','http://www.stumbleupon.com/submit?url=PERMALINK&amp;title=TITLE','stumbleupon.png','0'),(71,'Techmeme','http://twitter.com/home/?status=tip%20@Techmeme%20PERMALINK%20TITLE','techmeme.png','0'),(72,'Technorati','http://technorati.com/faves?add=PERMALINK','technorati.png','1'),(73,'ThisNext','http://www.thisnext.com/pick/new/submit/sociable/?url=PERMALINK&amp;name=TITLE','thisnext.png','0'),(74,'Tipd','http://tipd.com/submit.php?url=PERMALINK','tipd.png','0'),(75,'Tumblr','http://www.tumblr.com/share?v=3&amp;u=PERMALINK&amp;t=TITLE&amp;s=EXCERPT','tumblr.png','0'),(76,'Twitter','http://twitter.com/home?status=TITLE%20-%20PERMALINK','twitter.png','1'),(77,'Upnews','http://www.upnews.it/submit?url=PERMALINK&amp;title=TITLE','upnews.png','0'),(78,'Webnews.de','http://www.webnews.de/einstellen?url=PERMALINK&amp;title=TITLE','webnews.png','0'),(79,'Webride','http://webride.org/discuss/split.php?uri=PERMALINK&amp;title=TITLE','webride.png','0'),(80,'Wikio','http://www.wikio.com/vote?url=PERMALINK','wikio.png','0'),(81,'Wikio FR','http://www.wikio.fr/vote?url=PERMALINK','wikio.png','0'),(82,'Wikio IT','http://www.wikio.it/vote?url=PERMALINK','wikio.png','0'),(83,'Wists','http://wists.com/s.php?c=&amp;r=PERMALINK&amp;title=TITLE','wists.png','0'),(84,'Wykop','http://www.wykop.pl/dodaj?url=PERMALINK','wykop.png','0'),(85,'Xerpi','http://www.xerpi.com/block/add_link_from_extension?url=PERMALINK&amp;title=TITLE','xerpi.png','0'),(86,'YahooBuzz','http://buzz.yahoo.com/submit/?submitUrl=PERMALINK&amp;submitHeadline=TITLE&amp;submitSummary=EXCERPT&amp;submitCategory=science&amp;submitAssetType=text','yahoobuzz.png','0'),(87,'Yahoo! Bookmarks','http://bookmarks.yahoo.com/toolbar/savebm?u=PERMALINK&amp;t=TITLE&opener=bm&amp;ei=UTF-8&amp;d=EXCERPT','yahoomyweb.png','0'),(88,'Yigg','http://yigg.de/neu?exturl=PERMALINK&amp;exttitle=TITLE','yiggit.png','0'),(89,'Blogplay','http://blogplay.com','blogplay.png','0');

--
-- Table structure for table `idx_plugin`
--

CREATE TABLE `idx_plugin` (
  `plugin_id` int(11) NOT NULL auto_increment,
  `name` varchar(255) default NULL,
  `plugin_file` varchar(255) default NULL,
  `status` enum('0','1') default NULL,
  `option_plugin` text,
  PRIMARY KEY  (`plugin_id`)
) ENGINE=MyISAM AUTO_INCREMENT=2 DEFAULT CHARSET=latin1;

--
-- Dumping data for table `idx_plugin`
--

INSERT INTO `idx_plugin` VALUES (1,'Sociable','sociable/sociable.php','1',NULL);

--
-- Table structure for table `idx_review`
--

CREATE TABLE `idx_review` (
  `review_id` mediumint(9) unsigned NOT NULL auto_increment,
  `link_id` mediumint(9) unsigned NOT NULL default '0',
  `review` text NOT NULL,
  `rating` tinyint(3) unsigned NOT NULL default '0',
  `date` date NOT NULL default '0000-00-00',
  `subject` varchar(100) default NULL,
  `status` char(1) default NULL,
  `username` varchar(20) default NULL,
  `name` varchar(20) default NULL,
  `email` varchar(100) default NULL,
  PRIMARY KEY  (`review_id`)
) ENGINE=MyISAM DEFAULT CHARSET=latin1;

--
-- Dumping data for table `idx_review`
--


--
-- Table structure for table `idx_searchlog`
--

CREATE TABLE `idx_searchlog` (
  `keyword` varchar(100) NOT NULL default '',
  `time` datetime NOT NULL default '0000-00-00 00:00:00',
  `result` mediumint(9) unsigned default NULL,
  `ip` varchar(100) default NULL
) ENGINE=MyISAM DEFAULT CHARSET=latin1;

--
-- Dumping data for table `idx_searchlog`
--


--
-- Table structure for table `idx_sessions`
--

CREATE TABLE `idx_sessions` (
  `SESSKEY` varchar(32) NOT NULL default '',
  `EXPIRY` int(11) unsigned NOT NULL default '0',
  `EXPIREREF` varchar(64) default NULL,
  `DATA` text NOT NULL,
  PRIMARY KEY  (`SESSKEY`)
) ENGINE=MyISAM DEFAULT CHARSET=latin1;

--
-- Dumping data for table `idx_sessions`
--

INSERT INTO `idx_sessions` VALUES ('2dec6f483450c08e6700bf626afaaf94',1331947673,NULL,'3-DrszVGqH-Q60p4OHmkQP_49R9gDdZGNcRBNsBfjFHC4-bQVDthv4NN2QD3nPjX236DZJQ9CNJCi-Kon29Z4mP2QChqnLiDPhlPaASvv9E6znYZEUgut4RUnR6RDxzGawiNbew8-ymJ2dSqLHHLl6Oaenq6z7zxEj8Dz8Q_yh0.'),('8fa74893c493316fa4b268e808bee02c',1331947674,NULL,'FsTneygQIlj_RsH4ndGafGF1-6h-RGex0A5btkviTORxvLuHqNoIcG6vr16AB9vnM4Y3nq9YYZTrIJxKLJ9dgPtSOOzWDeTczWgpEI9DgHm9Jebv00HR8fz3CiNLlhru-_9PScNyzztLLPTiqPdKjfVP9JxCD_PW9IA9eNxMbno.'),('b023e354b1414ba6c303fcf9813ba0b2',1331947679,NULL,'hGsD8egQslTLFxvRpRYdSqWZGwRXx7lWfbOixezgwKgA3xrMJ6jdMVlcmhsVO8wv6w0QcGXMiTnrYah9MwieaCvRrRenK4Vb93C3nAtR_LMPjY7VFR-IX61xZld9og-FYGhWUhYFz6MsqUNOQvVJPG6mvQPCqDk147StQDTa9Z0TCiTNzrUEv_n4q0lpnhQN'),('c6e0c7869372be2ac008a06f73225c5b',1331947680,NULL,'hGsD8egQslTLFxvRpRYdSqWZGwRXx7lWfbOixezgwKgA3xrMJ6jdMVlcmhsVO8wv6w0QcGXMiTnrYah9MwieaCvRrRenK4Vb93C3nAtR_LMPjY7VFR-IX61xZld9og-FYGhWUhYFz6MsqUNOQvVJPG6mvQPCqDk147StQDTa9Z0TCiTNzrUEv_n4q0lpnhQN'),('69c735dd6934caa664b539fa15f6fbff',1331947680,NULL,'JhJwcyjce9Le23dy3gnHvdqq7Ot7w9Diaa-mvTOAUDAEFZxZf8fyVfWf8M-TBdd2fRB2JvyXqgxg1yElzrkdY8fhlc1GA22NiFRk8znTrVPqI5bzX00aA2Fg6dYWD-3fwjVrFHy9VIub-oikkWMJ2fQAWLeYSFYEuTFDp2W9V1k.'),('7bc6749021715c93bbd193f2cc6ca5b2',1331947682,NULL,'AeA_asHZu3vimETDokAjGeeiBZEkD9zx-9u3D8Rx79JoEHOj0pfSr9F8YKOQRxR6FPKPLtJLUhtXfrEzN73HiWFLVovXk9Vlp8I_vXSBCX6VdnnqvxMxfiIvTPkk3a-KFwQXccPYXLQmS9hzvTXMIUC4Exq3aFv53PDPef1BW7pmEUwf9_hpvC5xA9Z7WsVB'),('135da4d1169c663b2a03bd86fd2e7b20',1331947683,NULL,'9LqWDRgtp0BJJDtFJ3aLmXtm9HsCfd7bHs9x1dzexW6E9tQ4-oxb47MsLU_Qd25704aNgte2EmeIn2ZViW_hcRdQjG1RUh8B7RBNMO814_iv2L4_O5XKuuLr3a6yDh093kk77MR1C9ZizfefdH8nB5TiIFcHfOujkz1rVgkipCNULJISP4b6H7Q8P12smNRy'),('103cba8610391c7fca710a805e1048dc',1331947684,NULL,'cP9LbgqN3TOAE3BXV4R06CDhwtmFItba42Ocsl8XcGgp5Ir-Wnd6jIc2sUbMf3Smss0rCyLhbdN4Eiry4HP4iRIX_zlw9FfzA-0Rb7Yx6UpJDMV9FqJY_b-ePb6hD36LQp5cHCGY9JVQUWM_FiS0JXKx8QhjP61NNyTA9v6GAZmj_pPU9wZum-3D1GjEWQwS'),('b9c6103d51382a4463983a663cd6a27e',1331947685,NULL,'rOhzUw0ZQHSE0LNCHMviSgja-DC2mqRFqpeGRIngZGg-8pSo1LvWDhzon7_hnev6Gk0l61GZAP2DEt73uV3yu28Ts3uYnmJSDVSFf-o33poBYhXG-Zp92Sb2HUN9wSSo-EhiVQPPODaJi8Ovazl6h7c0FVdewVWodV7Wyic_RL78EjL-k104NzvJVzyAfOBw'),('612eecb6b1650f696e9b5fa8261e6473',1331947685,NULL,'KPzSvSyhJkXusaWe5rbaesu708AeTtZpw8f2_hj7udcTYr77Wr2Q7I-zrFNM2pNejIDnrRSsZi9QFr0e8AsfGx9A0lsp1Qx3UmgsBO6fq4WxhYGLyDGrmwAPZehhGtgFSF2zFcknRhMm9BrnqGFyNgHrP7Go4P0yVLAW3pqOcCRIfO0Ks1LhgW_EbjYjyPHP'),('11dc883cadb34e414d0e2b63a514dc5f',1331947687,NULL,'qToMJxKvb7FTVNi14DksPzVwiGkL3-UCODhdI41SyWSAOdhY2IGgonaamD7wUWq3CVVs3ReAwTmq8ZUKmuJaceJBOVrvRqf8_KVPEvxYUShdxMJ6oEfG1FrFy9ORr91sGZdqM8-hzewdNXmL9wJ3q3cd4l8HMqzxnfnBcwwW4f5cCZO9GligQFcXUbgAwLVP'),('769a6e352c33af2fdf2b06dbe7fe3024',1331947688,NULL,'H2w1jlwhl1x2czQbBr7KCR1S65osadqLKQL_vhn_UnUmDER-Vw8kUImAMSaGCSONHhclroyUHIvaxrfTQML_ciXY4Hf-Wd7hZbA3j3eN0TKj_zWpEd2R1_DLlMsIBirf7W-xTq_vBZtXtTwJa5DbVtxmvT1RitfQvjzPaSKSS0OP6jY7uJ8nxoZUMXnORjZU'),('f4906c6939f7cd4eb933c64cfc5b4ede',1331947688,NULL,'UGDIQX9A3UYeXS1BilBRFkU7TY3dgq05INQ6aZEXjTbSqqzP4wEKxrkynhmmSt-6CkVkWsFfUa0MD-EWHCoS8uMyOy6xuVubUlyEx0KLL1uC6baZvr6V9dzmsZ6jxUGW4MykBqtGK7v5wIuCEChhcbkVzb0yWy0X5GnFIWev545s8D7xEGA1a--F1679eYpo'),('0befcf58be34a0a717e537688fda239e',1331947689,NULL,'kYfXUaLGGPLWW9UEo-QWGQOgS9PWZ2cWralmVyvG02K32KPJ4HFmF6w7Qek83LcDGC0tT0S4KdEdtI2ZxXIflC0syEpl1khDZ2xI3vt08JmOLPbbDp0wX5s5NQsSIflgyk_hz0It4LZoOnu7aMOxdQrdGw6jb3zDULFYKqgjFFhCyBeBMM7J5wQvgeO2S3hm'),('1f07e5029e080419292cff1464bbe6ed',1331947690,NULL,'c2Mp8XgdAEFc1aqikiPw_DeqffS9UKWhoge2Qjz101fTevPuVtj81ECI9xqA4K6UlIKhflm4kOx8TQ2KS7ivDmY8qZbq7sB3awgruqQqDZ_yUqZdoTKsY8WFPaITZb-llzRDLvszB5nxriUMUBcEbCXFq9q3Q1PHgnq0du4MtVcy_HYTHMS_azRKz0GstGaA'),('4e9035aeb6677460405e0b595db107cc',1331947690,NULL,'vjhqn2wbVHFeot9n6ccMZHclSsEV96TaadbRm5Ay9wQEJidKwXuyb7DA8Y26PEhSTG03JkVhvReBzTc9TT9MXQjgZC6oXdr2s40nwSfwIkrLd8tRfCI1on5iL-b02RphcrkB3FiTIMwinyUYWEOad9qCF_j_NixZ1yUybDhXyWk.'),('9d04fa61b0fe52d3e3b58677df9f6520',1331947692,NULL,'Y6P8Gb3drCuNylq__4ZWEJowz4cGfNRqGtodHPAFu6mq5zq6v36Acb9GOg4fR1iRM5cteA7PeJarE2z3fdiulOrbyKgVL9xbP32yuNuniEsILY946SKDv0lmPOR8FJ_6VSiEaJmu7QuXp66Bk5r81M5VCpke9mFBBc1VSx-8WqnS0n_1RUz3izMdUZfsSkl_'),('acb3db5a2ab3ae719e395222ffa61e5d',1331947693,NULL,'KSXUjmXnqIwvVK4GRrvTbQ019SR0FKu8SrhKo9yYQ0hssLiRKn2rmItcR1U_HWyrr8sGjFDvd6pBKl2eV1Bm0qIjMjMx-fK02O9XyCxTmxARgDt6g5LOZnuTp8pAe_1fQzrbIqRDFHQ3Vhkuy-D5DoZi2cSTsxdHsCutcXfuK5vEAUJU0CFAuZh7CzYZrPWT'),('73fe1c4238a5d28d232e0e064d0770da',1331947693,NULL,'nR3Pc_PMSrrtXADyD6WTO_GhZp9dOct0ADq73-PsOI4UG68YSOTSQ4yQZCY0M1SKW1aV5tuXPOx9e4ItVksTi18XviSaa20ovsels_ES4eiFLLusv4rD3sfUiKgGpnz6hZvHhjOjDDL_FdQ0ZxvXxvZHvVGRXNXtmA84Lb6JsKo.'),('45729df217965202ac8821a053079954',1331947694,NULL,'lwFKrJrJJnN1aCfAfbEwM8lsvQELbNG4WhOkGQMou2V4a2uNEp6yuWqewhtBivwZlJ_2jgTw3qyCZPxZJdKV9lH4tuNQRvppztBn1ReVXdc8FDZsqGOlcXtarsonzyd3hFQgKn3EsDQ5rGam1MAWHX3F-4OzPU0UUN_--Azv4uFP1vYno9uIFFQVH85gn60u'),('b081a2658fbce6aae2cd97622d361e15',1331947695,NULL,'w9axcNkc9mF5Chca1L09dH2BjOAJWBSXqO6kRvZHR5ztsR5yM5yetJhyuA0rnWUeCIifY2bXIfLll4wlWpYCxA1nluIIJTOER46NOws16sRIOlXX8lcLVEG4tG_e-OHter3ZEdmxGttjew4FpG3A7S42NRLU7hHflT0UiImp14mfx9vV7M4D0_o0_JLsbB6g'),('aa4ca658b9a782395cc16d439714fa2d',1331947696,NULL,'UGDIQX9A3UYeXS1BilBRFkU7TY3dgq05INQ6aZEXjTbSqqzP4wEKxrkynhmmSt-6CkVkWsFfUa0MD-EWHCoS8uMyOy6xuVubUlyEx0KLL1uC6baZvr6V9dzmsZ6jxUGW4MykBqtGK7v5wIuCEChhcbkVzb0yWy0X5GnFIWev545s8D7xEGA1a--F1679eYpo'),('ad559d0cc6fd08d4c95ef82433fd649c',1331947697,NULL,'H2w1jlwhl1x2czQbBr7KCR1S65osadqLKQL_vhn_UnUmDER-Vw8kUImAMSaGCSONHhclroyUHIvaxrfTQML_ciXY4Hf-Wd7hZbA3j3eN0TKj_zWpEd2R1_DLlMsIBirf7W-xTq_vBZtXtTwJa5DbVtxmvT1RitfQvjzPaSKSS0OP6jY7uJ8nxoZUMXnORjZU'),('43818ae3d5dad2288a642f97b0f57301',1331947698,NULL,'RlXXqOrOuvoA5UepTwp5gHMInPBDDhXzXxKuHKm0mFmCu3xrIoXQVt8u4eOwWKkeowA20jNpjNE6TrgfiLosBS9UbuGEPRZS5UYgqdaOIU9jlfCIiiy-H42YQJdktTML-HvjleMxquVQw-HQ0u9JQpmaRTjrZCLkFjtltkc2j44RJO3ymCkCWWAxMddnVSAW'),('b1687af0ef8ba9bd3e9c61a569f505fa',1331947699,NULL,'lwFKrJrJJnN1aCfAfbEwM8lsvQELbNG4WhOkGQMou2V4a2uNEp6yuWqewhtBivwZlJ_2jgTw3qyCZPxZJdKV9lH4tuNQRvppztBn1ReVXdc8FDZsqGOlcXtarsonzyd3hFQgKn3EsDQ5rGam1MAWHX3F-4OzPU0UUN_--Azv4uFP1vYno9uIFFQVH85gn60u'),('e9fbea463167554f2c8529d23bc424c1',1331947699,NULL,'bp-B0wf5lH2zpUxweMN9YpUv6DY1v3GX74BUp-lbmoa-msHG0Pke9dWnQAtEbWMRMYHW_vMtsEA09fKToyg_7B5xiK0bOqDbGGZjtMol5FiuqszSiuVLdBf3_Mhu_fyumd7a2t6o9uNl_4j8kLE2VfBAuuf-ol1rv-m0iVsFRsgzjoJLax2l6dnaJHkC0Usb'),('1eb19327785fd4957a56d1edc871eb9b',1331947700,NULL,'dwkGfEoD2yxNKObQM0-YgvZzk2STjX2mGitnrKckPNQ76TeZfUI_vQNpRx1PGYS4nw8GP9AFtO4wJj3IaXFV5KD-jTnD05_pBkiwTprSuVUt3WUAXoTJuh7h35fveaa5q8utkIbU_4nLye8ZS7E-HnyClZZK2xBb7j8bdORj_b1fsoR_GhJOqACvEbNIxUWM'),('a0532387abed299959f916c1c66393f2',1331947701,NULL,'0kHu-lhsoRk2BePqgHkPwuV6t0qqS27N5-PfpoliS0giNe8XGPBSzHTCyobepo89YqUc6WS2z12vMyd8GShLQ3EiZ87OsGbGdAOUS7dbN8pMF9RqOUZLkTZG5nylnA68pqw0TFuHlOjKTbui5hxaE5E81Uk95HCXxFYG1J8VnWlfGawyjcSKfjK3dSd61kXy'),('2d1e415895b6f4c2158900c3fba58b1b',1331947702,NULL,'eWYM474BDLpO06e6qbgw-Vhwjlx4CS-B6DRHaED5zmwqFdV2jdm_dakPjal8UBAK6jRsW7lI9I0g1jwDJ36Lyyu5FoSols9jTc6pez3csxETKNRofNezjCWkLMWUJALC18rISqritjGQLmfutzmGBFf-OG5isFxjgCG5kUY_azNfMwU9GK1VrP90G5qXxlln'),('8e932217d483e642b0aaa3ba9799ee24',1331947703,NULL,'3K_GjE2qQVmd-0otfxGkvLDiustPdrddm9WD5s7YDz5ijTjPbszvkhh6EaNA1MNao1vbE2A11Pv798XHHOvO-CDJEDUHiJxZn43lJc5FBjv_sclcttlgfd6UaHRlffZ23yPFg_lCrMBp28gq4SS6Zs6DCo3ib3O7Jcb1b4g3QHVQ4LF-40EA6UNmrhLOQq3A'),('55c9b64f0abac249ec2394697e2d5843',1331947703,NULL,'BpMD5qFlhecMXez4D7VEG3dsHfQjK2XIrdRkyenaR6Wv4eS_A07tcZLzBxxgArmBbaV0BQmOZFitmhRRFdESLS7L9v7DRO8C0n5jkh2fe4WXe4IaYMOsDzUaCkMbtv1LFNFbBouC1QUiLzH4hg3KnTRfAhi0D9kDb0nT1mV5yP2QVGEeoRY_-ebIxF48MjJq'),('549a8768baf037e553f7de0905a85edd',1331947704,NULL,'J0i8YGFmGYdd3qy0KxUw81b2U6gLG2AAvEk4L2LGZZoN6NkEJspS5P_k2hfh9LHUi6c5hHKduSlgpEpK5PTWFgODEsmEpR5xmwzzavDYCE-_JxTZkatVj-Z0IMXJd13E-pQk85ahEq73uRjFWZdsPh4b1yC9m46BwItV_OiUwoUAqlXBIpC4QkDw6DmR1n5J'),('8c275b47c3635532b662b4b966bb0b86',1331947705,NULL,'t97WPAS7Dlu_szVBRHfOImQwUej6jDtpX97D3M17JSLDmul1_pYcOeHxnBZft4UJFZmHw4t-iKpGdeWDNSe0JlW90o6non5uMCH00Fsn1FLjiCebKTDbponqhCZ03gwkWujJrtHnOU7DTnhuccxZDxmQSgHm1vHLLw4LzNuQd6jH2KbzYvqDpeVZ5KUSEiCH'),('16ded0e2a20b45f74b6234ab7ec62266',1331947706,NULL,'qlmAuPW2CR9XHPfQCFHP_voElwAa8Es4DDuRrKZo8MyRlBGUwtp0pj0wa3vK4M31xxPA9WXnAPin722WFp45Ku7DY8-K_wIg7f77ku43jBOngbJ8lW6ocFnlg-M_CbuwtGO_Oh0xpE7-vH-G8dImq9wlUO4aceGWqRsNim5-hjjdr7a9uFhlq4FnniDSdkVD'),('b51ed022bfa8cfc748c70684275716cc',1331947706,NULL,'k42SlCGoesjpBx64RiIBjkVPwL4JJGV4Uk6Cp_RC_utASbcvUp4oZ6WnrBbQXK6ao6GCgI0qY94_duwmD2a5rWxddCxGwoDaNQWRcr6w0JS1717jyoyLr8XWRANzGBsrSJa6ChMYL7PTJecP52JPJ4W6x9rgaKQnc49VZJ83uXpbBfly45xVzo9IQdfPZSHW'),('9c581005dca5631cca8adfc5a44f95fa',1331947707,NULL,'7b5WEtOeXTMmTE92W4ZCx7DN5aPzAsKDKvFmVZRUG4F762pS0gzQljeoIT3_X7WQo8EDg3LCKUvwR-nDNYyc_wRgackUR5N2KlxFuVaOzKtXQrJflI4L6FXgcIIRn5BRcA-x-7yosnkoHbAPsF6OHxgUudjmh-JKI70eVdXAPM2T0CKhAVdx2VTJZxUTKC2A'),('1c9942503df6ec2c3a4ec6fda0837fc8',1331947707,NULL,'xUWHhol9U4IzdnrW527BTCz1m8bNvaIMf-ZcCKA5t22yfjqX1dP20fIcBj_Lrw9KOBiFRSS7kJGwxyDJvLle39XlCZ7SapKRx_c4-lpv3pVdPRGY6kQRC_xBE_8Rl5SvnIlXUXRoWGT-MA7KFD92IkVipq7yLp31DAcbyXpz8Xlm7GUEbFTuCu521cd9doQg'),('043a2a891b6f78c2bdbf25780f01d281',1331947708,NULL,'Zha31PWnXyb3FOcrA282ZF0OGuqRf79Jbv0uTvOpZkPDYoK9h1eaj9_ZtkevS13mUGhFZJaj_4uTdWubJLCU4H_m5DTYebMj7JRx6tZ54tTp_3ho4CHzHtIoNiyFne4IQHz3I-9ss0bwtBQucx6ESpk9BoZ-47s3vsRI9NnNRmOLMMuBH0JdvTqEcQaVMyZV'),('d876940aa431777266b7d751df540ba4',1331952166,NULL,'fIRz35-1esGnvN8mzjOOYEmNh5PtPOsDN8-rFWWJACdmgetp7HS2E1jBgKcy9-ElNGQYvTAbPQbU3pn7-vKZWh5mU41fJFCdrfz6-Lxmsg3UymCq4juboyw0jDFXHJUIqngjBLHDZd50Yam-EyBxPg..'),('faa4d2bca4f8034686ee38ed92dfe178',1331954808,NULL,'GtfbwzA8JwCIKbcivn627W-IYQ15PXYj_0AUHVNqBh96uIBqDbHJMbbRjEnGzARY24LalknA7e57R3mW8FjVyLj-rJtxloiFr5n8EX37y6F9tsJvOTrnXq7vjVgGIErV38qd3297G5Pl4JkBH_vj0w..'),('c7a82d0884e943b402f2ebc276b9c061',1331955037,NULL,'kFBg7TjWl4OPiVmMgAbFZVn1PStza39T-xIbWXRX88UZYkSTtHUolqg1nGlwvKs2IrdUdj4tdszNuZf86Sf4DgL6xD5RNd6dFMHVYgatVuJofX5DpgVR3Aw5RtooKEOLx7lhwVJTlW9YxjG4UKbk2beb9pzHiDIRMz78E-tqHWCl6gxvRiyziJ1Ax58W0mOqR7_LgeuDg3Yag1LWNJMO4g..'),('d98c65619d3878c6eb5fff707a0286f0',1331959424,NULL,'uftLmZcwzJb16mjA5DSiaTT0A3dhvGdDm62iM5S9Q0Wylp3XgWzg4woAFs5W87r6gy2mGuv2MXFHN0CahSAo6qiDKfdlVpY09i97wJ0hRU-bgE-dt3kUQD2HyEeu8Tq6FYCLsXcJJPAB-w0uod_QUw..'),('e435cb33ba86923689266d6f1a7b2e1c',1331960774,NULL,'XbrcwcYZ5lll31DrdDgfFojKd6wEcPD1F8CHkuEoNg8F7is5oQhy_ttx7L0N1x_iSP_7a9BUjVkHKy1YUqKqvD122xygZ7Mabsa0J6-C58GO7zB9Jt_UWZdZ_Y3lP6unXAViXvf8YnT-bL8BuRJNqp_I-ANhZ3ygNa1Nvenn9uVIcEko0S3czI44y_Gw-SMf'),('da643db411f29c555323c990ed8a8291',1331964873,NULL,'11ClL8cN7VV8Kkva6Kyj4lpRSoVTSmzWooQ8O5sKT5CXJnChday5oCqrkYH0jJIziurmXkCchxtOn1TM1DLkpu_-DcF38gbCdhJkVXmWZbuikrnz9-Pb8Us_4h7ohrsOisvRwUjlGYc_v9b-sqp7m1tELXNiPerINIHmoAYThkU.'),('557bb4f27ce861884c38d7062916a7e8',1331966676,NULL,'UBefUVwMVhPlGVQF97MB6ktxD9lhe-W10MuOtrv99fBw4ZrpYjQLLGc20SbmPUlA6CyfNIhag9lp4T7jw8xN1ERRBytdyQEQG1e08bm7KuweFN75tBp1e8u8nT11RvcUsBK4cK7lcOKMHCLmvaeo0g..'),('0783f8079518a9beb33dc71d7f41879c',1331966890,NULL,'lLNbwzg0nvC1LuWtZ3cI3SS8erlo2LOgNgK-M8ll3FGG1g4ZZE108bDlrQg25SwkFmJvEQbLMaUOdm-jTRUxEAVusSN3Q34c_AnxJCRX9hbD6lBxgqP72AGwxtaRCSerN2ijs59rBKF7xUZ_UNRmgU76scvPqIYE81W4Zyl9KSsyHAXPZWc-csPmpQTA8DPf89pc22WyUkbl19-QCCNvTQ..');

--
-- Table structure for table `idx_set_hook_place`
--

CREATE TABLE `idx_set_hook_place` (
  `set_hook_place_id` int(11) NOT NULL auto_increment,
  `plugin` varchar(255) default NULL,
  `set_hook_place` text,
  PRIMARY KEY  (`set_hook_place_id`)
) ENGINE=MyISAM DEFAULT CHARSET=latin1;

--
-- Dumping data for table `idx_set_hook_place`
--


--
-- Table structure for table `idx_setting`
--

CREATE TABLE `idx_setting` (
  `setting_id` int(11) NOT NULL auto_increment,
  `setting_name` varchar(255) default NULL,
  `setting_value` text,
  PRIMARY KEY  (`setting_id`)
) ENGINE=MyISAM AUTO_INCREMENT=55 DEFAULT CHARSET=latin1;

--
-- Dumping data for table `idx_setting`
--

INSERT INTO `idx_setting` VALUES (4,'site_name','Lawyer-network.net'),(5,'site_url','http://lawyer-network.net'),(6,'email_address','kiley.neuhoff@gmail.com'),(7,'language_code','en_US'),(8,'theme_path','/home/lawyerne/public_html/themes/'),(9,'admin_template_path','/home/lawyerne/public_html/admin_tpl/'),(10,'plugin_path','/home/lawyerne/public_html/plugin/'),(12,'active_theme','_Lawyer-network.net'),(14,'spam_proof','1'),(15,'enable_user_validation','1'),(16,'allowed_file_extension','gif,jpg,png,pdf,zip,doc'),(17,'yahoo_appid',''),(18,'whosonline','600'),(19,'reciprocal_check','0'),(20,'urlcheck_limit','1'),(21,'pagerank_cache','30'),(22,'max_image_width','1024'),(23,'max_image_height','756'),(24,'max_file_size','500'),(25,'only_registered_can_add_link','0'),(26,'only_registered_can_add_review','0'),(27,'db_use_persistent','0'),(28,'paid_link_day_period','30,60,90,180'),(29,'paid_link_price_factor','1,1.5,2,3'),(30,'enable_html_tag','1'),(31,'allowed_html_tag','<b>,<strong>,<i>,<em>,<u>,<pre>,<blockquote>,<ol>,<ul>,<li>,<p>,<span>,<div>,<table>,<tr>,<td>'),(32,'enable_page_compression','0'),(33,'enable_category_ajax','1'),(34,'require_visit_category','0'),(35,'additional_category_price','0.5'),(36,'enable_rating_ajax','1'),(37,'service_nicecoder_avail','1'),(38,'enable_recaptcha','0'),(39,'recaptcha_publickey',''),(40,'recaptcha_privatekey',''),(41,'enable_bidding','0'),(42,'minimum_bid','5'),(43,'bid_increament','1'),(44,'charset','utf-8'),(45,'mailer','mail'),(46,'smtp_auth','0'),(47,'smtp_host',''),(48,'smtp_username',''),(49,'smtp_password',''),(50,'smtp_port','25'),(51,'emailbody_as_html','0'),(52,'indexu_version','2.4'),(53,'tos',''),(54,'submission_guidelines','');

--
-- Table structure for table `idx_tags`
--

CREATE TABLE `idx_tags` (
  `tag` varchar(64) NOT NULL default '',
  `category_id` mediumint(8) unsigned NOT NULL default '0',
  `total` int(11) NOT NULL default '0',
  `tag_path` varchar(64) NOT NULL,
  PRIMARY KEY  (`tag`,`category_id`)
) ENGINE=MyISAM DEFAULT CHARSET=latin1;

--
-- Dumping data for table `idx_tags`
--


--
-- Table structure for table `idx_unavailable`
--

CREATE TABLE `idx_unavailable` (
  `idx_unavailable` int(11) NOT NULL auto_increment,
  `link_id` int(11) default NULL,
  `url` varchar(255) default NULL,
  `who_is` varchar(255) default NULL,
  `note` text,
  `date` datetime default NULL,
  PRIMARY KEY  (`idx_unavailable`)
) ENGINE=MyISAM DEFAULT CHARSET=latin1;

--
-- Dumping data for table `idx_unavailable`
--


--
-- Table structure for table `idx_unavailable_latest`
--

CREATE TABLE `idx_unavailable_latest` (
  `idx_link` int(11) default NULL,
  `record_execution` int(11) default NULL
) ENGINE=MyISAM DEFAULT CHARSET=latin1;

--
-- Dumping data for table `idx_unavailable_latest`
--


--
-- Table structure for table `idx_users`
--

CREATE TABLE `idx_users` (
  `username` varchar(20) NOT NULL default '',
  `password` varchar(50) NOT NULL,
  `name` varchar(50) default NULL,
  `email` varchar(50) default NULL,
  `date` date default NULL,
  `status` char(1) default NULL,
  `vcode` varchar(4) default NULL,
  `group_id` tinyint(4) default NULL,
  `homepage` varchar(100) default NULL,
  `icq` varchar(20) default NULL,
  `aol` varchar(20) default NULL,
  `yahoo` varchar(20) default NULL,
  `biography` text,
  `location` varchar(50) default NULL,
  `interest` varchar(50) default NULL,
  `occupation` varchar(50) default NULL,
  PRIMARY KEY  (`username`)
) ENGINE=MyISAM DEFAULT CHARSET=latin1;

--
-- Dumping data for table `idx_users`
--

INSERT INTO `idx_users` VALUES ('admin','cb900b13b3fa0217a757f1a5f065fcbf','Administrator','kiley.neuhoff@gmail.com','2012-01-18','1','',0,'','','','','','','',''),('connieallisen','01dbe4ec3284a72c259ad81ba9598370',NULL,'connieallisen@gmail.com','2012-03-09','0','2401',2,NULL,NULL,NULL,NULL,NULL,NULL,NULL,NULL),('aangeliascott','ed65879477403baad10748a88a17326b','','aangeliascott@gmail.com','2012-03-13','1','7262',2,'http://','','','','','','',''),('1simonpeterson1','56fa861e6605dd8f0116fe66ac20705b','','1simonpeterson1@gmail.com','2012-03-13','1','6314',2,'http://','','','','','','','');

--
-- Table structure for table `idx_votes`
--

CREATE TABLE `idx_votes` (
  `link_id` mediumint(9) NOT NULL default '0',
  `ip` varchar(100) default NULL,
  `value` tinyint(4) default NULL
) ENGINE=MyISAM DEFAULT CHARSET=latin1;

--
-- Dumping data for table `idx_votes`
--



