--
-- Host: medicalprofessionalsworld.com    Database: medicalp_indexu
-- ------------------------------------------------------


--
-- Not dumping tablespaces as no INFORMATION_SCHEMA.FILES table on this server
--

--
-- Table structure for table `directory_save_data`
--

CREATE TABLE `directory_save_data` (
  `id` bigint(100) NOT NULL auto_increment,
  `schedule_id` bigint(100) NOT NULL,
  `project_id` bigint(100) NOT NULL,
  `link_id` bigint(100) NOT NULL,
  `confirm_link` text NOT NULL,
  `category_id` int(10) NOT NULL,
  `category_name` varchar(150) NOT NULL,
  PRIMARY KEY  (`id`)
) ENGINE=InnoDB DEFAULT CHARSET=latin1;

--
-- Dumping data for table `directory_save_data`
--


--
-- Table structure for table `idx_admin_menu`
--

CREATE TABLE `idx_admin_menu` (
  `menu_id` int(11) NOT NULL auto_increment,
  `parent_id` int(11) default NULL,
  `menu_title` varchar(255) default NULL,
  `menu_url` varchar(255) default NULL,
  `order_number` int(11) default NULL,
  PRIMARY KEY  (`menu_id`)
) ENGINE=MyISAM AUTO_INCREMENT=85 DEFAULT CHARSET=latin1;

--
-- Dumping data for table `idx_admin_menu`
--

INSERT INTO `idx_admin_menu` VALUES (1,0,'Dashboard','summary.php',0),(3,0,'Categories','cat_view.php',0),(4,3,'View/ Edit/ Delete','cat_view.php',1),(5,3,'Add New Category','cat_add.php',2),(2,1,'Summary','summary.php',1),(7,3,'Check Category Structure','cat_struc.php',4),(8,3,'Update Category Path','cat_path_update.php',5),(6,3,'Pending Category','cat_pending_suggestion.php',3),(9,3,'Set Default Price','cat_set_default_price.php',6),(10,3,'Hidden Category','cat_view_hidden.php',7),(11,3,'Registered Users Only','cat_view_registered_only.php',8),(12,3,'Search Category','cat_search.php',9),(13,0,'Links','link_search.php',0),(14,13,'Search/ Edit/ Delete','link_search.php',1),(15,13,'Add New Link','link_add.php',2),(16,13,'Validate Link','link_validate.php',3),(17,13,'Premium Listing','link_premium_listing.php',4),(18,13,'Sponsored Listing','link_sponsored_listing.php',5),(19,13,'Suspended Listing','link_suspended_listing.php',6),(20,13,'Spam Links','link_validate.php?spam=1',7),(22,13,'Update Number of Links','app_update_nol.php',9),(23,13,'Update Tag Clouds','tag_cloud_update.php',10),(21,13,'Editor Pick Links','link_editor_pick.php',8),(25,13,'Validate Reviews','review_validate.php',11),(26,13,'Discount Coupon','coupon.php',12),(27,13,'Default Field','link_default_field.php',13),(28,13,'Custom Field','link_custom_field.php',14),(29,0,'Users','user_active.php',0),(30,29,'View All','user_active.php',1),(31,29,'Add New User','user_add.php',2),(32,29,'View Suspend','user_suspend.php',3),(33,29,'View Unactive','user_active.php?pflag=Unactive',4),(34,29,'Search User','user_search.php',5),(35,0,'Editors','editor_add.php',0),(36,35,'Add New Editor','editor_add.php',1),(37,35,'Validate Editors','editor_validate.php',2),(38,0,'Invoices','inv_config.php',0),(39,38,'Configure','inv_config.php',1),(40,38,'Create An Invoice','inv_create.php',2),(41,38,'Paid Invoice','inv_paid.php',3),(42,38,'Unpaid Invoice','inv_unpaid.php',4),(43,38,'Overdue Invoice','inv_overdue.php',5),(44,38,'Payment History','pay_history.php',6),(45,0,'Mailling Systems','message_view.php',0),(46,45,'Send/ Edit/ Delete','message_view.php',1),(47,45,'Create Template','message_create.php',2),(48,45,'Mailing List Subscribers','message_subscriber.php',3),(49,0,'Templates','template_manager.php',0),(50,49,'Site Templates Manager','template_manager.php',1),(51,49,'Import Site Template','template_import.php',2),(52,49,'Export Site Template','template_export.php',3),(53,49,'Email Templates','email_template.php',4),(54,49,'Export Email Template','email_template_export.php',5),(55,49,'Import Email Template','email_template_import.php',6),(56,0,'Tools','link_duplicate.php',0),(57,56,'Find Duplicate Link','link_duplicate.php',1),(58,56,'Broken Link Report','link_bad.php',2),(59,56,'Spider Link CheckUrl','checkurl_web.php',3),(60,56,'Block Name server Domain','blocked_domain_list.php',4),(61,56,'Add Block Name server Domain','add_blocked_domain.php',5),(62,56,'Unavailable domain listing','unavailable_link_list.php',6),(63,56,'Clear Template Cache','clear_templates_c.php',7),(64,56,'PHP Configuration','phpinfo.php',8),(65,56,'Sitemap Generator','sitemap.php',9),(66,56,'Cronjobs','cronjobs.php',10),(67,56,'Fetch Meta','fetch_meta.php',11),(68,56,'Hook Place','hook_place.php',12),(69,56,'CheckUrl Result','link_checkurl.php',13),(70,56,'View Search Log','log_search.php',14),(71,56,'Bad Words Filter','badword_filter.php',15),(72,0,'Options','app_setup.php',0),(73,72,'Setup','app_setup.php',1),(74,72,'Page Caching','app_page_caching.php',2),(75,72,'Mod-rewrite','app_mod_rewrite.php',3),(76,72,'Change Password','app_change_pwd.php',4),(77,0,'Database','db_import.php',0),(78,77,'Import','db_import.php',1),(79,77,'Export','db_export.php',2),(80,77,'Backup','db_backup.php',3),(81,77,'Query','db_query.php',4),(82,77,'Find Replace','db_find_replace.php',5),(83,0,'Plugins','plugin_listing.php',0),(84,83,'View All','plugin_listing.php',1);

--
-- Table structure for table `idx_bad_link`
--

CREATE TABLE `idx_bad_link` (
  `bad_link_id` mediumint(9) unsigned NOT NULL auto_increment,
  `link_id` mediumint(9) unsigned NOT NULL default '0',
  `name` varchar(50) NOT NULL default '',
  `email` varchar(50) NOT NULL default '',
  `type` tinyint(3) unsigned NOT NULL default '0',
  `date` date NOT NULL default '0000-00-00',
  PRIMARY KEY  (`bad_link_id`)
) ENGINE=MyISAM DEFAULT CHARSET=latin1;

--
-- Dumping data for table `idx_bad_link`
--


--
-- Table structure for table `idx_badwords`
--

CREATE TABLE `idx_badwords` (
  `word` varchar(100) NOT NULL default ''
) ENGINE=MyISAM DEFAULT CHARSET=latin1;

--
-- Dumping data for table `idx_badwords`
--


--
-- Table structure for table `idx_blocked_domain`
--

CREATE TABLE `idx_blocked_domain` (
  `blocked_id` int(11) NOT NULL auto_increment,
  `blocked` varchar(255) default NULL,
  `type` enum('domain','ip') default NULL,
  PRIMARY KEY  (`blocked_id`)
) ENGINE=MyISAM AUTO_INCREMENT=6 DEFAULT CHARSET=latin1;

--
-- Dumping data for table `idx_blocked_domain`
--

INSERT INTO `idx_blocked_domain` VALUES (1,'buydomains.com','domain'),(2,'this-domain-for-sale.com ','domain'),(3,'oversee.net','domain'),(4,'eNom','domain'),(5,'sedoparking.com','domain');

--
-- Table structure for table `idx_category`
--

CREATE TABLE `idx_category` (
  `category_id` mediumint(9) unsigned NOT NULL auto_increment,
  `parent_id` mediumint(9) unsigned NOT NULL default '0',
  `name` varchar(100) NOT NULL default '',
  `description` text NOT NULL,
  `image` varchar(100) default NULL,
  `content` text,
  `visible` char(1) default NULL,
  `links` mediumint(9) default NULL,
  `meta_keyword` text,
  `meta_description` text,
  `permission` char(2) default NULL,
  `registered_only` char(1) default NULL,
  `header` text NOT NULL,
  `footer` text NOT NULL,
  `related` mediumint(6) NOT NULL default '0',
  `page_title` varchar(200) NOT NULL default '',
  `hits` int(11) NOT NULL default '0',
  `order_num` smallint(6) NOT NULL default '0',
  `basic_price` double unsigned NOT NULL default '0',
  `premium_price` double unsigned NOT NULL default '0',
  `sponsored_price` double unsigned NOT NULL default '0',
  PRIMARY KEY  (`category_id`)
) ENGINE=MyISAM AUTO_INCREMENT=32 DEFAULT CHARSET=latin1;

--
-- Dumping data for table `idx_category`
--

INSERT INTO `idx_category` VALUES (1,0,'Addictions','','folder.gif','','1',0,'','','0','0','','',0,'',0,0,0,0,0),(2,0,'Alternative Health','','folder.gif','','1',0,'','','0','0','','',0,'',0,0,0,0,0),(3,0,'Beauty','','folder.gif','','1',0,'','','0','0','','',0,'',0,0,0,0,0),(4,0,'Child Health','','folder.gif','','1',0,'','','0','0','','',0,'',0,0,0,0,0),(5,0,'Conditions and Diseases','','folder.gif','','1',0,'','','0','0','','',0,'',0,0,0,0,0),(6,0,'Consumer Products','','folder.gif','','1',0,'','','0','0','','',0,'',0,0,0,0,0),(7,0,'Dentistry','','folder.gif','','1',0,'','','0','0','','',0,'',0,0,0,0,0),(8,0,'Directories','','folder.gif','','1',0,'','','0','0','','',0,'',0,0,0,0,0),(9,0,'Disabilities','','folder.gif','','1',0,'','','0','0','','',0,'',0,0,0,0,0),(10,0,'Education','','folder.gif','','1',0,'','','0','0','','',0,'',0,0,0,0,0),(11,0,'Emergency Services','','folder.gif','','1',0,'','','0','0','','',0,'',0,0,0,0,0),(12,0,'Employment','','folder.gif','','1',0,'','','0','0','','',0,'',0,0,0,0,0),(13,0,'Environmental Health','','folder.gif','','1',0,'','','0','0','','',0,'',0,0,0,0,0),(14,0,'Fitness','','folder.gif','','1',0,'','','0','0','','',0,'',0,0,0,0,0),(15,0,'Healthcare','','folder.gif','','1',0,'','','0','0','','',0,'',0,0,0,0,0),(16,0,'Hospitals and Medical Centers','','folder.gif','','1',0,'','','0','0','','',0,'',0,0,0,0,0),(17,0,'Medicine','','folder.gif','','1',0,'','','0','0','','',0,'',0,0,0,0,0),(18,0,'Mens Health','','folder.gif','','1',0,'','','0','0','','',0,'',0,0,0,0,0),(19,0,'Mental Health','','folder.gif','','1',0,'','','0','0','','',0,'',0,0,0,0,0),(20,0,'Nursing','','folder.gif','','1',0,'','','0','0','','',0,'',1,0,0,0,0),(21,0,'Nutrition ','','folder.gif','','1',0,'','','0','0','','',0,'',0,0,0,0,0),(22,0,'Pet Health','','folder.gif','','1',0,'','','0','0','','',0,'',0,0,0,0,0),(23,0,'Procedures and Therapies','','folder.gif','','1',0,'','','0','0','','',0,'',0,0,0,0,0),(24,0,'Products and Shopping ','','folder.gif','','1',0,'','','0','0','','',0,'',0,0,0,0,0),(25,0,'Resources','','folder.gif','','1',0,'','','0','0','','',0,'',0,0,0,0,0),(26,0,'Services','','folder.gif','','1',0,'','','0','0','','',0,'',0,0,0,0,0),(27,0,'Sexual Health','','folder.gif','','1',0,'','','0','0','','',0,'',0,0,0,0,0),(28,0,'Spas','','folder.gif','','1',0,'','','0','0','','',0,'',0,0,0,0,0),(29,0,'Teen Health','','folder.gif','','1',0,'','','0','0','','',0,'',0,0,0,0,0),(30,0,'Weight Loss','','folder.gif','','1',0,'','','0','0','','',0,'',0,0,0,0,0),(31,0,'Womens Health','','folder.gif','','1',0,'','','0','0','','',0,'',0,0,0,0,0);

--
-- Table structure for table `idx_category_path`
--

CREATE TABLE `idx_category_path` (
  `category_id` mediumint(9) NOT NULL default '0',
  `path` text,
  `path_with_url` text,
  `parents` text,
  PRIMARY KEY  (`category_id`)
) ENGINE=MyISAM DEFAULT CHARSET=latin1;

--
-- Dumping data for table `idx_category_path`
--

INSERT INTO `idx_category_path` VALUES (1,'Addictions','<a href=\"http://medicalprofessionalsworld.com/addictions/\" name=\"cat_1\" style=\"\">Addictions</a>',';0;'),(2,'Alternative Health','<a href=\"http://medicalprofessionalsworld.com/alternative-health/\" name=\"cat_2\" style=\"\">Alternative Health</a>',';0;'),(3,'Beauty','<a href=\"http://medicalprofessionalsworld.com/beauty/\" name=\"cat_3\" style=\"\">Beauty</a>',';0;'),(4,'Child Health','<a href=\"http://medicalprofessionalsworld.com/child-health/\" name=\"cat_4\" style=\"\">Child Health</a>',';0;'),(5,'Conditions and Diseases','<a href=\"http://medicalprofessionalsworld.com/conditions-and-diseases/\" name=\"cat_5\" style=\"\">Conditions and Diseases</a>',';0;'),(6,'Consumer Products','<a href=\"http://medicalprofessionalsworld.com/consumer-products/\" name=\"cat_6\" style=\"\">Consumer Products</a>',';0;'),(7,'Dentistry','<a href=\"http://medicalprofessionalsworld.com/dentistry/\" name=\"cat_7\" style=\"\">Dentistry</a>',';0;'),(8,'Directories','<a href=\"http://medicalprofessionalsworld.com/directories/\" name=\"cat_8\" style=\"\">Directories</a>',';0;'),(9,'Disabilities','<a href=\"http://medicalprofessionalsworld.com/disabilities/\" name=\"cat_9\" style=\"\">Disabilities</a>',';0;'),(10,'Education','<a href=\"http://medicalprofessionalsworld.com/education/\" name=\"cat_10\" style=\"\">Education</a>',';0;'),(11,'Emergency Services','<a href=\"http://medicalprofessionalsworld.com/emergency-services/\" name=\"cat_11\" style=\"\">Emergency Services</a>',';0;'),(12,'Employment','<a href=\"http://medicalprofessionalsworld.com/employment/\" name=\"cat_12\" style=\"\">Employment</a>',';0;'),(13,'Environmental Health','<a href=\"http://medicalprofessionalsworld.com/environmental-health/\" name=\"cat_13\" style=\"\">Environmental Health</a>',';0;'),(14,'Fitness','<a href=\"http://medicalprofessionalsworld.com/fitness/\" name=\"cat_14\" style=\"\">Fitness</a>',';0;'),(15,'Healthcare','<a href=\"http://medicalprofessionalsworld.com/healthcare/\" name=\"cat_15\" style=\"\">Healthcare</a>',';0;'),(16,'Hospitals and Medical Centers','<a href=\"http://medicalprofessionalsworld.com/hospitals-and-medical-centers/\" name=\"cat_16\" style=\"\">Hospitals and Medical Centers</a>',';0;'),(17,'Medicine','<a href=\"http://medicalprofessionalsworld.com/medicine/\" name=\"cat_17\" style=\"\">Medicine</a>',';0;'),(18,'Mens Health','<a href=\"http://medicalprofessionalsworld.com/mens-health/\" name=\"cat_18\" style=\"\">Mens Health</a>',';0;'),(19,'Mental Health','<a href=\"http://medicalprofessionalsworld.com/mental-health/\" name=\"cat_19\" style=\"\">Mental Health</a>',';0;'),(20,'Nursing','<a href=\"http://medicalprofessionalsworld.com/nursing/\" name=\"cat_20\" style=\"\">Nursing</a>',';0;'),(21,'Nutrition ','<a href=\"http://medicalprofessionalsworld.com/nutrition/\" name=\"cat_21\" style=\"\">Nutrition </a>',';0;'),(22,'Pet Health','<a href=\"http://medicalprofessionalsworld.com/pet-health/\" name=\"cat_22\" style=\"\">Pet Health</a>',';0;'),(23,'Procedures and Therapies','<a href=\"http://medicalprofessionalsworld.com/procedures-and-therapies/\" name=\"cat_23\" style=\"\">Procedures and Therapies</a>',';0;'),(24,'Products and Shopping ','<a href=\"http://medicalprofessionalsworld.com/products-and-shopping/\" name=\"cat_24\" style=\"\">Products and Shopping </a>',';0;'),(25,'Resources','<a href=\"http://medicalprofessionalsworld.com/resources/\" name=\"cat_25\" style=\"\">Resources</a>',';0;'),(26,'Services','<a href=\"http://medicalprofessionalsworld.com/services/\" name=\"cat_26\" style=\"\">Services</a>',';0;'),(27,'Sexual Health','<a href=\"http://medicalprofessionalsworld.com/sexual-health/\" name=\"cat_27\" style=\"\">Sexual Health</a>',';0;'),(28,'Spas','<a href=\"http://medicalprofessionalsworld.com/spas/\" name=\"cat_28\" style=\"\">Spas</a>',';0;'),(29,'Teen Health','<a href=\"http://medicalprofessionalsworld.com/teen-health/\" name=\"cat_29\" style=\"\">Teen Health</a>',';0;'),(30,'Weight Loss','<a href=\"http://medicalprofessionalsworld.com/weight-loss/\" name=\"cat_30\" style=\"\">Weight Loss</a>',';0;'),(31,'Womens Health','<a href=\"http://medicalprofessionalsworld.com/womens-health/\" name=\"cat_31\" style=\"\">Womens Health</a>',';0;');

--
-- Table structure for table `idx_category_suggession`
--

CREATE TABLE `idx_category_suggession` (
  `id_cat_suggession` int(11) NOT NULL auto_increment,
  `parent_id` int(11) default NULL,
  `name` varchar(255) default NULL,
  `category_description` text,
  `date` datetime default NULL,
  PRIMARY KEY  (`id_cat_suggession`)
) ENGINE=MyISAM DEFAULT CHARSET=latin1;

--
-- Dumping data for table `idx_category_suggession`
--


--
-- Table structure for table `idx_checkurl`
--

CREATE TABLE `idx_checkurl` (
  `link_id` mediumint(9) NOT NULL default '0',
  `date` date NOT NULL default '0000-00-00',
  `live` char(1) NOT NULL default '',
  `reciprocal_found` char(1) NOT NULL default '',
  PRIMARY KEY  (`link_id`)
) ENGINE=MyISAM DEFAULT CHARSET=latin1;

--
-- Dumping data for table `idx_checkurl`
--


--
-- Table structure for table `idx_cronjobs`
--

CREATE TABLE `idx_cronjobs` (
  `cronjobs_id` int(11) NOT NULL auto_increment,
  `cronjobs_name` varchar(255) default NULL,
  `filename` varchar(255) NOT NULL,
  `schedule` varchar(255) NOT NULL,
  `time` datetime NOT NULL,
  `execution` varchar(1) NOT NULL,
  PRIMARY KEY  (`cronjobs_id`)
) ENGINE=MyISAM AUTO_INCREMENT=4 DEFAULT CHARSET=latin1;

--
-- Dumping data for table `idx_cronjobs`
--

INSERT INTO `idx_cronjobs` VALUES (1,NULL,'clear_templates_c.php','1,*,*,*,*','0000-00-00 00:00:00',''),(2,NULL,'update_tag_cloud.php','*,24,*,*,*','0000-00-00 00:00:00',''),(3,NULL,'clear_rss_cache.php','*,24,*,*,*','0000-00-00 00:00:00','');

--
-- Table structure for table `idx_custom_field`
--

CREATE TABLE `idx_custom_field` (
  `field_name` varchar(32) NOT NULL default '',
  `field_text` varchar(64) NOT NULL default '',
  `field_type` enum('TEXT','TEXTAREA','SELECT','MULTISELECT','CHECKBOX','RADIO','FILE','IMAGE','DATE','DATETIME','RICHEDITOR') NOT NULL default 'TEXT',
  `field_option` text NOT NULL,
  `field_img_width` int(10) unsigned NOT NULL default '0',
  `field_img_height` int(10) unsigned NOT NULL default '0',
  `field_file_size` int(10) unsigned NOT NULL default '0',
  `field_file_extension` varchar(64) NOT NULL default '',
  `required` char(1) NOT NULL default '0',
  `searchable` char(1) NOT NULL default '1',
  `permission` char(1) NOT NULL default '0'
) ENGINE=MyISAM DEFAULT CHARSET=latin1;

--
-- Dumping data for table `idx_custom_field`
--

INSERT INTO `idx_custom_field` VALUES ('image','Image','IMAGE','',0,0,0,'','0','0','2'),('address','Address','TEXT','',0,0,0,'','0','0','0'),('city','City','TEXT','',0,0,0,'','0','0','0'),('state','State','TEXT','',0,0,0,'','0','0','0'),('country','Country','TEXT','',0,0,0,'','0','0','0'),('zip','Zip','TEXT','',0,0,0,'','0','0','0'),('phone','Phone','TEXT','',0,0,0,'','0','0','0'),('fax','Fax','TEXT','',0,0,0,'','0','0','0');

--
-- Table structure for table `idx_default_field`
--

CREATE TABLE `idx_default_field` (
  `field_name` varchar(64) NOT NULL,
  `required` char(1) NOT NULL,
  `visible` char(1) NOT NULL default '1',
  `searchable` char(1) NOT NULL default '1'
) ENGINE=MyISAM DEFAULT CHARSET=latin1;

--
-- Dumping data for table `idx_default_field`
--

INSERT INTO `idx_default_field` VALUES ('title','1','1','1'),('url','1','1','1'),('description','1','1','1'),('keywords','1','1','0'),('contact_name','1','1','1'),('email','1','1','1'),('reciprocal_url','0','0','1');

--
-- Table structure for table `idx_discount_coupon`
--

CREATE TABLE `idx_discount_coupon` (
  `coupon_id` int(11) NOT NULL auto_increment,
  `coupon_code` varchar(255) default NULL,
  `coupon_value` varchar(50) default NULL,
  `link_type` varchar(255) default NULL,
  `start_date` date default NULL,
  `expired_date` date default NULL,
  `expired_usage` int(11) default NULL,
  `usage_count` int(11) default NULL,
  PRIMARY KEY  (`coupon_id`)
) ENGINE=MyISAM DEFAULT CHARSET=latin1;

--
-- Dumping data for table `idx_discount_coupon`
--


--
-- Table structure for table `idx_editor`
--

CREATE TABLE `idx_editor` (
  `username` varchar(20) default NULL,
  `category_id` mediumint(9) default NULL,
  `category` char(1) default NULL,
  `link` char(1) default NULL,
  `review` char(1) default NULL,
  `pick` char(1) default NULL,
  `status` char(1) default NULL,
  `date` date default NULL
) ENGINE=MyISAM DEFAULT CHARSET=latin1;

--
-- Dumping data for table `idx_editor`
--


--
-- Table structure for table `idx_email_template`
--

CREATE TABLE `idx_email_template` (
  `email_template_id` int(10) unsigned NOT NULL auto_increment,
  `name` varchar(255) default NULL,
  `subject` varchar(255) default NULL,
  `body` text,
  `altbody` text,
  PRIMARY KEY  (`email_template_id`)
) ENGINE=MyISAM AUTO_INCREMENT=37 DEFAULT CHARSET=latin1;

--
-- Dumping data for table `idx_email_template`
--

INSERT INTO `idx_email_template` VALUES (1,'add_ok','Resource Added','<div style=\"font-weight:bold;\">Thank you for your submission to <%$site_name%></div>\r\n<p>\r\n<div style=\"float:left;width:200px;\">Resource ID</div>\r\n<div style=\"float:left;width:10px;\"> : </div>\r\n<div style=\"float:left;width:200px;\"><%$link_id%></div>\r\n<div style=\"float:left;width:200px;\">Title</div>\r\n<div style=\"float:left;width:10px;\"> : </div>\r\n<div style=\"float:left;width:200px;\"><%$title%></div>\r\n<div style=\"float:left;width:200px;\">Url</div>\r\n<div style=\"float:left;width:10px;\">  : </div>\r\n<div style=\"float:left;width:200px;\"><%$url%></div>\r\n<div style=\"float:left;width:200px;\">Description </div>\r\n<div style=\"float:left;width:10px;\"> : </div>\r\n<div style=\"float:left;width:200px;\"><%$description%></div>\r\n<div style=\"float:left;width:200px;\">Category </div>\r\n<div style=\"float:left;width:10px;\"> : </div>\r\n<div style=\"float:left;width:200px;\"><%$category%></div>\r\n<div style=\"float:left;width:200px;\">Contact name</div>\r\n<div style=\"float:left;width:10px;\"> : </div>\r\n<div style=\"float:left;width:200px;\"><%$contact_name%></div>\r\n<div style=\"float:left;width:200px;\">Email</div>\r\n<div style=\"float:left;width:10px;\">  : </div>\r\n<div style=\"float:left;width:200px;\"><%$email%></div>\r\n<div style=\"float:left;width:200px;\">Password </div>\r\n<div style=\"float:left;width:10px;\"> : </div>\r\n<div style=\"float:left;width:200px;\"><%$password%></div>\r\n<p>\r\nYour link has been added.\r\n<p>\r\n<p>\r\nRegards,\r\n<p>\r\n<%$site_name%> Team\r\n','Thank you for your submission to <%$site_name%>\r\nResource ID  : <%$link_id%>\r\nTitle        : <%$title%>\r\nUrl          : <%$url%>\r\nDescription  : <%$description%>\r\nCategory     : <%$category%>\r\nContact name : <%$contact_name%>\r\nEmail        : <%$email%>\r\nPassword     : <%$password%>\r\nYour link has been added.\r\nRegards,\r\n<%$site_name%> Team'),(2,'add_ok_editor','Resource Added','<div style=\"font-family:arial;font-size:12px;\">\r\nThere\'s a new submission to <b><%$site_name%></b>.\r\n<p>\r\n<p>\r\n<table cellspacing=0 cellpadding=0>\r\n<tr><td style=\"width:100px;\">Resource ID</td><td style=\"width:10px;\">:</td><td ><%$link_id%></td></tr>\r\n<tr><td style=\"width:100px;\">Title</td><td style=\"width:10px;\">:</td><td ><%$title%></td></tr>\r\n<tr><td style=\"width:100px;\">Url</td><td style=\"width:10px;\">:</td><td ><%$url%></td></tr>\r\n<tr><td style=\"width:100px;\">Description</td><td style=\"width:10px;\">:</td><td ><%$description%></td></tr>\r\n<tr><td style=\"width:100px;\">Category</td><td style=\"width:10px;\">:</td><td ><%$category%></td></tr>\r\n<tr><td style=\"width:100px;\">Contact name</td><td style=\"width:10px;\">:</td><td ><%$contact_name%></td></tr>\r\n<tr><td style=\"width:100px;\">Email/td><td style=\"width:10px;\">:</td><td ><%$email%></td></tr>\r\n</table>\r\n<p>\r\nThe category permissions allow webmasters to add/modify links without needing approval.\r\nThe link has been added.\r\n<p>\r\n<p>\r\nRegards,\r\n<p>\r\n<%$site_name%> Team\r\n</div>','There\'s a new submission to <%$site_name%>.\r\nResource ID  : <%$link_id%>\r\nTitle        : <%$title%>\r\nUrl          : <%$url%>\r\nDescription  : <%$description%>\r\nCategory     : <%$category%>\r\nContact name : <%$contact_name%>\r\nEmail        : <%$email%>\r\nThe category permissions allow webmasters to add/modify links without needing approval.\r\nThe link has beed added.\r\nRegards,\r\n<%$site_name%> Team\r\n'),(3,'add_ok_subscriber','Resource Added','<div style=\"font-family:arial;font-size:12px;\">\r\nYou are receiving this email because you have a subscription for update notifications in <b><%$category%></b> category.\r\n<p>\r\nThere\'s a new submission to <b><%$site_name%><b>.\r\n<p>\r\n<table cellspacing=0 cellpadding=0>\r\n<tr><td style=\"width:100px;\">Resource ID</td><td style=\"width:10px;\">:</td><td ><%$link_id%></td></tr>\r\n<tr><td style=\"width:100px;\">Title</td><td style=\"width:10px;\">:</td><td ><%$title%></td></tr>\r\n<tr><td style=\"width:100px;\">Url</td><td style=\"width:10px;\">:</td><td ><%$url%></td></tr>\r\n<tr><td style=\"width:100px;\">Description</td><td style=\"width:10px;\">:</td><td ><%$description%></td></tr>\r\n<tr><td style=\"width:100px;\">Category</td><td style=\"width:10px;\">:</td><td ><%$category%></td></tr>\r\n<tr><td style=\"width:100px;\">Contact name</td><td style=\"width:10px;\">:</td><td ><%$contact_name%></td></tr>\r\n</table>\r\n<p>\r\n<p>\r\nRegards,\r\n<p>\r\n<b><%$site_name%></b> Team\r\n</div>','You are receiving this email because you have a subscription for update notifications in <%$category%> category.\r\nThere\'s a new submission to <%$site_name%>.\r\nResource ID  : <%$link_id%>\r\nTitle        : <%$title%>\r\nUrl          : <%$url%>\r\nDescription  : <%$description%>\r\nCategory     : <%$category%>\r\nContact name : <%$contact_name%>\r\nRegards,\r\n<%$site_name%> Team\r\n'),(4,'add_pending','Pending Resource','<div style=\"font-family:arial;font-size:12px;\">\r\nThank you for your submission to <b><%$site_name%></b>.\r\n<p>\r\n<table cellspacing=0 cellpadding=0>\r\n<tr><td style=\"width:100px;\">Title</td><td style=\"width:10px;\">:</td><td ><%$title%></td></tr>\r\n<tr><td style=\"width:100px;\">Url</td><td style=\"width:10px;\">:</td><td ><%$url%></td></tr>\r\n<tr><td style=\"width:100px;\">Description</td><td style=\"width:10px;\">:</td><td ><%$description%></td></tr>\r\n<tr><td style=\"width:100px;\">Category</td><td style=\"width:10px;\">:</td><td ><%$category%></td></tr>\r\n<tr><td style=\"width:100px;\">Contact name</td><td style=\"width:10px;\">:</td><td ><%$contact_name%></td></tr>\r\n<tr><td style=\"width:100px;\">Email</td><td style=\"width:10px;\">:</td><td ><%$email%></td></tr>\r\n</table>\r\n<p>\r\n<p>\r\nYour link will be reviewed by our team. We will contact you as soon <br>\r\nas we have reviewed your link.\r\n<p>\r\n<p>\r\nRegards,\r\n<p>\r\n<b><%$site_name%></b> Team\r\n</div>','Thank you for your submission to <%$site_name%>.\r\nTitle        : <%$title%>\r\nUrl          : <%$url%>\r\nDescription  : <%$description%>\r\nCategory     : <%$category%>\r\nContact name : <%$contact_name%>\r\nEmail        : <%$email%>\r\nYour link will be reviewed by our team. We will contact you as soon \r\nas we have reviewed your link.\r\nRegards,\r\n<%$site_name%> Team\r\n'),(5,'add_pending_editor','Pending Resource','<div style=\"font-family:arial;font-size:12px;\">\r\nThere\'s a new submission to <b><%$site_name%></b>.\r\n<p>\r\n<table cellspacing=0 cellpadding=0>\r\n<tr><td style=\"width:100px;\">Title</td><td style=\"width:10px;\">:</td><td ><%$title%></td></tr>\r\n<tr><td style=\"width:100px;\">Url</td><td style=\"width:10px;\">:</td><td ><%$url%></td></tr>\r\n<tr><td style=\"width:100px;\">Description</td><td style=\"width:10px;\">:</td><td ><%$description%></td></tr>\r\n<tr><td style=\"width:100px;\">Category</td><td style=\"width:10px;\">:</td><td ><%$category%></td></tr>\r\n<tr><td style=\"width:100px;\">Contact name</td><td style=\"width:10px;\">:</td><td ><%$contact_name%></td></tr>\r\n<tr><td style=\"width:100px;\">Email</td><td style=\"width:10px;\">:</td><td ><%$email%></td></tr>\r\n</table>\r\n<p>\r\n<p>\r\nYou need to review this link here:<br>\r\n<label style=\"margin-left:10px;\"><a href=\"<%$site_url%>/cp/editor_link_validate.php\"><%$site_url%>/cp/editor_link_validate.php</a></label><br>\r\nYou can approve this submission by clicking here:<br>\r\n<label style=\"margin-left:10px;\"><a href=\"<%$approve_notice%>\"><%$approve_notice%></a></label><br>\r\nYou can reject this submission by clicking here:<br>\r\n<label style=\"margin-left:10px;\"><a href=\"<%$reject_notice%>\"><%$reject_notice%></a></label><br>\r\nSilent reject here:<br>\r\n<label style=\"margin-left:10px;\"><a href=\"<%$reject_silent%>\"><%$reject_silent%></a></label><br>\r\n\r\n<p>\r\n<p>\r\nRegards,\r\n<p>\r\n<b><%$site_name%></b> Team\r\n</div>\r\n','There\'s a new submission to <%$site_name%>.\r\nTitle        : <%$title%>\r\nUrl          : <%$url%>\r\nDescription  : <%$description%>\r\nCategory     : <%$category%>\r\nContact name : <%$contact_name%>\r\nEmail        : <%$email%>\r\nYou need to review this link here:\r\n<%$site_url%>/cp/editor_link_validate.php\r\nYou can approve this submission by clicking here:\r\n<%$approve_notice%>\r\nYou can reject this submission by clicking here:\r\n<%$reject_notice%>\r\nSilent reject here:\r\n<%$reject_silent%>\r\n\r\nRegards,\r\n<%$site_name%> Team\r\n'),(6,'approved','Editor Approved.','<div style=\"font-family:arial;font-size:12px;\">\r\nYour submission at <b><%$site_name%></b> has been approved.\r\n<p>\r\n<table cellspacing=0 cellpadding=0>\r\n<tr><td style=\"width:100px;\">Resource ID</td><td style=\"width:10px;\">:</td><td ><%$link_id%></td></tr>\r\n<tr><td style=\"width:100px;\">Title</td><td style=\"width:10px;\">:</td><td ><%$title%></td></tr>\r\n<tr><td style=\"width:100px;\">Url</td><td style=\"width:10px;\">:</td><td ><%$url%></td></tr>\r\n<tr><td style=\"width:100px;\">Description</td><td style=\"width:10px;\">:</td><td ><%$description%></td></tr>\r\n<tr><td style=\"width:100px;\">Category</td><td style=\"width:10px;\">:</td><td ><%$category%></td></tr>\r\n<tr><td style=\"width:100px;\">Contact name</td><td style=\"width:10px;\">:</td><td ><%$contact_name%></td></tr>\r\n<tr><td style=\"width:100px;\">Email</td><td style=\"width:10px;\">:</td><td ><%$email%></td></tr>\r\n<tr><td style=\"width:100px;\">Password </td><td style=\"width:10px;\">:</td><td ><%$password%></td></tr>\r\n</table>\r\n<p>\r\n<p>\r\nRegards,\r\n<p>\r\n<b><%$site_name%></b> Team\r\n</div>','Your submission at <%$site_name%> has been approved.\r\nResource ID  : <%$link_id%>\r\nTitle        : <%$title%>\r\nUrl          : <%$url%>\r\nDescription  : <%$description%>\r\nCategory     : <%$category%>\r\nContact name : <%$contact_name%>\r\nEmail        : <%$email%>\r\nPassword     : <%$password%>\r\nRegards,\r\n<%$site_name%> Team\r\n'),(7,'approved_editor','Link approved','<div style=\"font-family:arial;font-size:12px;\">\r\nThe following submission has been approved.\r\n<p>\r\n<table cellspacing=0 cellpadding=0>\r\n<tr><td style=\"width:100px;\">Resource ID</td><td style=\"width:10px;\">:</td><td ><%$link_id%></td></tr>\r\n<tr><td style=\"width:100px;\">Title</td><td style=\"width:10px;\">:</td><td ><%$title%></td></tr>\r\n<tr><td style=\"width:100px;\">Url</td><td style=\"width:10px;\">:</td><td ><%$url%></td></tr>\r\n<tr><td style=\"width:100px;\">Description</td><td style=\"width:10px;\">:</td><td ><%$description%></td></tr>\r\n<tr><td style=\"width:100px;\">Category</td><td style=\"width:10px;\">:</td><td ><%$category%></td></tr>\r\n<tr><td style=\"width:100px;\">Contact name</td><td style=\"width:10px;\">:</td><td ><%$contact_name%></td></tr>\r\n<tr><td style=\"width:100px;\">Email</td><td style=\"width:10px;\">:</td><td ><%$email%></td></tr>\r\n</table>\r\n<p>\r\n<p>\r\nRegards,\r\n<p>\r\n<b><%$site_name%></b> Team\r\n</div>','The following submission has been approved.\r\nResource ID  : <%$link_id%>\r\nTitle        : <%$title%>\r\nUrl          : <%$url%>\r\nDescription  : <%$description%>\r\nCategory     : <%$category%>\r\nContact name : <%$contact_name%>\r\nEmail        : <%$email%>\r\nRegards,\r\n<%$site_name%> Team\r\n'),(8,'approved_subscriber','link_approved','<div style=\"font-family:arial;font-size:12px;\">\r\nYou are receiving this email because you have a subscription for update notifications in <b><%$category%></b> category.\r\n<p>\r\nThe following submission has been approved.\r\n<p>\r\n<table cellspacing=0 cellpadding=0>\r\n<tr><td style=\"width:100px;\">Resource ID</td><td style=\"width:10px;\">:</td><td ><%$link_id%></td></tr>\r\n<tr><td style=\"width:100px;\">Title</td><td style=\"width:10px;\">:</td><td ><%$title%></td></tr>\r\n<tr><td style=\"width:100px;\">Url</td><td style=\"width:10px;\">:</td><td ><%$url%></td></tr>\r\n<tr><td style=\"width:100px;\">Description</td><td style=\"width:10px;\">:</td><td ><%$description%></td></tr>\r\n<tr><td style=\"width:100px;\">Category</td><td style=\"width:10px;\">:</td><td ><%$category%></td></tr>\r\n<tr><td style=\"width:100px;\">Contact name</td><td style=\"width:10px;\">:</td><td ><%$contact_name%></td></tr>\r\n</table>\r\n<p>\r\n<p>\r\nRegards,\r\n<p>\r\n<b><%$site_name%></b> Team\r\n</div>','You are receiving this email because you have a subscription for update notifications in <%$category%> category.\r\nThe following submission has been approved.\r\nResource ID  : <%$link_id%>\r\nTitle        : <%$title%>\r\nUrl          : <%$url%>\r\nDescription  : <%$description%>\r\nCategory     : <%$category%>\r\nContact name : <%$contact_name%>\r\nRegards,\r\n<%$site_name%> Team\r\n'),(9,'bad_link_editor','Broken link report','<div style=\"font-family:arial;font-size:12px;\">\r\nThere\'s a new bad link report submission to <b><%$site_name%></b>.\r\n<p>\r\n<table cellspacing=0 cellpadding=0>\r\n<tr><td style=\"width:100px;\">Title</td><td style=\"width:10px;\">:</td><td ><%$title%></td></tr>\r\n<tr><td style=\"width:100px;\">Url</td><td style=\"width:10px;\">:</td><td ><%$url%></td></tr>\r\n<tr><td style=\"width:100px;\">Description</td><td style=\"width:10px;\">:</td><td ><%$description%></td></tr>\r\n<tr><td style=\"width:100px;\">Category</td><td style=\"width:10px;\">:</td><td ><%$category%></td></tr>\r\n<tr><td style=\"width:100px;\">Name</td><td style=\"width:10px;\">:</td><td ><%$r_name%></td></tr>\r\n<tr><td style=\"width:100px;\">Email</td><td style=\"width:10px;\">:</td><td ><%$email%></td></tr>\r\n<tr><td style=\"width:100px;\">Error type</td><td style=\"width:10px;\">:</td><td ><%$type_val%></td></tr>\r\n</table>\r\n<p>\r\nThis report has been added in your administrator area.<br>\r\nPlease review this report here:<br>\r\n<a href=\"<%$site_url%>/admin/link_bad.php\"><%$site_url%>/admin/link_bad.php</a>\r\n<p>\r\n<p>\r\nRegards,\r\n<p>\r\n<b><%$site_name%></b> Team\r\n</div>','There\'s a new bad link report submission to <%$site_name%>.\r\nTitle       : <%$title%>\r\nUrl         : <%$url%>\r\nDescription : <%$description%>\r\nCategory    : <%$category%>\r\nName        : <%$r_name%>\r\nEmail       : <%$r_email%>\r\nError type  : <%$type_val%>\r\nThis report has been added in your administrator area.\r\nPlease review this report here:\r\n<%$site_url%>/admin/link_bad.php\r\nRegards,\r\n<%$site_name%> Team\r\n'),(10,'become_editor_approved','Editor Approved.','<div style=\"font-family:arial;font-size:12px;\">\r\nYour request to become an editor at <b><%$site_name%></b> has been approved.\r\n<p>\r\n<table cellspacing=0 cellpadding=0>\r\n<tr><td style=\"width:100px;\">Username</td><td style=\"width:10px;\">:</td><td ><%$username%></td></tr>\r\n<tr><td style=\"width:100px;\">Name </td><td style=\"width:10px;\">:</td><td ><%$name%></td></tr>\r\n<tr><td style=\"width:100px;\">Email</td><td style=\"width:10px;\">:</td><td ><%$email%></td></tr>\r\n<tr><td style=\"width:100px;\">Category </td><td style=\"width:10px;\">:</td><td ><%$category%></td></tr>\r\n</table>\r\n<p>\r\n<p>\r\nRegards,\r\n<p>\r\n<b><%$site_name%></b> Team\r\n</div>','Your request to become an editor at <%$site_name%> has been approved.\r\nUsername  : <%$username%>\r\nName      : <%$name%>\r\nEmail     : <%$email%>\r\nCategory  : <%$category%>\r\nRegards,\r\n<%$site_name%> Team\r\n'),(11,'become_editor_pending','Request to become an editor','<div style=\"font-family:arial;font-size:12px;\">\r\nThank you for your request to become an editor at <b><%$site_name%></b>.\r\n<p>\r\n<table cellspacing=0 cellpadding=0>\r\n<tr><td style=\"width:100px;\">Username</td><td style=\"width:10px;\">:</td><td ><%$username%></td></tr>\r\n<tr><td style=\"width:100px;\">Name </td><td style=\"width:10px;\">:</td><td ><%$name%></td></tr>\r\n<tr><td style=\"width:100px;\">Email</td><td style=\"width:10px;\">:</td><td ><%$email%></td></tr>\r\n<tr><td style=\"width:100px;\">Category </td><td style=\"width:10px;\">:</td><td ><%$category%></td></tr>\r\n</table>\r\n<p>\r\nYour request will be processed soon.\r\n<p>\r\n<p>\r\nRegards,\r\n<p>\r\n<b><%$site_name%></b> Team\r\n</div>','Thank you for your request to become an editor at <%$site_name%>.\r\nUsername  : <%$username%>\r\nName      : <%$name%>\r\nEmail     : <%$email%>\r\nCategory  : <%$category%>\r\nYour request will be processed soon.\r\nRegards,\r\n<%$site_name%> Team\r\n'),(12,'become_editor_pending_admin','Request to become an editor','<div style=\"font-family:arial;font-size:12px;\">\r\nThere\'s a new request to become an editor at <b><%$site_name%></b>.\r\n<p>\r\n<table cellspacing=0 cellpadding=0>\r\n<tr><td style=\"width:100px;\">Username</td><td style=\"width:10px;\">:</td><td ><%$username%></td></tr>\r\n<tr><td style=\"width:100px;\">Name </td><td style=\"width:10px;\">:</td><td ><%$name%></td></tr>\r\n<tr><td style=\"width:100px;\">Email</td><td style=\"width:10px;\">:</td><td ><%$email%></td></tr>\r\n<tr><td style=\"width:100px;\">Category </td><td style=\"width:10px;\">:</td><td ><%$category%></td></tr>\r\n</table>\r\n<p>\r\nPlease review editor request here:\r\n  <label style=\"margin-left:10px;\"><a href=\"<%$site_url%>/admin/index.php\"><%$site_url%>/admin/index.php</a></label>\r\n<p>\r\n<p>\r\nRegards,\r\n<p>\r\n<b><%$site_name%></b> Team\r\n</div>','There\'s a new request to become an editor at <%$site_name%>.\r\nUsername  : <%$username%>\r\nName      : <%$name%>\r\nEmail     : <%$email%>\r\nCategory  : <%$category%>\r\nPlease review editor requests here:\r\n<%$site_url%>/admin/index.php\r\nRegards,\r\n<%$site_name%> Team\r\n'),(13,'become_editor_rejected','Editor Rejected.','<div style=\"font-family:arial;font-size:12px;\">\r\nYour request to become an editor at <b><%$site_name%></b> has been rejected.\r\n<p>\r\n<table cellspacing=0 cellpadding=0>\r\n<tr><td style=\"width:100px;\">Username</td><td style=\"width:10px;\">:</td><td ><%$username%></td></tr>\r\n<tr><td style=\"width:100px;\">Name </td><td style=\"width:10px;\">:</td><td ><%$name%></td></tr>\r\n<tr><td style=\"width:100px;\">Email</td><td style=\"width:10px;\">:</td><td ><%$email%></td></tr>\r\n<tr><td style=\"width:100px;\">Category </td><td style=\"width:10px;\">:</td><td ><%$category%></td></tr>\r\n</table>\r\n<p>\r\n<p>\r\nRegards,\r\n<p>\r\n<b><%$site_name%></b> Team\r\n</div>','Your request to become an editor at <%$site_name%> has been rejected.\r\nUsername  : <%$username%>\r\nName      : <%$name%>\r\nEmail     : <%$email%>\r\nCategory  : <%$category%>\r\nRegards,\r\n<%$site_name%> Team\r\n'),(14,'inv_ask_payment','<%$company%>, Invoice #<%$invoice_id%>','<div style=\"font-family:arial;font-size:12px;\">\r\nAn invoice has been created, and is available for viewing at the following URL:<br>\r\n<label><a href=\"<%$site_url%>/invoice.php?id=<%$invoice_id%>\"><%$site_url%>/invoice.php?id=<%$invoice_id%></a></label>\r\n<p>\r\nIf you should have any questions, please do not hesitate to contact us.<br>\r\nThank you for your business.\r\n<p>\r\n<p>\r\nRegards,\r\n<p>\r\n<b><%$site_name%></b> Team\r\n</div>','An invoice has been created, and is available for viewing at the following URL:\r\n<%$site_url%>/invoice.php?id=<%$invoice_id%>\r\nIf you should have any questions, please do not hesitate to contact us.\r\nThank you for your business.\r\nRegards,\r\n<%$site_name%> Team\r\n'),(15,'mailing_list_sub','Mailing list subscription','<div style=\"font-family:arial;font-size:12px;\">\r\nThank you. Your email address, <b><%$email%></b> has been added to our mailing list.\r\n<p>\r\n<p>\r\nRegards,\r\n<p>\r\n<%$site_name%> Team\r\n</div>','Thank you. Your email address, <%$email%> has been added to our mailing list.\r\nRegards,\r\n<%$site_name%> Team\r\n'),(16,'mailing_list_sub_confirm','Mailing list validation code','<div style=\"font-family:arial;font-size:12px;\">\r\nWe received your subscription request onto our mailing list.<br>\r\nPlease confirm your subscription here:<br>\r\n<label style=\"margin-left:50px;\"><a href=\"<%$confirm_url%>\"><%$confirm_url%></a></label>\r\n<p>\r\n<p>\r\nRegards,\r\n<p>\r\n<b><%$site_name%></b> Team\r\n</div>','We received your subscription request onto our mailing list.\r\nPlease confirm your subscription here:\r\n<%$confirm_url%>\r\nRegards,\r\n<%$site_name%> Team\r\n'),(17,'modify_ok','Resource Modified','<div style=\"font-family:arial;font-size:12px;\">\r\nThank you for your submission to <b><%$site_name%></b>.\r\n<table cellspacing=0 cellpadding=0>\r\n<tr><td style=\"width:100px;\">Title</td><td style=\"width:10px;\">:</td><td ><%$title%></td></tr>\r\n<tr><td style=\"width:100px;\">Url</td><td style=\"width:10px;\">:</td><td ><%$url%></td></tr>\r\n<tr><td style=\"width:100px;\">Description</td><td style=\"width:10px;\">:</td><td ><%$description%></td></tr>\r\n<tr><td style=\"width:100px;\">Category</td><td style=\"width:10px;\">:</td><td ><%$category%></td></tr>\r\n<tr><td style=\"width:100px;\">Contact name</td><td style=\"width:10px;\">:</td><td ><%$contact_name%></td></tr>\r\n<tr><td style=\"width:100px;\">Email/td><td style=\"width:10px;\">:</td><td ><%$email%></td></tr>\r\n</table>\r\n<p>\r\nYour link has been changed.\r\n<p>\r\n<p>\r\nRegards,\r\n<p>\r\n<b><%$site_name%></b> Team\r\n</div>','Thank you for your submission to <%$site_name%>.\r\nTitle        : <%$title%>\r\nUrl          : <%$url%>\r\nDescription  : <%$description%>\r\nCategory     : <%$category%>\r\nContact name : <%$contact_name%>\r\nEmail        : <%$email%>\r\nYour link has been changed.\r\nRegards,\r\n<%$site_name%> Team\r\n'),(18,'modify_ok_editor','Resource Modified','<div style=\"font-family:arial;font-size:12px;\">\r\nThere\'s a new submission to <%$site_name%>.\r\nTitle        : <%$title%>\r\nUrl          : <%$url%>\r\nDescription  : <%$description%>\r\nCategory     : <%$category%>\r\nContact name : <%$contact_name%>\r\nEmail        : <%$email%>\r\nThe category permissions allow webmasters to add/modify links without approval.\r\nThe link has been modified.\r\n<p>\r\n<p>\r\nRegards,\r\n<p>\r\n<b><%$site_name%></b> Team\r\n</div>','There\'s a new submission to <%$site_name%>.\r\nTitle        : <%$title%>\r\nUrl          : <%$url%>\r\nDescription  : <%$description%>\r\nCategory     : <%$category%>\r\nContact name : <%$contact_name%>\r\nEmail        : <%$email%>\r\nThe category permissions allow webmasters to add/modify links without approval.\r\nThe link has been modified.\r\nRegards,\r\n<%$site_name%> Team\r\n'),(19,'modify_ok_subscriber','Resource Modified','<div style=\"font-family:arial;font-size:12px;\">\r\nYou are receiving this email because you have a subscription for update notifications in <b><%$category%></b> category.\r\n<p>\r\nThere\'s a new submission to <b><%$site_name%></b>.\r\n<p>\r\n<table cellspacing=0 cellpadding=0>\r\n<tr><td style=\"width:100px;\">Title</td><td style=\"width:10px;\">:</td><td ><%$title%></td></tr>\r\n<tr><td style=\"width:100px;\">Url</td><td style=\"width:10px;\">:</td><td ><%$url%></td></tr>\r\n<tr><td style=\"width:100px;\">Description</td><td style=\"width:10px;\">:</td><td ><%$description%></td></tr>\r\n<tr><td style=\"width:100px;\">Category</td><td style=\"width:10px;\">:</td><td ><%$category%></td></tr>\r\n<tr><td style=\"width:100px;\">Contact name</td><td style=\"width:10px;\">:</td><td ><%$contact_name%></td></tr>\r\n</table>\r\n<p>\r\n<p>\r\nRegards,\r\n<p>\r\n<b><%$site_name%></b> Team\r\n</div>','You are receiving this email because you have a subscription for update notifications in <%$category%> category.\r\nThere\'s a new submission to <%$site_name%>.\r\nTitle        : <%$title%>\r\nUrl          : <%$url%>\r\nDescription  : <%$description%>\r\nCategory     : <%$category%>\r\nContact name : <%$contact_name%>\r\nRegards,\r\n<%$site_name%> Team\r\n'),(20,'modify_pending','Resource Modified','<div style=\"font-family:arial;font-size:12px;\">\r\nThank you for your submission to <b><%$site_name%><b>.\r\n<p>\r\n<table cellspacing=0 cellpadding=0>\r\n<tr><td style=\"width:100px;\">Title</td><td style=\"width:10px;\">:</td><td ><%$title%></td></tr>\r\n<tr><td style=\"width:100px;\">Url</td><td style=\"width:10px;\">:</td><td ><%$url%></td></tr>\r\n<tr><td style=\"width:100px;\">Description</td><td style=\"width:10px;\">:</td><td ><%$description%></td></tr>\r\n<tr><td style=\"width:100px;\">Category</td><td style=\"width:10px;\">:</td><td ><%$category%></td></tr>\r\n<tr><td style=\"width:100px;\">Contact name</td><td style=\"width:10px;\">:</td><td ><%$contact_name%></td></tr>\r\n<tr><td style=\"width:100px;\">Email</td><td style=\"width:10px;\">:</td><td ><%$email%></td></tr>\r\n</table>\r\n<p>\r\nYour link will be reviewed by our team. We will contact you as soon <br>\r\nas we have reviewed your link.\r\n<p>\r\n<p>\r\nRegards,\r\n<p>\r\n<b><%$site_name%></b> Team\r\n</div>','Thank you for your submission to <%$site_name%>.\r\nTitle        : <%$title%>\r\nUrl          : <%$url%>\r\nDescription  : <%$description%>\r\nCategory     : <%$category%>\r\nContact name : <%$contact_name%>\r\nEmail        : <%$email%>\r\nYour link will be reviewed by our team. We will contact you as soon \r\nas we have reviewed your link.\r\nRegards,\r\n<%$site_name%> Team\r\n'),(21,'modify_pending_editor','Resource Modified','<div style=\"font-family:arial;font-size:12px;\">\r\nThere\'s a new submission to <b><%$site_name%></b>.\r\n<p>\r\n<table cellspacing=0 cellpadding=0>\r\n<tr><td style=\"width:100px;\">Title</td><td style=\"width:10px;\">:</td><td ><%$title%></td></tr>\r\n<tr><td style=\"width:100px;\">Url</td><td style=\"width:10px;\">:</td><td ><%$url%></td></tr>\r\n<tr><td style=\"width:100px;\">Description</td><td style=\"width:10px;\">:</td><td ><%$description%></td></tr>\r\n<tr><td style=\"width:100px;\">Category</td><td style=\"width:10px;\">:</td><td ><%$category%></td></tr>\r\n<tr><td style=\"width:100px;\">Contact name</td><td style=\"width:10px;\">:</td><td ><%$contact_name%></td></tr>\r\n<tr><td style=\"width:100px;\">Email</td><td style=\"width:10px;\">:</td><td ><%$email%></td></tr>\r\n</table>\r\n<p>\r\n<p>\r\nYou need to review this link here:<br>\r\n<label style=\"margin-left:10px;\"><a href=\"<%$site_url%>/cp/editor_link_validate.php\"><%$site_url%>/cp/editor_link_validate.php</a></label>\r\n<p>\r\n<p>\r\nRegards,\r\n<p>\r\n<b><%$site_name%></b> Team\r\n</div>\r\n','There\'s a new submission to <%$site_name%>.\r\nTitle        : <%$title%>\r\nUrl          : <%$url%>\r\nDescription  : <%$description%>\r\nCategory     : <%$category%>\r\nContact name : <%$contact_name%>\r\nEmail        : <%$email%>\r\nYou need to review this link here:\r\n<%$site_url%>/cp/editor_link_validate.php\r\nRegards,\r\n<%$site_name%> Team\r\n'),(22,'register_confirm','Registration','<div style=\"font-family:arial;font-size:12px;\">\r\nThanks for joining <b><%$site_name%><b>.\r\n<p>\r\n<table cellspacing=0 cellpadding=0>\r\n<tr><td style=\"width:100px;\">Username</td><td style=\"width:10px;\">:</td><td ><%$username%></td></tr>\r\n<tr><td style=\"width:100px;\">Password</td><td style=\"width:10px;\">:</td><td ><%$password%></td></tr>\r\n</table>\r\n<p>\r\n<p>\r\nPlease confirm your registration here:<br>\r\n<label style=\"margin-left:10px;\"><A href=\"<%$site_url%>/register.php?u=<%$username%>&v=<%$vcode%>&pflag=cf\"><%$site_url%>/register.php?u=<%$username%>&v=<%$vcode%>&pflag=cf</a></label>\r\n<p>\r\n<p>\r\nSincerely,\r\n<p>\r\n<b><%$site_name%></b> Team\r\n</div>','Thanks for joining <%$site_name%>.\r\nUsername : <%$username%>\r\nPassword : <%$password%>\r\nPlease confirm your registration here:\r\n<%$site_url%>/register.php?u=<%$username%>&v=<%$vcode%>&pflag=cf\r\nSincerely,\r\n<%$site_name%> Team\r\n'),(23,'register_ok','Registration','<div style=\"font-family:arial;font-size:12px;\">\r\nThanks for joining <b><%$site_name%></b>.\r\n<p>\r\n<table cellspacing=0 cellpadding=0>\r\n<tr><td style=\"width:100px;\">Username</td><td style=\"width:10px;\">:</td><td ><%$username%></td></tr>\r\n<tr><td style=\"width:100px;\">Password</td><td style=\"width:10px;\">:</td><td ><%$password%></td></tr>\r\n</table>\r\n<p>\r\nSincerely,\r\n<p>\r\n<p>\r\n<b><%$site_name%></b> Team\r\n</div>','Thanks for joining <%$site_name%>.\r\nUsername : <%$username%>\r\nPassword : <%$password%>\r\nSincerely,\r\n<%$site_name%> Team\r\n'),(24,'rejected','Your submission has been rejected','<div style=\"font-family:arial;font-size:12px;\">\r\nYour submission has been rejected.<br>\r\nThis may be caused by one of the following reason:\r\n<p>\r\n<ul>\r\n<li>adult material</li>\r\n<li>the site is under construction</li>\r\n<li>the topic is not related with our directory</li>\r\n</ul>\r\n</p>\r\n<table cellspacing=0 cellpadding=0>\r\n<tr><td style=\"width:100px;\">Title</td><td style=\"width:10px;\">:</td><td ><%$title%></td></tr>\r\n<tr><td style=\"width:100px;\">Url</td><td style=\"width:10px;\">:</td><td ><%$url%></td></tr>\r\n<tr><td style=\"width:100px;\">Description</td><td style=\"width:10px;\">:</td><td ><%$description%></td></tr>\r\n<tr><td style=\"width:100px;\">Category</td><td style=\"width:10px;\">:</td><td ><%$category%></td></tr>\r\n<tr><td style=\"width:100px;\">Contact name</td><td style=\"width:10px;\">:</td><td ><%$contact_name%></td></tr>\r\n<tr><td style=\"width:100px;\">Email/td><td style=\"width:10px;\">:</td><td ><%$email%></td></tr>\r\n</table>\r\n<p>\r\n<p>\r\nRegards,\r\n<p>\r\n<b><%$site_name%></b> Team\r\n</div>','Your submission has been rejected.\r\nThis may caused by one of the following reasons:\r\n- adult material\r\n- the site is under construction\r\n- the topic is not related with our directory\r\nTitle        : <%$title%>\r\nUrl          : <%$url%>\r\nDescription  : <%$description%>\r\nCategory     : <%$category%>\r\nContact name : <%$contact_name%>\r\nEmail        : <%$email%>\r\nRegards,\r\n<%$site_name%> Team\r\n'),(25,'rejected_editor','Link rejected','<div style=\"font-family:arial;font-size:12px;\">\r\nThe following submission has been rejected.\r\n<p>\r\n<table cellspacing=0 cellpadding=0>\r\n<tr><td style=\"width:100px;\">Title</td><td style=\"width:10px;\">:</td><td ><%$title%></td></tr>\r\n<tr><td style=\"width:100px;\">Url</td><td style=\"width:10px;\">:</td><td ><%$url%></td></tr>\r\n<tr><td style=\"width:100px;\">Description</td><td style=\"width:10px;\">:</td><td ><%$description%></td></tr>\r\n<tr><td style=\"width:100px;\">Category</td><td style=\"width:10px;\">:</td><td ><%$category%></td></tr>\r\n<tr><td style=\"width:100px;\">Contact name</td><td style=\"width:10px;\">:</td><td ><%$contact_name%></td></tr>\r\n<tr><td style=\"width:100px;\">Email</td><td style=\"width:10px;\">:</td><td ><%$email%></td></tr>\r\n</table>\r\n<p>\r\n<p>\r\nRegards,\r\n<p>\r\n<b><%$site_name%></b> Team\r\n</div>\r\n','The following submission has been rejected.\r\nTitle        : <%$title%>\r\nUrl          : <%$url%>\r\nDescription  : <%$description%>\r\nCategory     : <%$category%>\r\nContact name : <%$contact_name%>\r\nEmail        : <%$email%>\r\nRegards,\r\n<%$site_name%> Team\r\n'),(26,'review_pending_editor','Pending Review','<div style=\"font-family:arial;font-size:12px;\">\r\nThere\'s a new review to <b><%$site_name%></b>.\r\n<p>\r\n<table cellspacing=0 cellpadding=0>\r\n<tr><td style=\"width:100px;\">Title</td><td style=\"width:10px;\">:</td><td ><%$title%></td></tr>\r\n<tr><td style=\"width:100px;\">Url</td><td style=\"width:10px;\">:</td><td ><%$url%></td></tr>\r\n<tr><td style=\"width:100px;\">Description</td><td style=\"width:10px;\">:</td><td ><%$description%></td></tr>\r\n<tr><td style=\"width:100px;\">Category</td><td style=\"width:10px;\">:</td><td ><%$category%></td></tr>\r\n</table>\r\n<p>\r\n<table cellspacing=0 cellpadding=0>\r\n<tr><td style=\"width:100px;\">Username</td><td style=\"width:10px;\">:</td><td ><%$username%></td></tr>\r\n<tr><td style=\"width:100px;\">Subject</td><td style=\"width:10px;\">:</td><td ><%$rev_subject%></td></tr>\r\n<tr><td style=\"width:100px;\">Rating</td><td style=\"width:10px;\">:</td><td ><%$rev_rating%></td></tr>\r\n<tr><td style=\"width:100px;\">Review</td><td style=\"width:10px;\">:</td><td ><%$rev_review%></td></tr>\r\n</table>\r\n<p>\r\n<p>\r\nPlease review it here:<br>\r\n<label style=\"margin-left:10px;\"><a href=\"<%$site_url%>/cp/\"><%$site_url%>/cp/</a></label>\r\n<p>\r\n<p>\r\nRegards,\r\n<p>\r\n<b><%$site_name%></b> Team\r\n</div>\r\n','There\'s new review to <%$site_name%>.\r\nTitle       : <%$title%>\r\nUrl         : <%$url%>\r\nDescription : <%$description%>\r\nCategory    : <%$category%>\r\nUsername    : <%$username%>\r\nSubject     : <%$rev_subject%>\r\nRating      : <%$rev_rating%>\r\nReview      : <%$rev_review%>\r\nPlease review it here:\r\n<%$site_url%>/cp/\r\nRegards,\r\n<%$site_name%> Team\r\n'),(27,'send_pwd_link','Your resource password','<div style=\"font-family:arial;font-size:12px;\">\r\nHere is your password for <b><%$title%></b> (<a href=\"<%$url%>\"><%$url%></a>)\r\n<p>\r\nPassword : <%$password%>\r\n<p>\r\n<p>\r\nRegards,\r\n<p>\r\n<b><%$site_name%></b> Team\r\n</div>','Here is your password for <%$title%> (<%$url%>)\r\nPassword : <%$password%>\r\nRegards,\r\n<%$site_name%> Team\r\n'),(28,'send_pwd_login','Your login password','<div style=\"font-family:arial;font-size:12px;\">\r\nHere is your username and password:\r\n<p>\r\n<table cellspacing=0 cellpadding=0>\r\n<tr><td style=\"width:100px;\">Username</td><td style=\"width:10px;\">:</td><td ><%$username%></td></tr>\r\n<tr><td style=\"width:100px;\">Password</td><td style=\"width:10px;\">:</td><td ><%$password%></td></tr>\r\n</table>\r\n<p>\r\n<p>\r\nRegards,\r\n<p>\r\n<b><%$site_name%></b> Team\r\n</div>','Here is your username and password:\r\nUsername : <%$username%>\r\nPassword : <%$password%>\r\nRegards,\r\n<%$site_name%> Team\r\n'),(29,'send_pwd_reset','Password reset request','<div style=\"font-family:arial;font-size:12px;\">\r\nWe received a request to reset your password.<br>\r\nPlease visit this URL to proceed:<br>\r\n<label style=\"margin-left:10px;\"><a href=\"<%$site_url%>/reset_pwd.php?u=<%$username%>&hash=<%$hash%>\"><%$site_url%>/reset_pwd.php?u=<%$username%>&hash=<%$hash%></a></label>\r\n<p>\r\n<p>\r\nRegards,\r\n<p>\r\n<b><%$site_name%></b> Team\r\n</div>','We received a request to reset your password.\r\nPlease visit this URL to proceed:\r\n<%$site_url%>/reset_pwd.php?u=<%$username%>&hash=<%$hash%>\r\nRegards,\r\n<%$site_name%> Team\r\n'),(30,'suggest_category','Category suggestion','<div style=\"font-family:arial;font-size:12px;\">\r\nCategory suggestion for <b><%$site_name%></b>.\r\n<p>\r\nParent               : <%$parent%>\r\nCategory Name        : <%$cat_name%>\r\nCategory Description : <%$cat_desc%>\r\n<p>\r\n<p>\r\nRegards,\r\n<p>\r\n<b><%$site_name%></b> Team\r\n</div>','Category suggestion for <%$site_name%>.\r\nParent               : <%$parent%>\r\nCategory Name        : <%$cat_name%>\r\nCategory Description : <%$cat_desc%>\r\nRegards,\r\n<%$site_name%> Team\r\n'),(31,'tell_friend_favorite','Your friend has shared his/her favorite listing','<div style=\"font-family:arial;font-size:12px;\">\r\nHi <%$friend_name%>,\r\n<p>\r\nI\'d like to share my favorite listing at <b><%$site_name%></b> (<a href=\"<%$site_url%>\"><%$site_url%></a>).<br>\r\nI hope you like them and find them useful.\r\n<p>\r\n<p>\r\n<%$fav_item%>\r\n<p>\r\n<p>\r\nSincerely,\r\n<p>\r\n<p>\r\n<%$my_name%> <<%$my_email%>>\r\n</div>','Hi <%$friend_name%>,\r\nI\'d like to share my favorite listings at <%$site_name%> (<%$site_url%>).\r\nI hope you like them and find them useful.\r\n<%$fav_item%>\r\nSincerely,\r\n<%$my_name%> <<%$my_email%>>\r\n'),(32,'tell_friend_favorite_rows',NULL,'<div style=\"font-family:arial;font-size:12px;\">\r\n<table cellspacing=0 cellpadding=0>\r\n<tr><td style=\"width:100px;\">Title</td><td style=\"width:10px;\">:</td><td ><%$title%></td></tr>\r\n<tr><td style=\"width:100px;\">Url</td><td style=\"width:10px;\">:</td><td ><%$url%></td></tr>\r\n<tr><td style=\"width:100px;\">Description</td><td style=\"width:10px;\">:</td><td ><%$description%></td></tr>\r\n</table>\r\n</div>\r\n','Title       : <%$title%>\r\nUrl         : <%$url%>\r\nDescription : <%$description%>\r\n'),(33,'tell_friend_link','Your friend recommended a link','<div style=\"font-family:arial;font-size:12px;\">\r\nHi <b><%$friend_name%></b>,\r\n<p>\r\nI found a good website that you may find interesting.\r\n<p>\r\n<div>\r\n<label style=\"float:left;width:100px;\">Website</label><label style=\"float:left;\"> : <b><%$title%></b></label>\r\n</div>\r\n<div style=\"clear:both;\">\r\n<label style=\"clear:both;float:left;width:100px;\">Url </label><label style=\"float:left;\"> : <a href=\"<%$url%>\"><%$url%></a></label>\r\n</div>\r\n<p style=\"clear:both;\">\r\nI found this website from <%$site_name%> (<a href=\"<%$site_url%>\"><%$site_url%></a>).\r\n<p>\r\n<p>\r\nSincerely,\r\n<p>\r\n<%$my_name%> <<%$my_email%>>\r\n</div>\r\n','Hi <%$friend_name%>,\r\nI found a good website that you may find interesting.\r\nWebsite : <%$title%>\r\nUrl     : <%$url%>\r\nI found this website from <%$site_name%> (<%$site_url%>).\r\nSincerely,\r\n<%$my_name%> <<%$my_email%>>\r\n'),(34,'tell_friend_website','hi <%$friend_name%>, I found a good website that you may find interesting','<div style=\"font-family:arial;font-size:12px;\">\r\nHi <b><%$friend_name%></b>,\r\n<p>\r\nI found good website that you may find interesting. The website is <b><%$site_name%></b> (<a href=\"<%$site_url%>\"><%$site_url%></a>).\r\n<p>\r\n<p>\r\nSincerely,\r\n<p>\r\n<%$my_name%> <<%$my_email%>>\r\n</div>','Hi <%$friend_name%>,\r\nI found a good website that you may find interesting. The website is <%$site_name%> (<%$site_url%>).\r\nSincerely,\r\n<%$my_name%> <<%$my_email%>>\r\n'),(35,'send_activation_link','Your activation link','<div style=\"font-family:arial;font-size:12px;\">\r\nHere is your activation link\r\n<p>\r\nActivation Link  : <A href=\"<%$activation_link%>\"><%$activation_link%></a>\r\n<p>\r\n<p>\r\nRegards,\r\n<p>\r\n<b><%$site_name%></b> Team\r\n</div>','Here is your activation link\r\nActivation Link  : <%$activation_link%>\r\nRegards,\r\n<%$site_name%> Team\r\n'),(36,'send_activated_account','Your account had been activated','<div style=\"font-family:arial;font-size:12px;\">\r\nYour account had been activated. Now you can login.\r\n<p>\r\nRegards,\r\n<p>\r\n<b><%$site_name%></b> Team\r\n</div>','Your account had been activated. Now you can login.\r\n\r\nRegards,\r\n<%$site_name%> Team\r\n');

--
-- Table structure for table `idx_favorites`
--

CREATE TABLE `idx_favorites` (
  `favorite_id` int(11) NOT NULL auto_increment,
  `username` varchar(20) default NULL,
  `date` date default NULL,
  `title` varchar(100) default NULL,
  `description` text,
  PRIMARY KEY  (`favorite_id`)
) ENGINE=MyISAM AUTO_INCREMENT=3 DEFAULT CHARSET=latin1;

--
-- Dumping data for table `idx_favorites`
--

INSERT INTO `idx_favorites` VALUES (1,'aangeliascott','2012-03-13','',NULL),(2,'1simonpeterson1','2012-03-13','',NULL);

--
-- Table structure for table `idx_favorites_detail`
--

CREATE TABLE `idx_favorites_detail` (
  `favorite_id` int(11) default NULL,
  `link_id` mediumint(9) default NULL
) ENGINE=MyISAM DEFAULT CHARSET=latin1;

--
-- Dumping data for table `idx_favorites_detail`
--


--
-- Table structure for table `idx_hook_place`
--

CREATE TABLE `idx_hook_place` (
  `hook_place_id` int(11) NOT NULL auto_increment,
  `filename` varchar(255) default NULL,
  `hookname` varchar(255) default NULL,
  PRIMARY KEY  (`hook_place_id`)
) ENGINE=MyISAM DEFAULT CHARSET=latin1;

--
-- Dumping data for table `idx_hook_place`
--


--
-- Table structure for table `idx_invoice`
--

CREATE TABLE `idx_invoice` (
  `invoice_id` varchar(10) NOT NULL default '',
  `invoice_date` date default NULL,
  `due_date` date default NULL,
  `invoiced_to` text,
  `service` varchar(255) default NULL,
  `description` text,
  `total` double(8,2) default NULL,
  `comment` text,
  `paid` char(1) default NULL,
  `paid_date` date default NULL,
  `email` varchar(255) default NULL,
  PRIMARY KEY  (`invoice_id`)
) ENGINE=MyISAM DEFAULT CHARSET=latin1;

--
-- Dumping data for table `idx_invoice`
--


--
-- Table structure for table `idx_invoice_config`
--

CREATE TABLE `idx_invoice_config` (
  `company` varchar(255) default NULL,
  `contact` varchar(255) default NULL,
  `address` text,
  `phone` varchar(255) default NULL,
  `email` varchar(255) default NULL,
  `currency_symbol` varchar(255) default '$',
  `currency_code` varchar(255) default 'USD'
) ENGINE=MyISAM DEFAULT CHARSET=latin1;

--
-- Dumping data for table `idx_invoice_config`
--

INSERT INTO `idx_invoice_config` VALUES ('Your website / Company','Billing Department','Your address','Your phone #','Billing<name@yourdomain.com>','$','USD');

--
-- Table structure for table `idx_link`
--

CREATE TABLE `idx_link` (
  `link_id` mediumint(9) unsigned NOT NULL auto_increment,
  `category_id` mediumint(9) unsigned NOT NULL default '0',
  `title` varchar(100) NOT NULL default '',
  `url` text NOT NULL,
  `description` text NOT NULL,
  `contact_name` varchar(100) NOT NULL default '',
  `email` varchar(100) NOT NULL default '',
  `hits` mediumint(9) NOT NULL default '0',
  `votes` smallint(6) NOT NULL default '0',
  `rating` float(4,2) NOT NULL default '0.00',
  `date` datetime NOT NULL default '0000-00-00 00:00:00',
  `bid` smallint(6) NOT NULL default '0',
  `new` char(1) default NULL,
  `hot` char(1) default NULL,
  `top_rated` char(1) default NULL,
  `pick` char(1) default NULL,
  `password` varchar(20) default NULL,
  `updated` char(1) default NULL,
  `reviews` smallint(6) default NULL,
  `avg_review` float(4,2) default NULL,
  `last_updated` datetime default NULL,
  `official_review` text,
  `keywords` varchar(255) default NULL,
  `cat1` mediumint(6) NOT NULL default '0',
  `cat2` mediumint(6) NOT NULL default '0',
  `suspended` char(1) NOT NULL default '0',
  `reciprocal_url` varchar(255) default NULL,
  `address` varchar(255) default NULL,
  `city` varchar(255) default NULL,
  `state` varchar(255) default NULL,
  `country` varchar(255) default NULL,
  `zip` varchar(255) default NULL,
  `image` varchar(255) default NULL,
  `phone` varchar(255) default NULL,
  `fax` varchar(255) default NULL,
  PRIMARY KEY  (`link_id`)
) ENGINE=MyISAM DEFAULT CHARSET=latin1;

--
-- Dumping data for table `idx_link`
--


--
-- Table structure for table `idx_link_temp`
--

CREATE TABLE `idx_link_temp` (
  `vid` mediumint(9) unsigned NOT NULL auto_increment,
  `spam` char(1) NOT NULL default '0',
  `link_id` mediumint(9) default NULL,
  `category_id` mediumint(9) unsigned NOT NULL default '0',
  `title` varchar(100) NOT NULL default '',
  `url` text NOT NULL,
  `description` text NOT NULL,
  `contact_name` varchar(100) NOT NULL default '',
  `email` varchar(100) NOT NULL default '',
  `hits` mediumint(9) default NULL,
  `votes` smallint(6) default NULL,
  `rating` float(4,2) default NULL,
  `date` datetime NOT NULL default '0000-00-00 00:00:00',
  `bid` smallint(6) NOT NULL default '0',
  `new` char(1) default NULL,
  `hot` char(1) default NULL,
  `top_rated` char(1) default NULL,
  `pick` char(1) default NULL,
  `password` varchar(20) default NULL,
  `updated` char(1) default NULL,
  `reviews` smallint(6) default NULL,
  `avg_review` float(4,2) default NULL,
  `last_updated` datetime default NULL,
  `official_review` text,
  `keywords` varchar(255) default NULL,
  `cat1` mediumint(6) NOT NULL default '0',
  `cat2` mediumint(6) NOT NULL default '0',
  `suspended` char(1) NOT NULL default '0',
  `reciprocal_url` varchar(255) default NULL,
  `address` varchar(255) default NULL,
  `city` varchar(255) default NULL,
  `state` varchar(255) default NULL,
  `country` varchar(255) default NULL,
  `zip` varchar(255) default NULL,
  `image` varchar(255) default NULL,
  `phone` varchar(255) default NULL,
  `fax` varchar(255) default NULL,
  PRIMARY KEY  (`vid`)
) ENGINE=MyISAM DEFAULT CHARSET=latin1;

--
-- Dumping data for table `idx_link_temp`
--


--
-- Table structure for table `idx_link_temp_user`
--

CREATE TABLE `idx_link_temp_user` (
  `vid` mediumint(9) unsigned NOT NULL default '0',
  `username` varchar(20) NOT NULL default '',
  PRIMARY KEY  (`vid`)
) ENGINE=MyISAM DEFAULT CHARSET=latin1;

--
-- Dumping data for table `idx_link_temp_user`
--


--
-- Table structure for table `idx_link_user`
--

CREATE TABLE `idx_link_user` (
  `link_id` mediumint(9) unsigned NOT NULL default '0',
  `username` varchar(20) NOT NULL default '',
  PRIMARY KEY  (`link_id`)
) ENGINE=MyISAM DEFAULT CHARSET=latin1;

--
-- Dumping data for table `idx_link_user`
--


--
-- Table structure for table `idx_mailing_list`
--

CREATE TABLE `idx_mailing_list` (
  `email` varchar(50) NOT NULL default '',
  `code` varchar(4) default NULL,
  `status` char(1) default NULL,
  PRIMARY KEY  (`email`)
) ENGINE=MyISAM DEFAULT CHARSET=latin1;

--
-- Dumping data for table `idx_mailing_list`
--


--
-- Table structure for table `idx_message`
--

CREATE TABLE `idx_message` (
  `message_id` smallint(6) NOT NULL auto_increment,
  `date` date default NULL,
  `body` text,
  `subject` varchar(100) default NULL,
  PRIMARY KEY  (`message_id`)
) ENGINE=MyISAM DEFAULT CHARSET=latin1;

--
-- Dumping data for table `idx_message`
--


--
-- Table structure for table `idx_notification`
--

CREATE TABLE `idx_notification` (
  `username` varchar(20) NOT NULL default '',
  `category_id` mediumint(9) NOT NULL default '0'
) ENGINE=MyISAM DEFAULT CHARSET=latin1;

--
-- Dumping data for table `idx_notification`
--


--
-- Table structure for table `idx_pagerank`
--

CREATE TABLE `idx_pagerank` (
  `link_id` mediumint(8) unsigned NOT NULL default '0',
  `engine` char(1) NOT NULL default '',
  `rank` tinyint(4) NOT NULL default '0',
  `last_update` date NOT NULL default '0000-00-00',
  PRIMARY KEY  (`link_id`,`engine`)
) ENGINE=MyISAM DEFAULT CHARSET=latin1;

--
-- Dumping data for table `idx_pagerank`
--


--
-- Table structure for table `idx_paid_listing`
--

CREATE TABLE `idx_paid_listing` (
  `link_id` mediumint(9) unsigned NOT NULL default '0',
  `premium` char(1) default NULL,
  `sponsored` char(1) default NULL,
  `expire` datetime default NULL,
  `paid` char(1) default NULL,
  PRIMARY KEY  (`link_id`)
) ENGINE=MyISAM DEFAULT CHARSET=latin1;

--
-- Dumping data for table `idx_paid_listing`
--


--
-- Table structure for table `idx_payment_gateway`
--

CREATE TABLE `idx_payment_gateway` (
  `payment_gateway_id` int(11) NOT NULL auto_increment,
  `name` varchar(100) default NULL,
  `enable` char(1) default NULL,
  `setting` text,
  `invoice_html` text,
  PRIMARY KEY  (`payment_gateway_id`)
) ENGINE=MyISAM AUTO_INCREMENT=9 DEFAULT CHARSET=latin1;

--
-- Dumping data for table `idx_payment_gateway`
--

INSERT INTO `idx_payment_gateway` VALUES (1,'paypal','1','a:2:{s:13:\"payment_email\";s:0:\"\";s:21:\"enable_paypal_sandbox\";s:1:\"0\";}','<p> \r\n	<a href=\'paynow.php?id={$invoice_id}&m=paypal\'><img src=\'http://www.paypal.com/images/x-click-but02.gif\' border=\'0\' alt=\'Make payments with PayPal - it is fast, free and secure!\' /></a> \r\n</p>\r\n'),(2,'2co','0','a:6:{s:6:\"co_sid\";s:5:\"84932\";s:9:\"co_secret\";s:5:\"tango\";s:12:\"co_recurring\";s:1:\"0\";s:9:\"co_prod_1\";s:6:\"100.00\";s:9:\"co_prod_2\";s:6:\"250.00\";s:9:\"co_prod_3\";s:6:\"400.00\";}','<p>\r\n<a href=\'paynow.php?id={$invoice_id}&m=2co\'><img src=\'http://www.2checkout.com/images/overview/btns/25.jpg\' alt=\'Pay Now with 2checkout...\' border=\'0\' /></a> \r\n</p>'),(3,'authorizenet','0','a:2:{s:21:\"authorizenet_login_id\";s:0:\"\";s:21:\"authorizenet_tran_key\";s:0:\"\";}','<p> \r\n<a href=\'paynow.php?id={$invoice_id}&m=authorizenet\'><img src=\'http://www.authorize.net/upload/images/Images/Header/authorizenet_logo.gif\' alt=\'Pay Now with Authorize.Net...\' width=\'99\' height=\'39\' style=\'{border : 1px solid #c0c0c0;}\' /></a>\r\n</p>'),(4,'egold','0','a:2:{s:19:\"egold_payee_account\";s:0:\"\";s:16:\"egold_payee_name\";s:0:\"\";}','<p> \r\n<a href=\'paynow.php?id={$invoice_id}&m=egold\'>\r\n<img src=\'http://www.e-gold.com/gif/paywith.gif\' border=\'0\' alt=\'Pay Now with e-gold...\' />\r\n</a>\r\n</p>'),(5,'moneybookers','0','a:1:{s:18:\"moneybookers_email\";s:0:\"\";}','<p> \r\n<a href=\'paynow.php?id={$invoice_id}&m=paypal\'><img src=\'http://www.moneybookers.com/images/banners/88_en_mb.gif\' border=\'0\' alt=\'Make payments with Moneybookers - it is fast, free and secure!\' /></a> \r\n</p>'),(6,'paypal-subscriptions','0','a:2:{s:13:\"payment_email\";s:0:\"\";s:21:\"enable_paypal_sandbox\";s:1:\"0\";}','<p> \r\n<a href=\'paynow.php?id={$invoice_id}&m=paypal\'><img src=\'https://www.paypal.com/en_US/i/btn/x-click-but20.gif\' border=\'0\' alt=\'Make payments with PayPal - it is fast, free and secure!\' /></a> \r\n</p>'),(7,'alertpay','0','a:2:{s:14:\"alertpay_email\";s:0:\"\";s:23:\"enable_alertpay_sandbox\";s:1:\"0\";}','<p> \r\n<a href=\'paynow.php?id={$invoice_id}&m=alertpay\'>\r\n<img src=\'https://www.alertpay.com/Images/BuyNow/pay_now_3.gif\' border=\'0\' alt=\'Make payments with PayPal - it is fast, free and secure!\' /></a> \r\n</p>'),(8,'alertpay-subcriptions','0','a:2:{s:14:\"alertpay_email\";s:0:\"\";s:23:\"enable_alertpay_sandbox\";s:1:\"0\";}','<p>\r\n<a href=\'paynow.php?id={$invoice_id}&m=alertpay-subcriptions\'>\r\n<img src=\'https://www.alertpay.com/Images/BuyNow/subscribe_now_15.gif\' border=\'0\' alt=\'Make payments with Alert Pay - it is fast, free and secure!\' /></a> \r\n</p>');

--
-- Table structure for table `idx_payment_history`
--

CREATE TABLE `idx_payment_history` (
  `payment_id` int(10) unsigned NOT NULL auto_increment,
  `contact_name` varchar(255) default NULL,
  `email` varchar(255) default NULL,
  `type` varchar(255) default NULL,
  `detail` text,
  `amount` double default NULL,
  `time` datetime default NULL,
  `invoice_id` varchar(10) default NULL,
  PRIMARY KEY  (`payment_id`)
) ENGINE=MyISAM DEFAULT CHARSET=latin1;

--
-- Dumping data for table `idx_payment_history`
--


--
-- Table structure for table `idx_pl_sociable`
--

CREATE TABLE `idx_pl_sociable` (
  `sb_id` int(11) NOT NULL auto_increment,
  `sb_name` varchar(255) character set utf8 default NULL,
  `sb_url` varchar(255) character set utf8 default NULL,
  `sb_icon` varchar(255) character set utf8 default NULL,
  `sb_enable` char(1) character set utf8 default '0',
  PRIMARY KEY  (`sb_id`)
) ENGINE=MyISAM AUTO_INCREMENT=90 DEFAULT CHARSET=latin1;

--
-- Dumping data for table `idx_pl_sociable`
--

INSERT INTO `idx_pl_sociable` VALUES (1,'BarraPunto','http://barrapunto.com/submit.pl?subj=TITLE&amp;story=PERMALINK','barrapunto.png','0'),(2,'Bitacoras.com','http://bitacoras.com/anotaciones/PERMALINK','bitacoras.png','0'),(3,'BlinkList','http://www.blinklist.com/index.php?Action=Blink/addblink.php&amp;Url=PERMALINK&amp;Title=TITLE','blinklist.png','0'),(4,'blogmarks','http://blogmarks.net/my/new.php?mini=1&amp;simple=1&amp;url=PERMALINK&amp;title=TITLE','blogmarks.png','0'),(5,'Blogosphere News','http://www.blogospherenews.com/submit.php?url=PERMALINK&amp;title=TITLE','blogospherenews.png','0'),(6,'blogtercimlap','http://cimlap.blogter.hu/index.php?action=suggest_link&amp;title=TITLE&amp;url=PERMALINK','blogter.png','0'),(7,'Faves','http://faves.com/Authoring.aspx?u=PERMALINK&amp;title=TITLE','bluedot.png','0'),(8,'connotea','http://www.connotea.org/addpopup?continue=confirm&amp;uri=PERMALINK&amp;title=TITLE&amp;description=EXCERPT','connotea.png','0'),(9,'Current','http://current.com/clipper.htm?url=PERMALINK&amp;title=TITLE','current.png','0'),(10,'del.icio.us','http://delicious.com/post?url=PERMALINK&amp;title=TITLE&amp;notes=EXCERPT','delicious.png','0'),(11,'Digg','http://digg.com/submit?phase=2&amp;url=PERMALINK&amp;title=TITLE&amp;bodytext=EXCERPT','digg.png','1'),(12,'Diigo','http://www.diigo.com/post?url=PERMALINK&amp;title=TITLE','diigo.png','0'),(13,'DotNetKicks','http://www.dotnetkicks.com/kick/?url=PERMALINK&amp;title=TITLE','dotnetkicks.png','0'),(14,'DZone','http://www.dzone.com/links/add.html?url=PERMALINK&amp;title=TITLE','dzone.png','0'),(15,'eKudos','http://www.ekudos.nl/artikel/nieuw?url=PERMALINK&amp;title=TITLE&amp;desc=EXCERPT','ekudos.png','0'),(16,'email','mailto:?subject=TITLE&amp;body=PERMALINK','email_link.png','0'),(17,'Facebook','http://www.facebook.com/share.php?u=PERMALINK&amp;t=TITLE','facebook.png','1'),(18,'Fark','http://cgi.fark.com/cgi/fark/farkit.pl?h=TITLE&amp;u=PERMALINK','fark.png','0'),(19,'Fleck','http://beta3.fleck.com/bookmarklet.php?url=PERMALINK&amp;title=TITLE','fleck.png','0'),(20,'FriendFeed','http://www.friendfeed.com/share?title=TITLE&amp;link=PERMALINK','friendfeed.png','0'),(21,'FSDaily','http://www.fsdaily.com/submit?url=PERMALINK&amp;title=TITLE','fsdaily.png','0'),(22,'Global Grind','http://globalgrind.com/submission/submit.aspx?url=PERMALINK&amp;type=Article&amp;title=TITLE','globalgrind.png','0'),(23,'Google','http://www.google.com/bookmarks/mark?op=edit&amp;bkmk=PERMALINK&amp;title=TITLE&amp;annotation=EXCERPT','googlebookmark.png','0'),(24,'Gwar','http://www.gwar.pl/DodajGwar.html?u=PERMALINK','gwar.png','0'),(25,'HackerNews','http://news.ycombinator.com/submitlink?u=PERMALINK&amp;t=TITLE','hackernews.png','0'),(26,'Haohao','http://www.haohaoreport.com/submit.php?url=PERMALINK&amp;title=TITLE','haohao.png','0'),(27,'HealthRanker','http://healthranker.com/submit.php?url=PERMALINK&amp;title=TITLE','healthranker.png','0'),(28,'HelloTxt','http://hellotxt.com/?status=TITLE+PERMALINK','hellotxt.png','0'),(29,'Hemidemi','http://www.hemidemi.com/user_bookmark/new?title=TITLE&amp;url=PERMALINK','hemidemi.png','0'),(30,'Hyves','http://www.hyves.nl/profilemanage/add/tips/?name=TITLE&amp;text=EXCERPT+PERMALINK&amp;rating=5','hyves.png','0'),(31,'Identi.ca','http://identi.ca/notice/new?status_textarea=PERMALINK','identica.png','0'),(32,'IndianPad','http://www.indianpad.com/submit.php?url=PERMALINK','indianpad.png','0'),(33,'Internetmedia','http://internetmedia.hu/submit.php?url=PERMALINK','im.png','0'),(34,'Kirtsy','http://www.kirtsy.com/submit.php?url=PERMALINK&amp;title=TITLE','kirtsy.png','0'),(35,'laaik.it','http://laaik.it/NewStoryCompact.aspx?uri=PERMALINK&amp;headline=TITLE&amp;cat=5e082fcc-8a3b-47e2-acec-fdf64ff19d12','laaikit.png','0'),(36,'LinkArena','http://linkarena.com/bookmarks/addlink/?url=PERMALINK&amp;title=TITLE','linkarena.png','0'),(37,'LinkaGoGo','http://www.linkagogo.com/go/AddNoPopup?url=PERMALINK&amp;title=TITLE','linkagogo.png','0'),(38,'LinkedIn','http://www.linkedin.com/shareArticle?mini=true&amp;url=PERMALINK&amp;title=TITLE&amp;source=BLOGNAME&amp;summary=EXCERPT','linkedin.png','0'),(39,'Linkter','http://www.linkter.hu/index.php?action=suggest_link&amp;url=PERMALINK&amp;title=TITLE','linkter.png','0'),(40,'Live','https://favorites.live.com/quickadd.aspx?marklet=1&amp;url=PERMALINK&amp;title=TITLE','live.png','0'),(41,'Meneame','http://meneame.net/submit.php?url=PERMALINK','meneame.png','0'),(42,'MisterWong','http://www.mister-wong.com/addurl/?bm_url=PERMALINK&amp;bm_description=TITLE&amp;plugin=soc','misterwong.png','0'),(43,'MisterWong.DE','http://www.mister-wong.de/addurl/?bm_url=PERMALINK&amp;bm_description=TITLE&amp;plugin=soc','misterwong.png','0'),(44,'Mixx','http://www.mixx.com/submit?page_url=PERMALINK&amp;title=TITLE','mixx.png','0'),(45,'muti','http://www.muti.co.za/submit?url=PERMALINK&amp;title=TITLE','muti.png','0'),(46,'MyShare','http://myshare.url.com.tw/index.php?func=newurl&amp;url=PERMALINK&amp;desc=TITLE','myshare.png','0'),(47,'MySpace','http://www.myspace.com/Modules/PostTo/Pages/?u=PERMALINK&amp;t=TITLE','myspace.png','0'),(48,'MSNReporter','http://reporter.nl.msn.com/?fn=contribute&amp;Title=TITLE&amp;URL=PERMALINK&amp;cat_id=6&amp;tag_id=31&amp;Remark=EXCERPT','msnreporter.png','0'),(49,'N4G','http://www.n4g.com/tips.aspx?url=PERMALINK&amp;title=TITLE','n4g.png','0'),(50,'Netvibes','http://www.netvibes.com/share?title=TITLE&amp;url=PERMALINK','netvibes.png','0'),(51,'NewsVine','http://www.newsvine.com/_tools/seed&amp;save?u=PERMALINK&amp;h=TITLE','newsvine.png','0'),(52,'Netvouz','http://www.netvouz.com/action/submitBookmark?url=PERMALINK&amp;title=TITLE&amp;popup=no','netvouz.png','0'),(53,'NuJIJ','http://nujij.nl/jij.lynkx?t=TITLE&amp;u=PERMALINK&amp;b=EXCERPT','nujij.png','0'),(54,'Ping.fm','http://ping.fm/ref/?link=PERMALINK&amp;title=TITLE&amp;body=EXCERPT','ping.png','0'),(55,'Posterous','http://posterous.com/share?linkto=PERMALINK&amp;title=TITLE&amp;selection=EXCERPT','posterous.png','0'),(56,'PDF','http://www.printfriendly.com/print?url=PERMALINK&amp;partner=sociable','pdf.png','0'),(57,'Print','http://www.printfriendly.com/print?url=PERMALINK&amp;partner=sociable','printfriendly.png','0'),(58,'Propeller','http://www.propeller.com/submit/?url=PERMALINK','propeller.png','0'),(59,'Ratimarks','http://ratimarks.org/bookmarks.php/?action=add&address=PERMALINK&amp;title=TITLE','ratimarks.png','0'),(60,'Rec6','http://rec6.via6.com/link.php?url=PERMALINK&amp;=TITLE','rec6.png','0'),(61,'Reddit','http://reddit.com/submit?url=PERMALINK&amp;title=TITLE','reddit.png','0'),(62,'RSS','FEEDLINK','rss.png','0'),(63,'Scoopeo','http://www.scoopeo.com/scoop/new?newurl=PERMALINK&amp;title=TITLE','scoopeo.png','0'),(64,'Segnalo','http://segnalo.alice.it/post.html.php?url=PERMALINK&amp;title=TITLE','segnalo.png','0'),(65,'Simpy','http://www.simpy.com/simpy/LinkAdd.do?href=PERMALINK&amp;title=TITLE','simpy.png','0'),(66,'Slashdot','http://slashdot.org/bookmark.pl?title=TITLE&amp;url=PERMALINK','slashdot.png','0'),(67,'Socialogs','http://socialogs.com/add_story.php?story_url=PERMALINK&amp;story_title=TITLE','socialogs.png','0'),(68,'SphereIt','http://www.sphere.com/search?q=sphereit:PERMALINK&amp;title=TITLE','sphere.png','0'),(69,'Sphinn','http://sphinn.com/index.php?c=post&amp;m=submit&amp;link=PERMALINK','sphinn.png','0'),(70,'StumbleUpon','http://www.stumbleupon.com/submit?url=PERMALINK&amp;title=TITLE','stumbleupon.png','0'),(71,'Techmeme','http://twitter.com/home/?status=tip%20@Techmeme%20PERMALINK%20TITLE','techmeme.png','0'),(72,'Technorati','http://technorati.com/faves?add=PERMALINK','technorati.png','1'),(73,'ThisNext','http://www.thisnext.com/pick/new/submit/sociable/?url=PERMALINK&amp;name=TITLE','thisnext.png','0'),(74,'Tipd','http://tipd.com/submit.php?url=PERMALINK','tipd.png','0'),(75,'Tumblr','http://www.tumblr.com/share?v=3&amp;u=PERMALINK&amp;t=TITLE&amp;s=EXCERPT','tumblr.png','0'),(76,'Twitter','http://twitter.com/home?status=TITLE%20-%20PERMALINK','twitter.png','1'),(77,'Upnews','http://www.upnews.it/submit?url=PERMALINK&amp;title=TITLE','upnews.png','0'),(78,'Webnews.de','http://www.webnews.de/einstellen?url=PERMALINK&amp;title=TITLE','webnews.png','0'),(79,'Webride','http://webride.org/discuss/split.php?uri=PERMALINK&amp;title=TITLE','webride.png','0'),(80,'Wikio','http://www.wikio.com/vote?url=PERMALINK','wikio.png','0'),(81,'Wikio FR','http://www.wikio.fr/vote?url=PERMALINK','wikio.png','0'),(82,'Wikio IT','http://www.wikio.it/vote?url=PERMALINK','wikio.png','0'),(83,'Wists','http://wists.com/s.php?c=&amp;r=PERMALINK&amp;title=TITLE','wists.png','0'),(84,'Wykop','http://www.wykop.pl/dodaj?url=PERMALINK','wykop.png','0'),(85,'Xerpi','http://www.xerpi.com/block/add_link_from_extension?url=PERMALINK&amp;title=TITLE','xerpi.png','0'),(86,'YahooBuzz','http://buzz.yahoo.com/submit/?submitUrl=PERMALINK&amp;submitHeadline=TITLE&amp;submitSummary=EXCERPT&amp;submitCategory=science&amp;submitAssetType=text','yahoobuzz.png','0'),(87,'Yahoo! Bookmarks','http://bookmarks.yahoo.com/toolbar/savebm?u=PERMALINK&amp;t=TITLE&opener=bm&amp;ei=UTF-8&amp;d=EXCERPT','yahoomyweb.png','0'),(88,'Yigg','http://yigg.de/neu?exturl=PERMALINK&amp;exttitle=TITLE','yiggit.png','0'),(89,'Blogplay','http://blogplay.com','blogplay.png','0');

--
-- Table structure for table `idx_plugin`
--

CREATE TABLE `idx_plugin` (
  `plugin_id` int(11) NOT NULL auto_increment,
  `name` varchar(255) default NULL,
  `plugin_file` varchar(255) default NULL,
  `status` enum('0','1') default NULL,
  `option_plugin` text,
  PRIMARY KEY  (`plugin_id`)
) ENGINE=MyISAM AUTO_INCREMENT=2 DEFAULT CHARSET=latin1;

--
-- Dumping data for table `idx_plugin`
--

INSERT INTO `idx_plugin` VALUES (1,'Sociable','sociable/sociable.php','1',NULL);

--
-- Table structure for table `idx_review`
--

CREATE TABLE `idx_review` (
  `review_id` mediumint(9) unsigned NOT NULL auto_increment,
  `link_id` mediumint(9) unsigned NOT NULL default '0',
  `review` text NOT NULL,
  `rating` tinyint(3) unsigned NOT NULL default '0',
  `date` date NOT NULL default '0000-00-00',
  `subject` varchar(100) default NULL,
  `status` char(1) default NULL,
  `username` varchar(20) default NULL,
  `name` varchar(20) default NULL,
  `email` varchar(100) default NULL,
  PRIMARY KEY  (`review_id`)
) ENGINE=MyISAM DEFAULT CHARSET=latin1;

--
-- Dumping data for table `idx_review`
--


--
-- Table structure for table `idx_searchlog`
--

CREATE TABLE `idx_searchlog` (
  `keyword` varchar(100) NOT NULL default '',
  `time` datetime NOT NULL default '0000-00-00 00:00:00',
  `result` mediumint(9) unsigned default NULL,
  `ip` varchar(100) default NULL
) ENGINE=MyISAM DEFAULT CHARSET=latin1;

--
-- Dumping data for table `idx_searchlog`
--


--
-- Table structure for table `idx_sessions`
--

CREATE TABLE `idx_sessions` (
  `SESSKEY` varchar(32) NOT NULL default '',
  `EXPIRY` int(11) unsigned NOT NULL default '0',
  `EXPIREREF` varchar(64) default NULL,
  `DATA` text NOT NULL,
  PRIMARY KEY  (`SESSKEY`)
) ENGINE=MyISAM DEFAULT CHARSET=latin1;

--
-- Dumping data for table `idx_sessions`
--

INSERT INTO `idx_sessions` VALUES ('b9d143bbe968f0092f0ffeac2ab90fef',1331773196,NULL,'iT75GfGLAnd2x3zzKszlei1yhgVpW7vhAsbo7bTAZ9Bq6RVs0-w8vp76xRQ2EmgaaFy25nENZGAypiz5nhakYzHBAQQXCA2RQfTuvt2cebc7UKFbaChse_hO5YnKhLOxW9DFmjpSj1VaR7Io4Q1N0dePgVTtqbJbQZO_yHUT4QQ.'),('ea4724df215c5f4bb76969083b74e68d',1331773246,NULL,'WwnXNNVnfy1wdtbZcVltxlqG1IDXKcdKSHabxOBiVaJEPbgvqMhh9LiQMS7w3WpmLkloUR8DQ20vfwlpjrjgEJkRq6rq5j_LetUWkSom76bpGcPbn6ltsaGveN7ELS83qlom2udtzdfxAgy4UKXpkDxr2BsUHQ-JjKppBiRrGQc.'),('c5e31716a8dd80d0ef7a0b67e6e279d1',1331774043,NULL,'EJBernzArbSIkpXS0O1quYNei5nCNM4lKrZ_ofqaAOuEK2Hcpa_0zrIjcRo_XkH4gYo5IOTYzzIEtc7_18qx-xBlu-lJgg8AKStxyfoGys5YrORFVT-xoUpFMBQdnYc5jPUFTTnmv_uBN28hPbkDIw..'),('2c5b07cd22fed38a4fc93d52d2fc7c27',1331774841,NULL,'iWriaFDdy8EPOlszDD8MHQBG1lmejSiXXggDABFUi16PmXec23rHL1Tx6_RingUBDRHLKFezfulOOP4PxAFslhFrGXvwAFW9tsVdHBv_KtkgE_iRWNxrihAZPn3Pcm_lweZYBmzeNjZ3GICyEAr69hyaR16NsFAl8frpYE1Aqeg.'),('d0a5a4cc093fb7ff66991b9766b8d46e',1331777155,NULL,'SgsfHVvhVE4ptEFggQSFdQAr46Ho_e7yqFIsFVfRCeaD-YmwCQdNRfrRV84jaTbSciPSw_524ajfLcSwnbMm93PbXxVjBlDwSQNrJ6PrFgDXZvYDy6k0LqT550QSapQqOxI76L7AkXCIvULgt36bVuMhA3-qc1WlTU_zPHdeCOo.'),('615c364e088df2679d97267c1bd6a32a',1331779487,NULL,'jmLMaU8Qd6MoCqDd3Mbf15hnDFh2zZFSgO_np_4KZfP5qOFVXXhEvg9J_lF4Yi9zdY7toCQ02c65_yZ7cmNii10-cAN2GphIws8-LQQbSjpoykxjOaIFWhRqknYXOA2lfCviZleOQrOSCQ0ggQzp3ansMVFnto7kCsEHaK3zzEA.'),('1aad93db04cc59b2452ba60396bb5357',1331780412,NULL,'PGpIlPU8zxnHx-0rFy3P5gJKh6OiWawfeFUqVFTsAOPdEAKpNbi-O8ZjEdfkgJuTC4azNJQgmhVy4hqGnmvLSmOi6lfmQq-92W_0Zdq8U-7bV_4MFl5TSifykLzLwHNhdQe8EVioqaMoRMlkRobIzsBd9DZoQMtfNE7kbiK0wg4.'),('04899dfed4755420484f0b988a990dee',1331780462,NULL,'jbDASzVTfFPmmZwaMw7ovwiseg6t4cEiV-Mc-GuuTCBBzwtJaSNTDVohrodoCwn70rCxTvxMBQc5jOgWBMMfGmqbGMlh-OmG4_VdJHbcm5gf4oU30xOhO_t2dxCgJbaD1Fr6GVQRDX6l0zyx412-eB1YIUmf8_YqReEW6utCld8.'),('07778c53773c7a93e4449517466f31a1',1331781190,NULL,'7BjPMI3ZhHPncVLDjjon-Veo4e36mDB7Wed6o2PhbgjbGoNQWhUN5YlDaansD4Kx97E04ot9Z-AARmX7cWuQhp-TPHdCaeZkdI_dM7qgHTBASp1VnZEJW5jQZ4EnqreJQNvAoKk97nuSt8JW9PKi7w..'),('2646d4c07560ce1e70a95ba74365e502',1331782932,NULL,'YcJKWYE_AZy-SJMK-8dmUAzIt2BWKIKHe4FWdDjBuqTrePxw5bivEKAOhxjVrjjGVpFbDsrF7ZC8rAel_Bnn8ShZQo2JVTurZ8P3BBExuJsSZ1SBBE70G93d69xuBlnk0EtugY0UjUytpwLBVyN2cDWp4X7MEFYEYQjDjY5nnyY.'),('2258e5015b70646561f1e53fa57d614f',1331782934,NULL,'jbDASzVTfFPmmZwaMw7ovwiseg6t4cEiV-Mc-GuuTCBBzwtJaSNTDVohrodoCwn70rCxTvxMBQc5jOgWBMMfGmqbGMlh-OmG4_VdJHbcm5gf4oU30xOhO_t2dxCgJbaD1Fr6GVQRDX6l0zyx412-eB1YIUmf8_YqReEW6utCld8.'),('b7c49269b05e8b75c3c2362cf023df33',1331784861,NULL,'J2HfKfEjajCwGDnZkk52Ge1Bj7C-ILt0-sn7sFvnqNGBBqRAZwisxSTXCkx3qSrgODyB1-rUDRD4PV4UmSGEFqGLb39Cm6OzavEORJbKKvkkBVgmpib-GbgxNJtkYRSxomNsdp9An0Y47zk1bbD-P6IsiOxzb3wUSWT28rRqL0RRTmxlhXo3kQyCA6_wRGtt'),('c2eb825b190a5c69d23a8b53fa1dc7eb',1331788434,NULL,'HGnuC-Yuz5UXVXPhBOLu1vIvDjpcICbW6-tdAydt3eQGoxyOAjiuYDJfmFe4RmwXBmGPo03dZK_TOWBUehU5cc68nR1BBcXLd_ZYpKhcLP0NA1tieTDW2o2l7KtBTZ2BZx0LcYEBBXchiKj57c1agw..'),('cbd962e16cb3d9415dd29d7e9d8e2e5b',1331790126,NULL,'j_T-RuvmVJzpYwp_7d1Jl2gJkqkqxwljVGZSCW0ByOzWY3CSdiyi7JRDXo57tA94ueu5IHnrx5ozE5D3_PhxjUuAHVc5WCuqAg5zO9hVV-5XQn_uoMs8llIRWUnIAh4iplUAPR1Wk5gd7PBFB7IoS2v6R_c84r2SvZaSe4s5JLE.'),('fe106a63585863222602d06c1cfc4277',1331790129,NULL,'qs_UvaEiou2L4mFrDxA94z_P-SVOlV7Nj_RbuUmWqDk4YtYhRwZdF2mWCg3okJoixa4OGTKaxAlpW8gEjJ3EesOur0MV3Nr6lpiFZY8Q8gA9gVqwSBFIQL4rRekH0qPQ3MJzoiHYLXhxj9IWs96oadAG-UxdBalf_qfy6BzwpRU.'),('16b974b2ec266c8036ffbda23380fa51',1331791700,NULL,'lLSMhmhdwXJSzVvOzI93vdMMI8x2rQhMVyeSj071GicH6kggoczLx06OTG6IVd2NE8vvGvqIZfdW4dq202awXDtnRD3H_uZfZhRPB5k8MZKA7VN-zufrzUowE9ijcLntbJqio8-n_ml6pA11pn1fBt3kuzleQpwM9Ci-XXi64ZoPE-4qSxO5beeZEOmz4MAR'),('ecbb555b25cd40f241773a6c02ef1a98',1331793796,NULL,'3l4fcOs0KebTLFf1hRen5ztWUvzR8acA1iCHQuLF9tZJTi-uSylfyR_4QoUMeBMaLB-DwKXgtxKe8MYMgyFFfYVv1vRB2RUAjisMbCsq0L2Fq19rLDUbRI9SnY5lEcLhaR1gplEgHnot7H_n3jzehbBDmnq7UQ1Obpy9gpes2p0.'),('f382a4b5025eb0c25cd525584e64a0b7',1331793797,NULL,'bhNukZmFVaZVkZ8vz8Df7aQfzZc_bjknUCzNBrwgJi_1B14xX-Nyyv5rn5UgLACM6QrvnqsG5-2mQl3Vsu5_DvUowkUN2pAXQdAIdzjrORbgOXsVDXs0vIjvezCTSqRmHBfaLb33u9lLCI_qFYYdJRhomGnQJ-tQLSFe1Leonl8.'),('b62954167617a59703cecc6e74f25bf8',1331795649,NULL,'ZBTDbj_H-fchLiANRruxCQlNUwqry_FfDJIANY1RRhiXqskbx-dckeRBcLSODykkQhUq8VaJenLvFXlRIiGsMvkh9CxalNHqDBEHbxAOQP_-2EH3zFbFaIrcSrPo7B6TZfIQTKK0beUlhzxLZiCj5A..'),('94ee7504891388626f326e78efbcb0a0',1331797316,NULL,'q8vgTJDyGdyOPLwDHaKxvPGKyrsmS5ltMH50qPl3UP1G765ykFgw3OJs638l-DO7C5lEKewAeMWF-yMgknyKiHDDGyCyIDaPWbkI3wkZ5d2yCm2neYp0mSpxjQLs7HJk6TqLUcvNPs35BfbvNC63QaB6gmhBaX9V67e2OmZu9g0.'),('54b1172b2f8747a6333ebeb51d24107e',1331797317,NULL,'fGCZ3G012UOxUn0IaqtEbv74IYOzj5bNfl6Rl4MiQpz-WZyXjHRoD0jaRBEQFzW-YOYwdsVzMrSbIwG_xQ9vkPpO74SA3OESrK3htqV757PJSZCmVTgs0ks7TaYZYDWoOcCXAb01s8EqEXA7BdiMZ-nhw03CyicMJlmey5U9WhY.'),('18924188948b794038b8c27da730722c',1331798830,NULL,'GHKSblKgV0Q9bej7wUMesjRupu11r-zMBc1i_DoaqHg7SRwAW_qNCuIOBXf8fYSG9eiP0Ge-BoHdonC-C5WIIfKvfjGQ6mE8I9cPwHp_S5LWbrDv4NnSK8rynNUgVrHdqqVnaVneMwmMTMyZW3nCrB1eyrD_nen1oRQTujKMNLfqZX3DQZAkncisZWKtHcd-'),('fd4244ba285e0a6cd6fad3604a59363e',1331801978,NULL,'3l4fcOs0KebTLFf1hRen5ztWUvzR8acA1iCHQuLF9tZJTi-uSylfyR_4QoUMeBMaLB-DwKXgtxKe8MYMgyFFfYVv1vRB2RUAjisMbCsq0L2Fq19rLDUbRI9SnY5lEcLhaR1gplEgHnot7H_n3jzehbBDmnq7UQ1Obpy9gpes2p0.'),('ff989a5c6eb8a555d95c0169cd5599a9',1331802022,NULL,'sCY_Bp5YUsgy7hNl57m3rHamUvD-HQfriNUvSS8MYf3CsdduRAZsAiFjqa1ZFp2VhImitq6JOmMDdupYzG_eICs2Ct6iYnlufgvXJs8WQvx-oSevXoqu5qni04AiXtCQjCjqs3aXZK24Nmo2VJdCp8cteI0b4gG8UuYcqVfZuXg.'),('909178623111dd8e6499d2b25f8ed3c3',1331802807,NULL,'L-JtBSNz86SfvYDKgfcUNkATvdliDYGuXsObk29OVVmDPrvJFdsdsefRLtUqMkyH9unNnW0LWtQudWhg4MasVUU3hMCzve7t5YtMkO00y_LtAfPF-xohuYOhH0ShpuFv6qhCGGKReEcmjQedn7G0cg..'),('1b5c15423e10622192e1f57ddeaf75b2',1331805961,NULL,'eSoz1oc0Nw309LGgsIzL7LucZusONqfXlLsg8v4okHpaYnN28Z1Y3fcSCI2o1O0jVL__Qzwbt7_QmklgDIcIZj3e27EyvrkB4oFW0nllBYqpDAlPPjlGPcYQKMnSq3TzGx5BcOBkLUKf2dpRa_FaRHda6-vWbELQX8TgOpp2WII.'),('6b0dc6f508bd3161ca5238e72023d1e7',1331806007,NULL,'JiAkf1-gkRCkYncpOEZ9bcF1dsI7KPAme3AsXolBBoaY_x9LkBeRcx0fKVF_a_ncEjWZfdBCSdepVC1E39zjzL-PNIVtMWKksrowErxzjup3BMRbNn37xYcXU84Ki6PrPtFEfTeJ8x653_CZvSY-PH7SnysMDcijT7EyBzczRYs.'),('085f1bbf674ab3104d571ce8f76fc2fc',1331808161,NULL,'3l4fcOs0KebTLFf1hRen5ztWUvzR8acA1iCHQuLF9tZJTi-uSylfyR_4QoUMeBMaLB-DwKXgtxKe8MYMgyFFfYVv1vRB2RUAjisMbCsq0L2Fq19rLDUbRI9SnY5lEcLhaR1gplEgHnot7H_n3jzehbBDmnq7UQ1Obpy9gpes2p0.'),('e23a192387aa435208b7a0eb61d544c0',1331808162,NULL,'WwnXNNVnfy1wdtbZcVltxlqG1IDXKcdKSHabxOBiVaJEPbgvqMhh9LiQMS7w3WpmLkloUR8DQ20vfwlpjrjgEJkRq6rq5j_LetUWkSom76bpGcPbn6ltsaGveN7ELS83qlom2udtzdfxAgy4UKXpkDxr2BsUHQ-JjKppBiRrGQc.'),('251eebaa2f24f5b832dfee334f45b720',1331810012,NULL,'8nRNXTthbW5-teHq4rHBy3YgsNUtnGv_Umgk8Gu885wxZc1b5oRTUGyqOwkG-r5CmLxYOzPCm6xMbvOSMzCLfLu2l7CLxydp7Hj2O8TEF_URF8z6lpn3nem7RqGc8lgHGMmvPsMzqu96OqECVE2ZVw..'),('1cb7e9363a0cae7c9d19b7f3da020680',1331810125,NULL,'k0DiMH3LQLIs4gewGTMBksjPLTQdnCZqS995vZuMnYc8SyfJlSbZw3glQM2Bb_Zo5RX4mmCFV5QSVt2gXto5YE8fple-_6YkqVB1N6GSUzZLjkCe6lqUtXPGzJirbbNZF2-L95AzZPdZLvSJLqdh48Jom-ffd-Rrp_myAHb-EZHyRfCp3yPlY_zbU85Q5qCd'),('67b04589ffab54f7dec0ea17137672d2',1331813050,NULL,'-mX0SNH84t5veEZhlRxtm05muIYxIB1Rmh5kggRAAv2EtSTMiZwrhez7fE4Rj9Z_WtUS25HhGuUh7-P4v7ScTNbcm0dt0jVfIt5l2Ejqzq9nvW4xjW9_ERO-xpP4nA3gXfrXgk6CO5zNu6jFv102dAkG_wBviMwe-EtakIhAwU0.'),('8e00faaa2629749e3f20098f32e30c79',1331813058,NULL,'YrM3xV6EtjVc_h5fTZF387rR3vUNqx0o7P5m9OUGmi9HSpKj6dEAQ4SXVBukcDFhqbJm6hjxM-9zqfBtvOG5UE8Uvqkvg0lq8ncMCdLZsbZjb5GLtktvthfAMQIdcN57OjxGzpLQvhHhjRLuYqvvNpwLmyLU_mWfRT45uAw0d2s.'),('0516aee969134ce0c4f8b4f5e5baa2d0',1331813237,NULL,'zKSqjdKlOPpPFZ7JrNIttFrKgjpIDcsateQMwdAo1ChKHfi4H_NOEOqIVzbR2qRMTj4mmkMzUh1J1zB0NPTXy87pClLU8qOxYqTKA2wtircn6rLp1w0aKoaB6GkUYbqQ3gFhJjb3m5ebx7sHMJfXut4kSWLa-FQvouNrh7qsKZUm0A6RbG56Ym8_D1fYI-Zn'),('b3b2a4882473d5593609b308c110331b',1331814865,NULL,'m8bgZUBcbZp_21MeplpTKd_Xz3HJvN64vCRw9-n51xKW1vKF2nlY-hxGvfbz0SFNAjuRestM5MZ-1_BRky-u7LoaOPjPv98mGy70ozRu8qHJMyAfaY9Y6bT-EYhwJz1bkUPsq4wFeMeMLgUJc_ifQV0e77loSGYnHHVDoFc777YQ26gC5gGSEpU_I2rj1Iyf2ThS25o-TGBnj6_UrrBr7Q..'),('345370b0f5967d3a77c5bad4734de954',1331817234,NULL,'9Mw2HeXyB5N5-knMO6gYdR5opX6z3X_xnLd-SZ__UcsPVXO-oLMWNSV0-9xzWLAKMr_f_F6tN0UIgvhDZfH-HwVEe_0QD9XUqhlBO5DiffyM8u-hMpNwmjzUANEYUECvvWaR6H1Pf1f7zdmq-EGa2g..'),('c0463ac5344383b0dd0faff5b36e6122',1331818898,NULL,'bmf1lbeblZNhfNbYREWGUouDvKRo15HLK1fpUC7R5FtNJUTa886gnXzVuilyYZRLhVqyXQ8Dsyb2_-iKv8sKoY191xdlmf-8ZBqjd3YcSO43CQizpnQGsgYZDX4-UEyQdxzD3AconwjUA6UY_uaH6v6jakQdX7YHg_o_iH6r8fA.'),('6cfdbd99d6f1a898760c6ab91d64bcdd',1331818899,NULL,'fGCZ3G012UOxUn0IaqtEbv74IYOzj5bNfl6Rl4MiQpz-WZyXjHRoD0jaRBEQFzW-YOYwdsVzMrSbIwG_xQ9vkPpO74SA3OESrK3htqV757PJSZCmVTgs0ks7TaYZYDWoOcCXAb01s8EqEXA7BdiMZ-nhw03CyicMJlmey5U9WhY.'),('139e74aa47dfccf2c1d442c06c4124fc',1331820498,NULL,'71rXM37rKfRghIwFsK33-Hs-MQDU7WjgcUiWndTDDq7O_yIVldQYuV3ui2KE8diUvFiHOfsDgzvraq9vm8uWLq01av8_R2_02B7m_l1DiU2WJce_nVt0HQNsJg_lUp-3Ds4UsIzdOVCcWKIcgcOHpSA5ZMNfTvTUtE6MHC8KqVo.'),('29f4513dbc85fed750f88dd172d4d367',1331821594,NULL,'1IVAhuUoj3p7jVda2WAk48PvOKE0_iLqZgprZBV0lgeZrwuuLKl4wqKAfdjtKQG1G4_WZn4z3S-dPDvqcHJ3zLBBoLTsC1vi_7AIwbkjjArhjY7F09j10I38_-z-LnSQNQeuPuswDSWP3j1S1hoPsevyADc_Ju0WMSCt17okyQVE99g-_tt6_GBV0tNVgid_'),('24d194fdcc1cd36218847ec585ce4066',1331822085,NULL,'SGS59PxYdfUyKbRJg7fMmQZ7O92Uu3TDntSpDWlcdw7IcnSmkN3m11icIKLApkX_W0ePb2uphiXxD4rqWjDQceDzsGu4uepfiv9zCCJVQmNYL22oldsdB-P8e2BGTyHurcw49i3dK-O78iCOmTN0xp6sFagDKh-QqtYL-hVQn_eYJOnRsbk2XPYckvymIzNO'),('c8d00cdcdffcdbb74062759b98e14f7d',1331822218,NULL,'agZWxjuR0-aHI194gY1tOTyufInY0AEQNe6Cbd_CJp9B91XJaeh_Vp6KH7dEUomlDbucZTn6mNPBy07DZXGgTzAJF0oHV0LBWfCcJO7x3VcLC4OQCSguN6zf2OssY6QfgrDVeWK6yK6DqHPuZrMnTA..'),('f2fc2e5fb9b37c663e6bf6596af7d066',1331823684,NULL,'3l4fcOs0KebTLFf1hRen5ztWUvzR8acA1iCHQuLF9tZJTi-uSylfyR_4QoUMeBMaLB-DwKXgtxKe8MYMgyFFfYVv1vRB2RUAjisMbCsq0L2Fq19rLDUbRI9SnY5lEcLhaR1gplEgHnot7H_n3jzehbBDmnq7UQ1Obpy9gpes2p0.'),('29d35a0f48b29a34147d86bfd91cac75',1331823730,NULL,'tpTAZWNAhRwx5VC0QQLKID2s7kpY_-1XXaH7G0y-8OIp6iTpDlmBPEU2PB1wI13TC5_SGoOTu5-gvFX9uXYngqQ4-wFGCtA57gvMXDn4VxgQFAKKgnmiIvO0Ny4dvkX-POp3_SIl7N1CGlsBzHYwiqhIxX2rm4NDsF8q22tZvck.'),('69c6ac4fde2a712ec0edbd64427ed9ec',1331824339,NULL,'3PIiWzK_KyaIfDztiyh04VTqcX7xjNwJr3zyVe4F4VokjYCO5KOykKlgubQCMzryZmynD7QOBqv1Lxwf81CaT43G6sDCDza6QkC6si0vheZl6JINrLzD0c124m0j2Ft7e9pjeXIb52gE6s47o5BJwA..'),('7918bf6ee23f89c096d38856750d453b',1331826519,NULL,'YtSoEM90_DUmn5lRTjKwEwKXBHrBMXp861TbOqROekJiSpxgPYLosspJ_QarcXmp-pFK5i18QloYyg_XgeniAvL1jINQfTKN6QLIuxw2BWoosDk1VOK3-cws778WsNb9hynhQ_hpCiLqQfP9gBkm7CoBVnB8KxIm8Jz82utdzcE.'),('c7517432044997e113c9721f2c1e16e2',1331827321,NULL,'bmf1lbeblZNhfNbYREWGUouDvKRo15HLK1fpUC7R5FtNJUTa886gnXzVuilyYZRLhVqyXQ8Dsyb2_-iKv8sKoY191xdlmf-8ZBqjd3YcSO43CQizpnQGsgYZDX4-UEyQdxzD3AconwjUA6UY_uaH6v6jakQdX7YHg_o_iH6r8fA.'),('a54abe89d2f67cd29dee9823956cded6',1331827342,NULL,'YrM3xV6EtjVc_h5fTZF387rR3vUNqx0o7P5m9OUGmi9HSpKj6dEAQ4SXVBukcDFhqbJm6hjxM-9zqfBtvOG5UE8Uvqkvg0lq8ncMCdLZsbZjb5GLtktvthfAMQIdcN57OjxGzpLQvhHhjRLuYqvvNpwLmyLU_mWfRT45uAw0d2s.'),('c92592522a11db1fecd907a0e548275f',1331831608,NULL,'zOI93EcEYaJa4J_b2ZSG6LsRoJX4GG4EO5v-Qmuue2V0y8lCVB5zTiBn3Wa7TmilqUN-sSC_op1QvyfEognhU3qZb_zR1-080D2xt3HL4N0Ec4n9feWjHsdzDTeUMJNCibqP9SzVGfjsQAC9Xcu5kQ..'),('33cbe5d3fb491897d662cfdd05d232f8',1331831734,NULL,'yzFVYE_FxWjZK3d5cMRucQYDjY_DEJtdubpVEbMJ6tDlf1i4rMyjmRRhqq-Q9zQfCtevNhRbd0Z43Izpm9bWNyZMNeHab-8dDpdPjzp8F8oVX1WeF2Qp_r6sPv_cizE8Ki4VzPgcN02pG6z2xOgXuTZgW-F7YAtsWLHr_y_UJc0.'),('ed10ca0941b32463ace3b9761251c091',1331831806,NULL,'s7sO-q0eA6eESgH-5otO7oazWw0FZeyx-K7lIsosdgSwXynfWmcKWmMn0TLt6nlC-M4zp0Auo5JuV4Q_7KoB3l3RnkYBiNFxJtLxwcnhD99r4ms5Jnpv9GuCrm-lUE9nUfLLMeozhdnpxv8RgQ-15NaWCQX2iUqZDA3gq2a3cxc.'),('d50081edb0d4abe576e752842515304a',1331834656,NULL,'4qb7yZecRkps7sOih_HT6MVnlYCCbwLdd5Idu-zXRS_6HeihyyTzGznuRDwOScr4whnifhRnzN3olZvvZgtGhoEmcjs1_rCwzhxaPZJC8o8rrF7jAKQvC153LMr8ibJN-bqb8p-jTWikNU6Dx7X2rtUHN3VWU1C9ghzYfSKbObA.'),('8bd298d7117389e61e681c5872dba106',1331834705,NULL,'8Zv_dbSyTAczGbwOk-W6b2MP5A1vOrDIHg11_UlNF2D3Eqq4Q0rYetb8zGnsZprx1FPs7KZZAImEJ2e-dxUv4PnZGnsxCJ-QwVoShfA4mJ0fRqhTr7DM_WVttwRzIiJRfe67JftQiL0a5hp1F5vrzMTKVLjxvOmiWrp_Yv43lTs.'),('1427b264ae20c53f5d80e2570c929047',1331835028,NULL,'G_wsX_XyJ7Bv13YJcmvSLaerruDqZZC_OzelHz2Ai9doEQrPd901TEGckEX1U2s_mq_nC7fM_oy0zdHFUF5ok6uJzS8ZoI_XIbO1y6D9dHRahShsFL9eZ4JtFzLuyBvebU_LIYVJxEK6tFfnRd3n24OuOLpO-Uj6geM6kbj_qqVKEYpu-YjTDyS5nRXyHc_p'),('f12ce587267394714a57cd033d3b4fef',1331837771,NULL,'0WcHHYn7xs2GyNsGoB0WzFuMt3yWtrO9XrhIVaymX_15rX20W-L2i_XJriDqmX5uzKvNy-CV4NAHMmldvMX9CPxMNby8QXRL1lnuz1tjhL-3AxMCk-wUL56FpDgMEnYZ5tu5uQbn1y9dz64mbiG-NF-3v_fDrcrAV1_9S2A3R6o.'),('32e3dabfb38688b8062f566f5e0b9d41',1331837773,NULL,'0J2tOut6A8_3Sbi-n37I-AAiTWJYWBXQlKhTumkq1BKN5Ly8KgYVORODEWmNqZxpa4S_pq_cgtmx5w5wp7Gj5Lw-OjtJQvmLsmHlxid-2F9fvkBrB74mS9JGx9jnrsX9B7llIZfdWQaILXP5V2z9gmfUoSJW9Om5ib75Grwctjc.'),('1247249b6dcb649a0228e2a8d4bfac2c',1331837777,NULL,'chW8N4Kg0UoHj44Vj-wgXxE29CLTK7Zqe6mvsYZhKNBkql4bg4imdV3NVTytSVU-bdj3Wm-PW4iMQAqb2_iHaYwsQVRG0DLjaSJWzXzrWqJDL95CSAZQNZibKzct3a8SFkQSPjC-fOqLFj3a66ZLHoXQLwQLBK_unTpT0J7Q4CaFl62aHFuFk9hTzFeNqxfK'),('0c6d3bc7eb2967619ee974f191969221',1331837778,NULL,'chW8N4Kg0UoHj44Vj-wgXxE29CLTK7Zqe6mvsYZhKNBkql4bg4imdV3NVTytSVU-bdj3Wm-PW4iMQAqb2_iHaYwsQVRG0DLjaSJWzXzrWqJDL95CSAZQNZibKzct3a8SFkQSPjC-fOqLFj3a66ZLHoXQLwQLBK_unTpT0J7Q4CaFl62aHFuFk9hTzFeNqxfK'),('3a312cfc0b53a8137469053fa58a4732',1331837779,NULL,'q18qrmvjAD8NwsKl2QBLdYjrTN-inmFCo9odwxYzAl86ARccSQ0kG9gVP8bqcvuI3C7EV-BIlaMCcGQnZ7Z0ekZUX733OjYCNrpVXjIVejA8Pr5v4kjzHLCt_MhD3Dm62tOgjCZe5e1KN0nxbay--PLLzP72SRC0N1YGKjDpb70.'),('620f86149dc85dc744b448150ec8be9e',1331837780,NULL,'7sgxCgGXJMsyuRLhRyCvjiDekDeUkLj_O4UcQ0ZxKQ6Iiy_P-T3lyNBjebXoqM7HukmzIPiJmRWizCK0T2GqUghhAUilRJ7_yl9354s7aS3ihQ6yCg6hyaseIaEelKX-dwwo447mh63qJXw44tGgBvLMaVsoRT3XCRM-xPSlXeHQHNbZvNmZ6k0tv4qvtd1p'),('1f88422b81db1ca292e1fc8c3f783c47',1331837780,NULL,'b2kI8lEzmNq4a41KpznnxWhuMsvvbGPOOquBzKpqK1554oKaLgyJHK1sTMD23Kg5IU8qUYiyHoPhTBXTTxOnqAO0felMpUzKWeVELMxybe9DAVP7UqxSqCauu4w2yiQt4vXJWR5Ab4yUrH-Z74rWdMQmz8olMPKmyKBql_hB_6Unlxy2GTFjuuoYPYa28OYK'),('0004b55858f3af13e8efdbed51f9c549',1331837781,NULL,'uSeBmFy5llYxRKP4Fskhf-szWVNYTwCuZ5fOo7JGW4R0sF_RK_YeNf-ZeSfNQI-SLEKXeHcmx-2IH8B7igCHqNEtaqQLOEhfw1OknD4btUmMysacO6X8hD3AbLWW1H3BvQMbnBhHC362ZkL7uu-0YI_vn3Fu2SJaAwWN2iRYXhsetp3JN1YH78SEjo6WfmPC'),('60a568940d457fe6db1308d13ae6b910',1331837782,NULL,'BCqd63AOhEm01oLjJQvNmlM8VAJ8NdLn_pSLcGZkO0BPyOu4Owit5JyJWe4NapEkyMuT-a5sNRC1lIdN32kCwBdHoncgg8gtmPfbFg7XGFoDwf3P3bzNH3Jrjg-h10f3meZhI5BKhcuWXFyLoMAU3J2Qc_29e0pngePgGjxQItEblr2KSazABy-ppJF2wY_m'),('bda5e9a8bded0a71e7f5d3eb454c77e9',1331837786,NULL,'chN0QwDVPOPyh9Vyfl7BjHkntj-0lRO0knNmYvOhplaO5w0KsWi2EXUVD6it3RecaWyokJ-D7ZrWVOX8xdzS_Ai0HItUefwgXbM7xBQSNY-6a8SJysbiuQBwWmEgPrGg9McRiBX_MRmM_Go1tx4WcpB7ZFEpYCB_y6ZLGPJxndQhU8J3SwGIgDGzjUAh3U9c'),('6d141d8cdf7629bda4a2c52dbc46d5af',1331837787,NULL,'N1XbmvGpH9F_-qc5RT8S7lsy52rJf4mF6qCGb9jZI9854KhntTBxBC-qSi7Z3XM9U4MOVdkfCQmPBJcS6S5fHop2O_QR3Xl2ishmobtfuRli_SGkeG1rs-C-yKrVMApPJ2I_vfEB3VrKp-XzBnhkT2A70waDmQ_OWwWr5-bJqV5ZfbxumZTh77BsJOgaqDah'),('55ed50a4415e89ccf165534bac2e6d06',1331837788,NULL,'ri0KtYlWzmnumq4mDa7LB97CrQSvB9D1M7WR_nFRT9yvH9iXrIeIGbnMNT_Ipt31bh53QWympdxbRiskPL3DnU1QaD4rSCZVqb4RFHpPZOcZOF6YDwftCNhffeQ9hJFZf-t1qWTRzZuYF8SCCGfsPrSxl2zPA68NF5XBwpFy_q8jpY9W7cWK0LuDnqq-0XGO'),('434464283228efb95fa18ffe31c9b45d',1331837789,NULL,'eaNb2s2REd6SGo_rFtWp4_FganXltpVM6yPGP_FcUBi-kWE0gt_3AfoKaULewDZ-_3SwoxcN_NzL5bFDxO93QQch3Qd7Vx42iS1krw9XLGTV_8JGAo4UAlOiJFA8qKokQ2I6Sn4hfaWO7yx7vS5VbN-Gh_iZoQd5NFnZhG0GZcqIKvbVgX9orPWRRsVkCwjh'),('d246e96e6eba920088907d65a7cd1fc7',1331837790,NULL,'exArVDpy2tcNzN7ctfOQdX-nMHWs7WszZ3mibl8AC3TeSUqf1_EO5TdcDNQ1WsH_BFMIlyWRhwvP1-t4WY5BfwBilXQOCdP4u8qKbQvNu1hciDvXnaLM7Q_PaurCGV7_XP-p-pNLNdp5zOcqUycxog46wuHgywYXAfDHE6cDdfaR8T-LAUBoDZBOND8ioGNl'),('d095f009337f044ce1aa1a0a72475fdd',1331837790,NULL,'Hjk_U2eytJ7vmxkVonTdL2CRTHHZM1YQc1UQRgY0fMAXdGcSnorpJn3zkvne5wc2yck8gr6CeOdNaAHlxKJ52CPzf3nF1kazF4pbGF1NcVHhzHmWxaIfIjHYW6c2L6145xsuo4f14EhfacnvlMK3T-pwj1ApQxIxrzh7EYDmhLB7PVJYuLxZoGIrb6ZD_V87'),('ffa1619e897cf7d789acc2ae529b88e6',1331837791,NULL,'AaGouTGybwnxkHEWnuVDygID3r1prl0V7k1qQl9VkzYh7d-IHjoylRV2CnExmGTkL7b1cKylesHXtzYzP-oDEtM50GdSDditjtkZLSb0MCDw6fYzn3UFumszrcXNCrHTYRa1ucufQ9Cadqd3EiVFfHEoNhZ5R6LDCw6SZ-_Mzy7z-4NXopV47q0XrKy9Ipyf'),('5acff2ef9679ef6a48b664c0e83d7924',1331837792,NULL,'FZ43nH3mEut8S_efzIpWSLHjrf-yb4LaRnx8Y7kSM1NjEerhZcSwDgGdhnrwLjirNhxA6LLLLw4W2iKN7Nf6AFEknxs5wOvkmLTp_KOl9O3-zDMUC8tZHnrA7_iAchjuACKc-XMt4E4Jw95nxNcH0yOFs7wbbrwni_wuoLbuIh0i2ZDjDvrJ1FwLrUmePZBQ'),('8e213c79be5cb3e7af18133e3ff04eb7',1331837793,NULL,'q90Y2vzFQ111hI8G2-FwtMUpMXb-fWONays9e_tCTDkWxgFyPtjFGUEh5Z_MViVW_KNkU1VLVKZiunjBLvdnrzeM_nqDGseY0xMbE9v4zul6T6rtaLvCHWZzEjJx3L9eLbuup0TZPJsNt-6w5OAlbJrjkYZDPg4Rc2ZyB03bW6xoGoWXMS7PzGVHEwkLX6TZ'),('90bbb3f2207674b8f8be5dd7cf033478',1331837794,NULL,'g-I1vjM0khA6dbPVIFAJH_HSF_r3V0rwI8LtXYdC0iLGCraD_Z-0oityLMm6QKpH-l5h6ORtAG2wodz-9Hvgwt_R2_72xZoq8vxc-pIQysNakjBRWvZ9mALVqQz5nyspmmxXUr6Bw69C9TGmoCYASrZhrz7H8agnTsOVn34L4tO9n45mnSFXxWFH1_i7ckVi'),('d64249d286d7ee6bc439ffa4605a0c65',1331837795,NULL,'gOYzy0oyV-K46M9AWkXsdnMryIwOLc97FD1Uvacv6fPgqzDmW5Q7HwDC9Ly58SFUlgQU6yk21C0hZICAIhuHbkHznZSPyJobOWjNUQlOsQYHzQsbYVWuGOanGNZmolPQ59w7IKKIoYH_ZU-w4zQxKOsTS9bGEGGgl7UjbU3lMjArr_WtILNVaXvveUuSeyqu'),('b5f598ca8033bf0a6e97bb54f3e935a3',1331837796,NULL,'ri0KtYlWzmnumq4mDa7LB97CrQSvB9D1M7WR_nFRT9yvH9iXrIeIGbnMNT_Ipt31bh53QWympdxbRiskPL3DnU1QaD4rSCZVqb4RFHpPZOcZOF6YDwftCNhffeQ9hJFZf-t1qWTRzZuYF8SCCGfsPrSxl2zPA68NF5XBwpFy_q8jpY9W7cWK0LuDnqq-0XGO'),('1c6db43a19959bfbabced5cd97210d55',1331837797,NULL,'N1XbmvGpH9F_-qc5RT8S7lsy52rJf4mF6qCGb9jZI9854KhntTBxBC-qSi7Z3XM9U4MOVdkfCQmPBJcS6S5fHop2O_QR3Xl2ishmobtfuRli_SGkeG1rs-C-yKrVMApPJ2I_vfEB3VrKp-XzBnhkT2A70waDmQ_OWwWr5-bJqV5ZfbxumZTh77BsJOgaqDah'),('065eef042530d3eb789cad9f1a172914',1331837797,NULL,'mQR8rf7Zj_-eetkAoNPTjVYLVJvrCeBb2UJ5DavxTrJIztm8SK8syY4H0NvcB72K4T8lYsRyaS49EtJx-zRX0xdZH3zNYfldxRyeAohkS87VsVO9Oci-jT59SQtk9na2g9NYVx0Jo3gBFuxMAMGlNFbYQB8Q2DBo7o9y4vpQlP087U2864YctQCrwSvR5-yR'),('7ff4e1be7f56a4f25014d43219edb870',1331837798,NULL,'g-I1vjM0khA6dbPVIFAJH_HSF_r3V0rwI8LtXYdC0iLGCraD_Z-0oityLMm6QKpH-l5h6ORtAG2wodz-9Hvgwt_R2_72xZoq8vxc-pIQysNakjBRWvZ9mALVqQz5nyspmmxXUr6Bw69C9TGmoCYASrZhrz7H8agnTsOVn34L4tO9n45mnSFXxWFH1_i7ckVi'),('2cd4be891f0c1dac314ebbe873f87462',1331837799,NULL,'gYyd6SVkM6fOW_JXGULhE3Mz16XCovB5U7K5FL2E9d_MuFt-LHTypqLM4fu5d113cmrAT-PXahP4w2_mIvf1BUwQHlFUtRXZtQysqxK2l9FHI_onCQM2gwZ9TrEmQIk8huF5hn4Fmzfa7z1cX5Dj8H6bUrxvZWvfol9_QkPj98GqOu0yYoSlS_uIy_FCyqXX'),('98839c5ab9e0ee5e02d97fb8ba63dfc8',1331837800,NULL,'a4LZd2mZ2EY_f-sHN32y7BYQLRC__OcUF3SGs0_mAjpSzPcnt5Kll4E8QASH5zQysYY2p4xCMGDj_tZDU7B_patI9a2GQccgcpjZCJFhbj0UsGfb4wSBeJJ7ZZ6bLyNmwdvs2ngrJoY9agEJGo4w7JyqyLqfKFT_E_kdviS2nX_1QPauiszhZ4I3KpC4Xqp-'),('f37c11bebcf49f334565eaedaf099c03',1331837801,NULL,'G1xC9cCgFP1Rn0v9mmZMRMj5P1EujauZkZhirtzLLTslzzsVWX95P9CmtxNNUQSi-Bv4WnsezKPc8oTsDQMVFLq9TJZ8ks96d8Pq1dElC_0OGiRd8ryfqCO-_RAblLGwwIOXatSuhPVL86qPRaDnZoRBsz2CHPfC1ZyPg45DJxZf5WM__ICnPvWMzv9NHbNi'),('e6b50dfec9cc5620e174ff6bc933f0dd',1331837802,NULL,'PsOH5lQWwdLiZ3ct4sHdYwmPZtdAxuLEmSZfg5GUDzc225ZTGT4HmXXhqofm7skJDfkCsUfaeYRR-3Z_dwphT5LyfF10ZnSnzLNdNVxq440sXbIQWOmOXkdLkVmlH7gN9g0jUyZYaUhDVcl1mZ76gUhpcuuFB8yyJTpeeIKeDEoUkI2LP1-5oao-bg2gmhAD'),('49173898fd7dcf1f7ec16cdf8de76e94',1331837803,NULL,'Q0GWSUpNtTN2_rQ4VdNBa2-ceGGqsCH4QsnLyBYTdmi2y3FOfw458Epycwcqq92YsTjRvnbTifmE1hk_wCHOmV4uCfI8RZijfMlcb1TASC4avKLhF4HAjP-BDNk-UtEwg3f7VVPof1b-vyiuEEIIgTHEMMBzvvkqssksj8TQ_zLQV0BhMjSbtIKYRD7nJwa9PMDtnT-bf2WVXG3U2tW3ig..'),('6519eaf6f945042b60c4c30ba2090246',1331837804,NULL,'sLJlSgSHJIju5OJ3dNjPeC8SWPFQwaBms-Qhg2W40nnolZX6wT4B1BarqtsWaf7JUutBswijJ9u3iaTQwry_ZRjDE1sWAD40Vd7bi3fbAL4MTqmV_IlAuetwEggFRqgtBo5IzGipdhjykz5h-OBYjzgZYhDGiMn7fc8xXnvphnig9nemVJZdvvswCqksaBcbGjqxU5Y4hqAAkV20hSBb9g..'),('485d8f43c18896894a54da596e50ca30',1331837805,NULL,'h2SxVvyoFBUu24QWKVcgfWSQTDVAXDGaj7Wc4vUyB0mOAQ3LvSPNZpplrROgJbv7Bmr9dbinB_1NUA7dQHlmej47C-8rwJub-pDiUIVWdqLeK0_Sja7eA65F9ym8P3l5n9NcRKaOs4oQSssLvb9lSobXWjdj8OP9tvx6Z8ytqNv1B3-8O4HstCbr2T0B5RAp'),('8d9b68e1018b57ddc8ca2bb4c8b6b74b',1331837805,NULL,'Sae1T_ODhHofx4aU11QjRIFH1fromjx3_pqgFuQwt67YrAJCvZSMq6JtHPg6K0lT3a41IuicBOAun_oUx0n8y4r5pIHSTzsujmm1nv1L0Mong0eLG114jyxCaBbdyOB20hd1lzNeeCYaQg0-Pik2vgDrBwOC-rDy-nregpO3EO_qGDSGzxqp6fSGZL_QsBJP-fa5FkubC6UFf_m8mo2Nbg..'),('36064eee5ca312d3fd22158027785414',1331837807,NULL,'d3PC8FPKzTw8jcHBPw-gyQjszv8oKl84I6BeZHjhZs0r4grMwSsiMVsmenEaV2K1IMG3p_DDpELmNTfPWyYqwalwWV_BaomNyAqiZ0lN3ZGpY_5s2anCpT7nLyj4EzR_q8zHIPmvjwFFN4fyUEQRs3jjlGZxz_MkANB_w5d2PC0ewBfSn9CIPM-et-donWlPNLbV5t1nEcZVAOCP0cRvSg..'),('e6679a68e0dfb2cc0ddc364cac275d93',1331837807,NULL,'m-jO3iKMQuIEHliloNTK0DlfNaXhnA0bCTxuW9LnZOpidx-ZJEkYmzURXjoYY7sulnnS1OTcSAVzQHQaB7kBh6M-8NKevHz786Oi_OCCpbGtpmTz2mhJ0wuQCFI8-EkAzGSZidRWoP_cJPYrQU6EjPd_I64iLEDh4udyW5doOoFq5wzwByWxpuPCVKBpSz9A_AM9Tr7bwdrmS8WTXLllEw..'),('5190b8ff93b1d43321ddf9cf418b3799',1331837808,NULL,'oAYCSfZDpNi3BcVAgyqLPDX5P1m-0iw5ng7CIha_x4jAtvi75VJaOwxIEi8bEPcEk2y9B6aVGowhP5LVgksem877dc0Fur7Kapw2_KFdUuHGqmsp2HdnXud7E3WWCnCfeDThlzMV-RUY8ElSoVCaTv0LQtrW3TzXs8ncKxOHv66IVNwCoZjpfyoqiJmgB_TO'),('ca0c06f222ab19dee23a8ede0c2e62c7',1331837809,NULL,'ju7kHpg6lgtrZ7ZjXOKOdnEU8Cc007lQlc8g_Bx89xwXhddrzzsjKnmOqTKgtigV4XgRcN7SgEL0Gt_NLCkUJCf500nph7RQRhzuyaxCsSM25PPQajhvmzqU0NsUOISC-AVV4U-iH1QOp-z3xPf6_FVUzlnBm5uwvtHvQxIkPmy_bu8YVdfQuUbYAbt93Je8'),('8a5a6d7441ef2265375aba729cbbc1f4',1331837810,NULL,'IhlxT5yPSrHDX84N7uglC9wW5ooqsT2JBTUqHPRzqg6f1c7jU4Uhswu8qmA8Exvyqw_H0Dwr1FWz41qZwYEDuJifxz9zY8iPFI2bZe13L3RD_Ecz9zEA2MoT75fcas0MKGjWkjV9Z8hGSlTwODRY2G-XAnA3e8ceJZPkJn0WhtLNDWzb84lwSU72F9zeJ4dBIicQmDarHszJWvTAUG0xpg..'),('513dedfef1cdad6f007f92768a80f1ee',1331838034,NULL,'pvPch23d6akHJh6tXe8GFJPYK-UKxd3DFQi1twfY7FvUsme4JrZp9RUEoztQzd9JAsga9-d2CVolzaqszLsCVqD7cjX8Mp5K8pmbAsypfVLUY1OrpK6nMVWiGvkpd4dI-AiO_cyRZJJv2kwth1Dd-R10l_9sELuon_F-a4e6JHg.'),('e45cf57c8fc8fbfb5218da67b7f7064e',1331838080,NULL,'YrM3xV6EtjVc_h5fTZF387rR3vUNqx0o7P5m9OUGmi9HSpKj6dEAQ4SXVBukcDFhqbJm6hjxM-9zqfBtvOG5UE8Uvqkvg0lq8ncMCdLZsbZjb5GLtktvthfAMQIdcN57OjxGzpLQvhHhjRLuYqvvNpwLmyLU_mWfRT45uAw0d2s.'),('26d235d5683cff351bbcfb77753d6efd',1331838800,NULL,'PLxsCwVmKdKdVTqLoS2X77L3j0L4Oh-rM1o7yEM-lIZXcezK6_xEEeF7wM-S-RCuF6Gz93SDckUKGTtq_27MtfWZqkG84GOFJ9F4meB2VNrNqm2Y1uXuAIPcosj5MPvRZMDkbwWWBiIDnGrrH4J7RQ..'),('cd8fa0075024badce318c243c2a2ca13',1331839401,NULL,'eX2oYEomU4GJBBxWH2irYRYeKF-C9kc2W9ufe_Nxqb8Wi9ZDrmCydqCy07P-Qd-48QeYe5RH2aI7h4s6pb4VztsP6ajaA5tOuarHSU1ZLZZMTl8ALNYi3GxLr5_TpGjLSDkXhELqARou7DnGE5CqvFW8kW08xgWlRDyMH-WOoNuAwqPJUY13eww0rfo7Q_Uq'),('0b724b6890d33bd33df2d727c85cfdf5',1331839407,NULL,'O1TG337CtQhSinMzgyeqPCn90KB63SRq54Jf1CH23Gr0NRdteAKgPjQTChdhf7o8X6fVlQ9teKKby9-sNLVs-fXsyLJ8Qf9I-2oKEyXTPoC9Tsc0rCWsoHn3Lz3k1wi5jnaedR_WWQzZnb4XRskGczLxo8riSYXCWEhhLgrdfT7QbH1bR3tfppdEukKTLqZ8'),('3f9b49969ab50113e2b097624110d97f',1331840063,NULL,'Mxvgy8BAvH6aMK4RV6IxE8nLg9FpsJtG0D8F9AXcmg15Vurbsd4nKvBT2emX_53BFxp6JL_XNuOCL8FhHRapxOFk_Pj3RRI-c61l2BizPGFslJYbsGMMImyxb9xE2RyQAUdWu4V9cfgylsZtyAULVJbEdv_QdoRSXSKn0DMy2j4.'),('e6477705fca49f21967816578511a66d',1331840063,NULL,'Mxvgy8BAvH6aMK4RV6IxE8nLg9FpsJtG0D8F9AXcmg15Vurbsd4nKvBT2emX_53BFxp6JL_XNuOCL8FhHRapxOFk_Pj3RRI-c61l2BizPGFslJYbsGMMImyxb9xE2RyQAUdWu4V9cfgylsZtyAULVJbEdv_QdoRSXSKn0DMy2j4.'),('f63e62ef489b05996472e18ab454596d',1331840063,NULL,'Mxvgy8BAvH6aMK4RV6IxE8nLg9FpsJtG0D8F9AXcmg15Vurbsd4nKvBT2emX_53BFxp6JL_XNuOCL8FhHRapxOFk_Pj3RRI-c61l2BizPGFslJYbsGMMImyxb9xE2RyQAUdWu4V9cfgylsZtyAULVJbEdv_QdoRSXSKn0DMy2j4.'),('b912ebf92dca9691c9b84c1f518acd5e',1331840596,NULL,'pvPch23d6akHJh6tXe8GFJPYK-UKxd3DFQi1twfY7FvUsme4JrZp9RUEoztQzd9JAsga9-d2CVolzaqszLsCVqD7cjX8Mp5K8pmbAsypfVLUY1OrpK6nMVWiGvkpd4dI-AiO_cyRZJJv2kwth1Dd-R10l_9sELuon_F-a4e6JHg.'),('05cebe544c6086b47a0d4a6ad8e6bdfd',1331840597,NULL,'bhNukZmFVaZVkZ8vz8Df7aQfzZc_bjknUCzNBrwgJi_1B14xX-Nyyv5rn5UgLACM6QrvnqsG5-2mQl3Vsu5_DvUowkUN2pAXQdAIdzjrORbgOXsVDXs0vIjvezCTSqRmHBfaLb33u9lLCI_qFYYdJRhomGnQJ-tQLSFe1Leonl8.'),('996b8a303fa9159030d37c552f8f50e3',1331840804,NULL,'xBkM6M7fEPceXE51SD1UfWt_yQRu1G9kvTnEsbAmtcnFCSzIn9X_uMgug_YQNgo2gShRdWl93v5dxbZOdMgTMBgWG6znVkqeNgnNPjLZgxRKqbjMZwAuBnOdUEgJ_6s0qdUvwg6IAxVLslFyjZkJw-sJloYZYjOXMv2fiaM1p3Y.'),('e4fd4a2afbb7a5ebf3b72f2ed23015eb',1331843640,NULL,'O_wiloVv1bAfr2VL5IRKjAY40mP8oD2pDR0AC3DG2dHeoO-va1f9wDt23HmkzUO2fcsoQ3HRQobxzC1Hxq4Fq1WPqi5AvWwljuoXGU6Ga1lNCM3isKsCod2dl2_3JB03r4mC2ZJsNEcij_eECrQ3ph5bdUZiTxRIt919CQeC37Q.'),('0877c7272fa5db99f1951fe850cd7d12',1331843661,NULL,'xzxnr7E73bQjfaAf4Z1-sDk16QmuK6ux8-AhTsPyg5wtSfopJ2MDp5J443H7JHWwNkjHarMTN08UFSfp-9xapJmH99R4E-lBAwXNcENGA2mA1RDPu6vv_KhCPdZXgzmB9ABWsTKEcLH7YKRi4gNvIRbyE35Av4OagkfE9VZkHUn5yxIveD49fQxm9WjZBrcP'),('6d7d68570b215d3a287842caf64c30ec',1331845292,NULL,'q8vgTJDyGdyOPLwDHaKxvPGKyrsmS5ltMH50qPl3UP1G765ykFgw3OJs638l-DO7C5lEKewAeMWF-yMgknyKiHDDGyCyIDaPWbkI3wkZ5d2yCm2neYp0mSpxjQLs7HJk6TqLUcvNPs35BfbvNC63QaB6gmhBaX9V67e2OmZu9g0.'),('e94a84be4d21265154cf107763910878',1331845340,NULL,'bhNukZmFVaZVkZ8vz8Df7aQfzZc_bjknUCzNBrwgJi_1B14xX-Nyyv5rn5UgLACM6QrvnqsG5-2mQl3Vsu5_DvUowkUN2pAXQdAIdzjrORbgOXsVDXs0vIjvezCTSqRmHBfaLb33u9lLCI_qFYYdJRhomGnQJ-tQLSFe1Leonl8.'),('c8d7f1d441623c66e4a6fcdddeb097cc',1331845981,NULL,'oLJ9uyqjYZhozE9HLJ_TLx8yduA_ASa6sMNuMrnghcWVk_CD-fubrI-qm8ixDErhVQUL7U34UUvzzry9CDNAAveqeLo7017a7DMyaq8f6wcwGxf9SiOuKsbHvSstLw211eUu10HKwUtxlSPUK5Ox1Q..'),('97da3cfae308d1a95ea9117e9767f267',1331847570,NULL,'E-vhDxMPp0E11GSZxQKxX5PMSwszohgFvrnIq6kOgwJ-u6YzENAUlKAu5MYwa_XYZDGt_7H8SWK5N433TnQnx-AWOx5B8tjXKVl-jGrt3WGCb91hzED460A1EvHAUKV0JhMNDiePHpaGjFdMJAhGW2irvhh2aTmDQGFwef8JArNaXtpaMg09PvCuCXLWKA_J4NXDMtGlY60fapdoaNm_Tg..'),('d93c4c581423526570c8741f6de1a6bb',1331848165,NULL,'fFf1CT2cAf2YDzPcbILA_Lo8nhj3gIZjNRigXSHPNULOr7N1XUuS6xQKwD_ndI15y60ejtmjj-FwGdMQDKbYxX3UpEob-z03e-nJAPAJkuqnjRf-8Ir4btH4PLpBSeUAe5_4wCG-CzzEKdSpl2ehIqif_RfqWb9If6OpeI8cOZ0.'),('07a6a79e1914fdbbd540eaf00e121918',1331848900,NULL,'-mX0SNH84t5veEZhlRxtm05muIYxIB1Rmh5kggRAAv2EtSTMiZwrhez7fE4Rj9Z_WtUS25HhGuUh7-P4v7ScTNbcm0dt0jVfIt5l2Ejqzq9nvW4xjW9_ERO-xpP4nA3gXfrXgk6CO5zNu6jFv102dAkG_wBviMwe-EtakIhAwU0.'),('30a4e2ede504e986d9347c0737db67f6',1331848949,NULL,'jbDASzVTfFPmmZwaMw7ovwiseg6t4cEiV-Mc-GuuTCBBzwtJaSNTDVohrodoCwn70rCxTvxMBQc5jOgWBMMfGmqbGMlh-OmG4_VdJHbcm5gf4oU30xOhO_t2dxCgJbaD1Fr6GVQRDX6l0zyx412-eB1YIUmf8_YqReEW6utCld8.'),('6e47fd10c5988f4cc68ab9928f1fc75f',1331852382,NULL,'DSu_NeVSDsf_zvq7vm43qiRJl55AK3qPtB2roccwTJp01rvza53-WrG7QwWIfnS072T6EgxnHoBMlKYlFeEvtrUtKPXM3cA6LmHR-9aogfn_m6kGY2HSg6WzyIFoFp8t1rl4pVKq5-8pggjZKgGkFJpTkYXrcDo46gG2Mv9lw34.'),('1622ec3a67d2a6aaece6f697d36c0ffa',1331853171,NULL,'G22ATP4idqul9Myg2XgCdqRPOiJknz9Pzm7m6rUANnGljEuLL_L3Nf60FyhPpe9S3J1g_ZPmpCBFWJsI_kGU1GMd2CbJp2dLwhuW3EgJp0k4jfPvG9n2-MgYUkbtV6C_U4Zb2HppZ3QRPqKHhxaMxQ..'),('93a9915954790ef6a0633e515effaf95',1331854892,NULL,'3zosXAmsWUAxPICUenLatCuz7Fo2zWxy1IQdTd_7-J_ePzpaJQHV6Bs4XRpzW6SAozXH8palvkJz_XhD0QeiMdkhgghzNKvCgTAphP_nDYqcjH-m_9u_pqksXtFizqJxoduphWjeZh0KyAgGAbLCE7q0_h8ArRUqAPw1ZeqOy-g.'),('f23349acccad0257d5a4574f0f192889',1331854893,NULL,'Y6nmpU9C_H9vpstYXOLkdk2ictOWO8bbFuWd4oLmvh0WeNK8Q_l1ScjDG9Vyf56c5xTAWSV957Ip1oITqsCh0z_ejzlls-m_F3B8PyRBQYmIAuRm0qWeJ8pSeArq4LHMOl0U85qD9DPZ_HT-CQwXKdRTka0IMJJVOstWL42jO38.'),('90cf5aeabb9e6dcb14af8332522d4960',1331855561,NULL,'DQNNj3p3Vrp_hqxEsbNGdvcDbOVvhhmavJLsmrPta2n4pV1SyKZsEQtcsGHDiz0Q6ZHu8MIvvAUyoYEgyYC2pvQbDCoz02Sb9gh3zT4E17XN-5rhhs9xcAC70Zp27iA8npQWd7WfZ0PYT9P5YtaeascBaRCulUc5hNgWkv0Og6pfBagBDc8S34r63bu17JDzrxuulsEJAyaDT04URqVEYQ..'),('8f7a3c0bd2c15426c9b20b144aa13720',1331856746,NULL,'JiS798jkpQogxDTpt_JESIUt1jRtlm3YS5GXkYjO1igzp96DLEF0ThSu8A0YANs-EiYPc7CNGdzfIuTnwGL6qZ-WnDUN2DNmBAL7xAddBr7SZQ35CcOsisSD8fRHCQuOf0G5T6Nvwj0cytVS6vVgQgzJx507vKTJ0vBA5BcdoA6-xvphlPthcdiLxMsa0BEd'),('67dac6fdb33d045962e99e1057500dd3',1331856821,NULL,'HpjdxsxuSqDmZKSQXETpUPRwmJHOGTm9rR4-kQ5ZbA5KNl7WdGVcqnHVEE8t1mkVTOOIanZBZO3gugy-SKbpPlOTZSX63rHXzKZwi5hXouOIPLrUCB5smkZuFvQZ_ffUtskLLQOUE2PBCY83cUQRRY86RfibtkCOCwLFtTHayi4Js9B5iWKnNC5Y_11x_x566vvf8DPqLFitJKe7UHj-xf_yhP-GpV3cJt6bAJFCKE9cvVVMb4I-u3t-HUlKO0ZN'),('2ecfcb0c85f959d533f81bce05fd45b2',1331859666,NULL,'j_T-RuvmVJzpYwp_7d1Jl2gJkqkqxwljVGZSCW0ByOzWY3CSdiyi7JRDXo57tA94ueu5IHnrx5ozE5D3_PhxjUuAHVc5WCuqAg5zO9hVV-5XQn_uoMs8llIRWUnIAh4iplUAPR1Wk5gd7PBFB7IoS2v6R_c84r2SvZaSe4s5JLE.'),('afe378e74d3c23b1007ad77d5870e8be',1331859715,NULL,'-5048ZiwPReNYHJlTZaod3ZAAe3MkHwMPs7F52tBSc53lBw_WC1dbAI_mplkvMSRupbAwx6cwNRwVYBeYjDHJYUg_iA7FiJX1ia_SVQKgwtt7bljFUXTicy-JJk850i-Y3JySYq8UDgo742ow2n47lYJhHf9mrzMC3ThriP_MjQ.'),('3eeb4fa5e5236a87c241a8927fa76a9f',1331860385,NULL,'SyLRgz0cDScDMqznz67BF4FPNvskeDANsAyM_1wyxRnpZVIrMEjiyZKLNpNf3V9uI9cSV7DNI_ihL5uHpi5WBcVZogrCcwXXHwOpALuvftFEvXa2B1gT0sP_0vb0EvNs0IcDhiun4IUbVa9c-N_Q0Q..'),('7648207286389a1e3f75b9e86d5f5dfb',1331861010,NULL,'3zI6bHCvyF-PLEvphSmEmqzd6SAa4LUEl53TKmol1orcSIs3H8G7iWaFeSsJk_27vZjvGMvTgjt-94WySqQHzTiMpqQgjXP4z5EAtBtjz7qyS28QRmlgNHt18oP7mSmTSvdOT-uGeOPCjUqiaed55nxHS8vXPDTQI_lSDT0Iy98.'),('eff82ce6e46c90017344d90a3aa85671',1331863748,NULL,'JiAkf1-gkRCkYncpOEZ9bcF1dsI7KPAme3AsXolBBoaY_x9LkBeRcx0fKVF_a_ncEjWZfdBCSdepVC1E39zjzL-PNIVtMWKksrowErxzjup3BMRbNn37xYcXU84Ki6PrPtFEfTeJ8x653_CZvSY-PH7SnysMDcijT7EyBzczRYs.'),('d70986c55e08ea3673d35c22c3e3487d',1331865196,NULL,'L-e5yV2rsAXJUN9r8J5pWuYHVHXZKor9wBK9rL_uEqIYZ7gTKHRDxkvfwJMTMMAObwX3ktEp_A-QqxpVgm5KWJ52iwho8_wL9tm23D3PliboNF5spm8JKSfUp-aEw4fzfktoUg7ozPrvytUr1KcvpALA1NhMSJlzvmPcze6pEGI.'),('a9e44cb11d2ff58e73fe9ffd68c15451',1331866856,NULL,'9hUc1Zc1it159cUNqrpRLLnfbK0Q5bG9zHZEjrUpFT9c4cpkcdKJVKUnCSbX135CBLVoyloYrZqNqhc7tDE98FRUUCxSTat64h_XRK2lfRG05odNUtr0rzlqoGOvNp4tllOyVwNWuUrC3GLNXYKWGaSch0uIbYpihyDjbd4EUfE.'),('b60615d0f734a5fe6b2ebd3c902671e4',1331866905,NULL,'h3zrfsQQxFHPM9xZR0tVphUJcPWnRrBj55JreT-hFjn40zNjJJ2ynmX1eK1QABhfsn9jaZGYZ-xI4wvZG6GtGPkwfcwdxlFF5zfRE1iX1Jzc6SY8BDoGDxz55WHaHPE6pNdxoP5CD0T4Vh1GR0G7bLyuMZrwqy7roGRUfoNTZQQ.'),('c7e5dfde5e63713f2840e8ad451020dc',1331867562,NULL,'GIPYytZXQfK5-zY_e5UYq0l0xviBhPqeFkOflUji9D-4E_f5vtfBJ_baxSBchTVpGC5lX0S4BCwNyon-tgxClFk8D016PIlAP0yHEOGCMBdEQrZWNy6SG30Vk3Uu3yuGpt-W1hWUPLnI0PGF4GDRSg..'),('abdbb7b6630c3ffd19f35e07683a0b70',1331869335,NULL,'wFeVeOhMAzYGG_r_cq5iXQ1jDNjbLyr2jvux6i7vp8sX3gThiLaedlmh_dSZrl2IMcSzRqVp5i4pEOwSDIw9WvGFQOKwx1ZyCDp-quFmf2LzSt95Nj7cgi00XzuETQG0hUHRfmtTqdjG6Ylua27Qy0Per2HZ9LPMK_BeHrP185g.'),('9462f0195c5140abde7efec2ab604320',1331869337,NULL,'-5048ZiwPReNYHJlTZaod3ZAAe3MkHwMPs7F52tBSc53lBw_WC1dbAI_mplkvMSRupbAwx6cwNRwVYBeYjDHJYUg_iA7FiJX1ia_SVQKgwtt7bljFUXTicy-JJk850i-Y3JySYq8UDgo742ow2n47lYJhHf9mrzMC3ThriP_MjQ.'),('fe7aea0049322bd9ffe1bfc576e3b2c8',1331871320,NULL,'uShH4v3JVFhA88m4CINLw0xzz-1Y3u1NTNFzE0LJbV_tI0coVkZm92EpTz52fVBWMhUlH5e0WuIN2Jhxu2bs2g6QT4HwOIfl-1tsy0HD1DJCglER5cFD_lOw1d662TJdpFF11sYB10vmCwW3tu2_QPlHkG-Ibe_NKIo4FpU5RiJlP-yqRDzSBdATGrng8qMgJMquzu7Vh_exVRe81Jmyu2Jlc3fcXz3BRs2zg_Tnfcs.'),('5e04b7d674e2071ea4390fe862a02912',1331871748,NULL,'zLM-mTZaRyr61CUOcKL562p9CnUy02EWJEvV997ZJdcV1--yYMrRntitDoPInC2eh9q1Qpq9AQ2vPqYiC04ZNei_kmbmmrjrbaw5Pcc8rKY4-AGmPhJjKoagMFT_4YRKWSkF1h6bfjVK6aHmokdZWG478B0iPhJfudlxpaDsZk8.'),('171b895e72a26c8266b85ca29bc7a66a',1331871913,NULL,'xw9fP3nIIogTq7WyqeoJ30EzWdjRhveErTnOIYhWNrwvNjXCTak-AMCC2nw-urNdWEVPtng6A8pogNm4_AHHxZbMmM0-1HxUr-5Odm3MQohQqzfxii1A7nQJe-GiCLwJFF2G2rfph4ohAg1YJVwAJAn8j8TJA3EC-xIQFrVAov2X3WOKa4Ygkchd4jApPbpoUNP9cHT4TwVZ6jdXYOSF8Q..'),('e67e86fde6beaa72ee35c44ba5288345',1331872810,NULL,'TLSGdhartgo4_utazh-uf5Bh5VD_RXEpLXmAxoO3izwhmJPHC4UBhvyLURhs6HwZ8FcdzzJc-4HpFINfCR-SMD5WzWYNqLtJK1tIBINd6VFieOIGMi2vOIHJEpOJPxMlEaGuDmOjt-9X602dOZJ61pjdhWC00q_0FoNedaoHIS2CHWbQuQ_sFiNtwH48b2gJ'),('f614f46e97489331c5b5e0126997537b',1331873042,NULL,'-Dr7n9B-sbdYMK9M03cj_zDX6y4c-VnJrZ-BHW88TG_c5m2_aASaYjA0J5TGTp3w_yvckOtYEOOIup63t0iXZ2OsD_PDZQXI8DmflI_nViemKPEbzWw84OQujD666qYZdot7An7PvdWEJz9msQLKclunBsjka9wKB_md7I0Imh0.'),('e697584ea904f81e470e029e65e2b3bc',1331874813,NULL,'jVJHgdOFwcGOeJggbKLZzFejsrDZvtwp515G8Z_6HpWi_6YhyXFuoubF0Ab-oDrj56g4mkqbfue8xuMkbOcmVhOuLRsiNK2IuLw-W68nZpkEYTFXoIS2FhnF0QRjut1Eqkjv4KjCPZwLZLFP3dFkJw..'),('ac0162d07cb1df2421710d2d42c32893',1331875464,NULL,'igCoaEE8O06eq57fBk1Lmv6dRh3krIKhbqH9cmp3gYrqgJp_yOpTbsdYoHECnT-Ty97X3dLi-0BDabG2pxxnyf8aUm30LShYCs9wdfuuLYgKPeW2oOpPUWXTx57DaJjORoSm5RBKiIJHW8j9Tnp_pyToKNz2LfPT71BDpLRbxmwBVFBMQ1IhvnNG5nt2HG4MzHQPgYw0c97N0xJXwGNofA..'),('3b70b65af4378c606fad3d5bd67fc4ab',1331876672,NULL,'XW5P-hLNnkKk-Etfbc_1tdiZ2mIxG0D-_Z0ZKM0dtZtMS1-03ken0TbmKHn-ug5ifWf3EQ7TEZjcl48yJ592xCvddT61Zj3KjvrFw1npoDLS0X8JMZjDL-DwYT3CN4gLDz9vBmqD3ozEIYiiWxAXONGsV9p5FmYsM2Dg10vfMZc.'),('65c63581774fe8aa2f0bfce30bdb8e09',1331876672,NULL,'XW5P-hLNnkKk-Etfbc_1tdiZ2mIxG0D-_Z0ZKM0dtZtMS1-03ken0TbmKHn-ug5ifWf3EQ7TEZjcl48yJ592xCvddT61Zj3KjvrFw1npoDLS0X8JMZjDL-DwYT3CN4gLDz9vBmqD3ozEIYiiWxAXONGsV9p5FmYsM2Dg10vfMZc.'),('653e80c0dd5f995426bdb9b8699cbb25',1331876673,NULL,'XW5P-hLNnkKk-Etfbc_1tdiZ2mIxG0D-_Z0ZKM0dtZtMS1-03ken0TbmKHn-ug5ifWf3EQ7TEZjcl48yJ592xCvddT61Zj3KjvrFw1npoDLS0X8JMZjDL-DwYT3CN4gLDz9vBmqD3ozEIYiiWxAXONGsV9p5FmYsM2Dg10vfMZc.'),('20ef5a61b910cb0e91c84decda2119c8',1331876673,NULL,'XW5P-hLNnkKk-Etfbc_1tdiZ2mIxG0D-_Z0ZKM0dtZtMS1-03ken0TbmKHn-ug5ifWf3EQ7TEZjcl48yJ592xCvddT61Zj3KjvrFw1npoDLS0X8JMZjDL-DwYT3CN4gLDz9vBmqD3ozEIYiiWxAXONGsV9p5FmYsM2Dg10vfMZc.'),('faf6c880f8e2a264528054a2758a3bed',1331877636,NULL,'3l4fcOs0KebTLFf1hRen5ztWUvzR8acA1iCHQuLF9tZJTi-uSylfyR_4QoUMeBMaLB-DwKXgtxKe8MYMgyFFfYVv1vRB2RUAjisMbCsq0L2Fq19rLDUbRI9SnY5lEcLhaR1gplEgHnot7H_n3jzehbBDmnq7UQ1Obpy9gpes2p0.'),('23ef76ac678f0162b2cbd7bb920f2ff7',1331877687,NULL,'-5048ZiwPReNYHJlTZaod3ZAAe3MkHwMPs7F52tBSc53lBw_WC1dbAI_mplkvMSRupbAwx6cwNRwVYBeYjDHJYUg_iA7FiJX1ia_SVQKgwtt7bljFUXTicy-JJk850i-Y3JySYq8UDgo742ow2n47lYJhHf9mrzMC3ThriP_MjQ.'),('d939be505dd3f78adbe474f58e16db98',1331878719,NULL,'fYRy_FMGjOHCVBbpJrACmOHrfKSyEulhHN8HHJtBRg8i0lUVdYmUnE35K4Z-5pIYc9CJiu_WlvtptP1oBt2LE9WjatwOneRxB2s5YvgicdTMcM_t6qMV_Cu9KP5MewrvVlWf0hVh8uWlfcN2iSKW8k77cCIHNUwOO45FdirD0S_B4jTH0NTfxVha6Or_qQGN'),('055fd8a15e3f9019af2c831d02768448',1331880025,NULL,'-r9zqwjEKsnwLSH4M2W0lZ8GaBjldJSlr8YkWKAhZ-CoS2zJvoHIYDP-2V0RE54y9CN2c4l3jzFaWPDcG7y2eXLBV4wJM1l6r0E2SU92SqydctQ-4Un-psMa7hbZhR4uCSVBHHSpYbqI-OOac5WtOZbbns2I6Bz_8sC8bxWQXjcgv3y-CcvKl4bUhHuUvcLHUX9ldGPvE_b6u7i3cDRvGQ..'),('37f0de6de33fae599d155e8802417cf3',1331881279,NULL,'iT75GfGLAnd2x3zzKszlei1yhgVpW7vhAsbo7bTAZ9Bq6RVs0-w8vp76xRQ2EmgaaFy25nENZGAypiz5nhakYzHBAQQXCA2RQfTuvt2cebc7UKFbaChse_hO5YnKhLOxW9DFmjpSj1VaR7Io4Q1N0dePgVTtqbJbQZO_yHUT4QQ.'),('59083e90540f5d40c84c7d972a70e3b2',1331881330,NULL,'xxmX-a4UDivUOcOTLrRgY18n-1v9wbwSWJP-4fuQ6s8eIiZNdWx4YvFgUWTMCZQId6mODFEDy-SyDgXIA_s5dSniYRExiyzoC2QsBQU3-BBiStulYC9z51AlfZjVgUu4mA0MhzmU-wfdkVDKymDdeQkrTKHHSHkUvV3TateSfis.'),('a2856933b754eb049443d7caced41cb8',1331881995,NULL,'8gTufbFApbvOEdO_XtFYEiAZo6u4ns2un8WyxvBGBOJNGMaIxPZYVAvlojxattQFVor0XADNOUVN0G96EK9KgMi-3B2yqqKJceHW3_f-OPknLRgHAMnR43Zt9FpY9uIRyNIGd_jxo4FaTBStumEcgw..'),('b0b8fd5fc600e9a23629351765e027a4',1331883696,NULL,'pvPch23d6akHJh6tXe8GFJPYK-UKxd3DFQi1twfY7FvUsme4JrZp9RUEoztQzd9JAsga9-d2CVolzaqszLsCVqD7cjX8Mp5K8pmbAsypfVLUY1OrpK6nMVWiGvkpd4dI-AiO_cyRZJJv2kwth1Dd-R10l_9sELuon_F-a4e6JHg.'),('1156e86231f4a07a76cdffe5cd271ebf',1331883697,NULL,'HCmbC42d4QHgUgzppMAr00-xBQS1CjLr3PFd4CcU4ILMcfHqD8DhO4dlZ4rtyRjO8Uv-kjesC22G6xSsyTKsEbOiXHcAdnRuMhsjim0gXIwByPnU6khXanYthucY-uvNJsCbvHfKzMU8b5e5t4w6u8SAKfrcpx54sUWEsZ6sQh8.'),('33a281c1a187625261a5278a7e8ee289',1331884841,NULL,'E7wAoE2AlBCekrJl3LPBNn1d8PGsVZ3fS-Uc5WZn2EwuuOjDk6WBVgs0OpDt9FMHT2hWd980jWGN9EwIhyLgyR4wNcBwOEbF80Mmkbd21T1xVoSWflIGT3jYLYHYMd0poSvrtVMa-Kh8Db__bd1STNUJflmyzAB5cZ2uoYP0dtr1QErPJLA-tWsmHGd6FMh-'),('3fa371c59882a8c1b68f4d687fed2284',1331887889,NULL,'7s7ixN2GP9inkvLmb0Z6KscqBRwPkG9-GX7CReYx2eRvpYVlUsJC4tSzg5sq-_cUz_pfIJto_GtPXyqYVOUdAl0JD5bE09dzTLS56vCkv0S0PYrhVkDWA4pXfmmNRsnQpy6vu9n-wqYRKPq29xaNHQ4d-Qjhpe9KOtgpnxL7Nh-wqnQJlpz257KMdjGODVk5'),('2dbc3fd149466ad0c7f552fa03bf2c01',1331888436,NULL,'3l4fcOs0KebTLFf1hRen5ztWUvzR8acA1iCHQuLF9tZJTi-uSylfyR_4QoUMeBMaLB-DwKXgtxKe8MYMgyFFfYVv1vRB2RUAjisMbCsq0L2Fq19rLDUbRI9SnY5lEcLhaR1gplEgHnot7H_n3jzehbBDmnq7UQ1Obpy9gpes2p0.'),('39de5693c11fb75bba5cef62f1f85d2c',1331888485,NULL,'HCmbC42d4QHgUgzppMAr00-xBQS1CjLr3PFd4CcU4ILMcfHqD8DhO4dlZ4rtyRjO8Uv-kjesC22G6xSsyTKsEbOiXHcAdnRuMhsjim0gXIwByPnU6khXanYthucY-uvNJsCbvHfKzMU8b5e5t4w6u8SAKfrcpx54sUWEsZ6sQh8.'),('5e12c2dcb0fa83162a66c07bf696455a',1331889201,NULL,'qkYlluf2LONCsgJ8cx46sEw3CXPT17efLVcALZJtVSWVfv-V3mQ3yKcovPlqVdvc-OKmPS1p-Aa9cZl-zy_ptCHso6i1a3R9Em4b5LuQtodh9AMwx8jjm8YFhDmxODZwW9jQwZL8a2QvOHcZd2CbRw..'),('bd07cc76c06d5ad9bd9e0de4cf796152',1331890867,NULL,'-ejW4kZmaZ413YDHOJsAtrfFhsut-unO1FbKiaiQuaMOdVX56XMu_QTyjL59vwkv8TZwQWYQr797ZWqVyqyLNWUpV7BJYkk1WIZMOQ_fwqK6jpdt9EHiSmVHkdExOs2pmjTZcr52eYra976jAC8I9TClcGA9eokbnGMBxdJLPUB_p8sv6oT5N2Mi-DX_tWFW'),('21cdfe21f70449912398a4af1774f3cf',1331892247,NULL,'Mxvgy8BAvH6aMK4RV6IxE8nLg9FpsJtG0D8F9AXcmg15Vurbsd4nKvBT2emX_53BFxp6JL_XNuOCL8FhHRapxOFk_Pj3RRI-c61l2BizPGFslJYbsGMMImyxb9xE2RyQAUdWu4V9cfgylsZtyAULVJbEdv_QdoRSXSKn0DMy2j4.'),('892fa6937daabae6b14bd8c95fcd9a37',1331892248,NULL,'Mxvgy8BAvH6aMK4RV6IxE8nLg9FpsJtG0D8F9AXcmg15Vurbsd4nKvBT2emX_53BFxp6JL_XNuOCL8FhHRapxOFk_Pj3RRI-c61l2BizPGFslJYbsGMMImyxb9xE2RyQAUdWu4V9cfgylsZtyAULVJbEdv_QdoRSXSKn0DMy2j4.'),('2e8693703601cdc38aa00faa79023cd1',1331892248,NULL,'Mxvgy8BAvH6aMK4RV6IxE8nLg9FpsJtG0D8F9AXcmg15Vurbsd4nKvBT2emX_53BFxp6JL_XNuOCL8FhHRapxOFk_Pj3RRI-c61l2BizPGFslJYbsGMMImyxb9xE2RyQAUdWu4V9cfgylsZtyAULVJbEdv_QdoRSXSKn0DMy2j4.'),('ac2d89e20a1970bd9bf4d9da1bd743e1',1331892498,NULL,'YcJKWYE_AZy-SJMK-8dmUAzIt2BWKIKHe4FWdDjBuqTrePxw5bivEKAOhxjVrjjGVpFbDsrF7ZC8rAel_Bnn8ShZQo2JVTurZ8P3BBExuJsSZ1SBBE70G93d69xuBlnk0EtugY0UjUytpwLBVyN2cDWp4X7MEFYEYQjDjY5nnyY.'),('9adc0819256c52e50aa73170f32d87df',1331892546,NULL,'HNWbrvk8GZk7nbYqHmhIigQfpS8nxuoVfo9cvl1IJ8v9d_yLWgwvSVlfrqWKCpD7x5Mm-SCaM2413Br8nWLZ99ysgIzZRJrn6si3_Ka5zFpiX4tqaPBPDivR1OTofMl3d93ITnRH4c4lZj1fPtwZXhSTcvbPHI44JXbNsyAxULE.'),('55fa7701de86c5550552c5725ee28f2d',1331893570,NULL,'JG1dKf07DNvbquEd6AtLAeeGo3aGWzli-I32UyhjqLE31eg2FvQkeoXrLQBRmMT2SkswflSm5dKXH-gSUY4FYaEVGxwf_bGg932AEDkpGZq02TCbavEDDDOfXDOuaAZKp-s0VQMZOPlsCty3bcuB6-eeXe1GSnqbSIIn-rx_nEaWabO0-FbdLsIujAtyFB4rkHeeo-SPJM6CYHTx4AO0Mw..'),('fe23c626d1a2a259b981bf17ab42be7c',1331895038,NULL,'igCoaEE8O06eq57fBk1Lmv6dRh3krIKhbqH9cmp3gYrqgJp_yOpTbsdYoHECnT-Ty97X3dLi-0BDabG2pxxnyf8aUm30LShYCs9wdfuuLYgKPeW2oOpPUWXTx57DaJjORoSm5RBKiIJHW8j9Tnp_pyToKNz2LfPT71BDpLRbxmwBVFBMQ1IhvnNG5nt2HG4MzHQPgYw0c97N0xJXwGNofA..'),('5f1c29364b64a9c4062dc4fb10d4bb82',1331896418,NULL,'jVJHgdOFwcGOeJggbKLZzFejsrDZvtwp515G8Z_6HpWi_6YhyXFuoubF0Ab-oDrj56g4mkqbfue8xuMkbOcmVhOuLRsiNK2IuLw-W68nZpkEYTFXoIS2FhnF0QRjut1Eqkjv4KjCPZwLZLFP3dFkJw..'),('c29cb0fac52b443433aeeda0c3afe9f5',1331897139,NULL,'oU20MgpdXBeFxjokKhMgrfxsrPaUem_Ovi7Ezsk9R_3TtgUcQ-idZynD5O54rZECd0YtxENXNCS7qr9DSSI7sDKVeeo15FSO3uCDUe7TlT9jom9__KRzkwzyCwMVwDPHIo3GkB8W82HLt9Jo1eDQV0ybhBMH5i-9llbH6gpt6Ig.'),('1c069e6a6d83eb4e49dbbd1424345ac8',1331897241,NULL,'oU20MgpdXBeFxjokKhMgrfxsrPaUem_Ovi7Ezsk9R_3TtgUcQ-idZynD5O54rZECd0YtxENXNCS7qr9DSSI7sDKVeeo15FSO3uCDUe7TlT9jom9__KRzkwzyCwMVwDPHIo3GkB8W82HLt9Jo1eDQV0ybhBMH5i-9llbH6gpt6Ig.'),('9c7dd0520e12973b7ba34f554ca53c44',1331897249,NULL,'oy4fGyMJ0bI080H_CmPr6CYdYRY0Yx1eB5_mx7WULzWbPQJZvbbyPbyscVYhQNnjSgo9EQHQziYrLPjacPfhF9vhQiSX0MZIH9UwEI2_5pqkue7QNv-SGqZDnZAjhMfXdCys13Ps25rVKtLHJb7NV6eYBruic_xyRNGP_l05BhDK3ct1XSIlzwIfE0JtAipl'),('56ce73451258d6c2fbaa8704121aeebc',1331898152,NULL,'yzFVYE_FxWjZK3d5cMRucQYDjY_DEJtdubpVEbMJ6tDlf1i4rMyjmRRhqq-Q9zQfCtevNhRbd0Z43Izpm9bWNyZMNeHab-8dDpdPjzp8F8oVX1WeF2Qp_r6sPv_cizE8Ki4VzPgcN02pG6z2xOgXuTZgW-F7YAtsWLHr_y_UJc0.'),('09911ea1a8e6be417851d3ce44d61f5b',1331898153,NULL,'xxmX-a4UDivUOcOTLrRgY18n-1v9wbwSWJP-4fuQ6s8eIiZNdWx4YvFgUWTMCZQId6mODFEDy-SyDgXIA_s5dSniYRExiyzoC2QsBQU3-BBiStulYC9z51AlfZjVgUu4mA0MhzmU-wfdkVDKymDdeQkrTKHHSHkUvV3TateSfis.'),('278de2aae4808e54286e1bcf6734d6be',1331902889,NULL,'bmf1lbeblZNhfNbYREWGUouDvKRo15HLK1fpUC7R5FtNJUTa886gnXzVuilyYZRLhVqyXQ8Dsyb2_-iKv8sKoY191xdlmf-8ZBqjd3YcSO43CQizpnQGsgYZDX4-UEyQdxzD3AconwjUA6UY_uaH6v6jakQdX7YHg_o_iH6r8fA.'),('0e58536c427314805ae6f8e06e999117',1331902939,NULL,'On3EtXgm_ein4GDrCaS8KTnjpbEJNf-qRJWG7fgXxeiIKLOAQCEd1VxICM286tc6NZHkgA2gJXIFaCPGv4LuBH7oIliw1GNSedeV_lMw2PTrUqKWALLm4Cri3n6yXbrVPxFfr5UlTS9oSVCkOwbX3DhLThG-v4gJduCllzJ1NhA.'),('8ddebd43563c57300f8b1c6ba5eebd36',1331903602,NULL,'P7pNmJf7IMZDp6HMy49rxvzSQ-_i0JZm6GRGksOdMp_UAFRXLTnFHAUcf3Dlcl8k49joVdJGxZuL-BUBPdAz6ARGpxNivu3ryAkPKjYvMdvfDZYUtq0z6gVB9n8DQUAkjHQcib5ZpFlNJN1ZPlPAtg..'),('3b8baf94e9db33b9993ed1548b8ec0c9',1331905296,NULL,'YcJKWYE_AZy-SJMK-8dmUAzIt2BWKIKHe4FWdDjBuqTrePxw5bivEKAOhxjVrjjGVpFbDsrF7ZC8rAel_Bnn8ShZQo2JVTurZ8P3BBExuJsSZ1SBBE70G93d69xuBlnk0EtugY0UjUytpwLBVyN2cDWp4X7MEFYEYQjDjY5nnyY.'),('f461f5959cf3be3393a43092625001c2',1331905297,NULL,'Y6nmpU9C_H9vpstYXOLkdk2ictOWO8bbFuWd4oLmvh0WeNK8Q_l1ScjDG9Vyf56c5xTAWSV957Ip1oITqsCh0z_ejzlls-m_F3B8PyRBQYmIAuRm0qWeJ8pSeArq4LHMOl0U85qD9DPZ_HT-CQwXKdRTka0IMJJVOstWL42jO38.'),('7ab04603667aff58fb1b88b5374d0e63',1331908176,NULL,'b3-07cDflFrPIT0vdLGK8yQJ7mUaJBlqV1iniQyA89OK_qFdSw0qkz4goEDmjM6vUzRdCLgY8PQ75_sgd4zA-LqzpZpCveFNtF9C2rPbWvCThRCeQ_847L8Qfxm7Sk0bZxYy68GiEOt3h3osEC0sIA..'),('cd7ef35a7023bc5f6775fa865b3ac63b',1331908302,NULL,'LIJhrA8B55WZBS7Nh44eUErFeGKnuy0BUfUhLE-j3RkBOPUwNWAp2YmavlaKDdtiV1ri5MctacpzO-omEB6vGpR6rBRQsG_pPvVw-yhOGOJ1SEge_x-q79qa0BQ_Kl2V9dnNoRXHzlhZnqWHYjerWeoKeqMohrBll599lzNfq5p_buddLSG0zoroiwaCPXi5'),('bf7ce02479ba57a7a126812fb86c02df',1331909362,NULL,'JuhcCMEacDz1WQQkZXaMOk9SfWGLXX7WsFVw6QM0rI1rRo9LmdJA0lqrLjp-UMzOVcvc6NSz_hYirr9Fi6lCi6houp5Yb0BbwBnlqO9_5VsV9QcGm1lmjtPVFZlPE43m2ytTyYogMH7FpEcIp9bRj1D1vDkqQcPKyKgG5J7O4HLiTOlXc_ViDkNYIyogU0XAPia9xQ0yfTGLSDwFA5OLsg..'),('4de642e5374712aa445b4875559ff386',1331910038,NULL,'eSoz1oc0Nw309LGgsIzL7LucZusONqfXlLsg8v4okHpaYnN28Z1Y3fcSCI2o1O0jVL__Qzwbt7_QmklgDIcIZj3e27EyvrkB4oFW0nllBYqpDAlPPjlGPcYQKMnSq3TzGx5BcOBkLUKf2dpRa_FaRHda6-vWbELQX8TgOpp2WII.'),('d0dfccd2036349688e0f9f5d216959bf',1331910087,NULL,'SgsfHVvhVE4ptEFggQSFdQAr46Ho_e7yqFIsFVfRCeaD-YmwCQdNRfrRV84jaTbSciPSw_524ajfLcSwnbMm93PbXxVjBlDwSQNrJ6PrFgDXZvYDy6k0LqT550QSapQqOxI76L7AkXCIvULgt36bVuMhA3-qc1WlTU_zPHdeCOo.'),('549acb9ccc65155b6e576f2f6575ba8c',1331910712,NULL,'3PIiWzK_KyaIfDztiyh04VTqcX7xjNwJr3zyVe4F4VokjYCO5KOykKlgubQCMzryZmynD7QOBqv1Lxwf81CaT43G6sDCDza6QkC6si0vheZl6JINrLzD0c124m0j2Ft7e9pjeXIb52gE6s47o5BJwA..'),('aedf9e3c826c99ee5d61a24d9b69ce11',1331912697,NULL,'JkVIutQLJ-CsV-ZFDLWLATHeU2xf8JJiJIOinOSrHEh-kfPuXgL-5FyD3zdccIjTBQyr9-Ms2D3SOQOKYhtpXrb5l_wZ1jmJyN0OynRxI_-qX_-_ptIFFodtV1JTMvdATN1MMLldQa4ddoW8aC1HBAYl-8VTQlDutmasIjKzwEAghJczrMzVfNirsJP30pJF'),('3c8ee5c0d26c7986266550b972b9e970',1331913702,NULL,'wFeVeOhMAzYGG_r_cq5iXQ1jDNjbLyr2jvux6i7vp8sX3gThiLaedlmh_dSZrl2IMcSzRqVp5i4pEOwSDIw9WvGFQOKwx1ZyCDp-quFmf2LzSt95Nj7cgi00XzuETQG0hUHRfmtTqdjG6Ylua27Qy0Per2HZ9LPMK_BeHrP185g.'),('cd83c58695aa4c8178a91eb5e9164b56',1331913756,NULL,'qRWHCEPQaFDkZzG8hFB6mYXlWpQEqKkrHnlutacUeZZmtvNLTerZ-14-12D1_WJts-MxSifiyIDSAki7w2qap7hfPOrKRTBDzCgzsZYT4qkovKO8cXhhDTlinHt1qblz2RyZv0X-cMpu1-jaFBsCBHiw_WPX1LXSLZvKNO41wXY.'),('14c525d44437951159d8b2c091374b49',1331916106,NULL,'3DqmmLiGZSEGOKbsxasjIWw6Ss9ETRfoo8rBSmlAtIdnWbGNd8HK8tzPSBKVGlZP3RXED_SCSnrtAnT_7i2BGdvbmmdMfC_FsqCXyQnxWFWdzFXSu1XrG4P8aa4lkhX3dTZtHNwEhV7UpaiFSgb0zQ..'),('3a8ad48cd0e64cce347c87003f1c7116',1331918123,NULL,'PGpIlPU8zxnHx-0rFy3P5gJKh6OiWawfeFUqVFTsAOPdEAKpNbi-O8ZjEdfkgJuTC4azNJQgmhVy4hqGnmvLSmOi6lfmQq-92W_0Zdq8U-7bV_4MFl5TSifykLzLwHNhdQe8EVioqaMoRMlkRobIzsBd9DZoQMtfNE7kbiK0wg4.'),('1edd3e9a751b941f0633eda8c91f56d5',1331918195,NULL,'qRWHCEPQaFDkZzG8hFB6mYXlWpQEqKkrHnlutacUeZZmtvNLTerZ-14-12D1_WJts-MxSifiyIDSAki7w2qap7hfPOrKRTBDzCgzsZYT4qkovKO8cXhhDTlinHt1qblz2RyZv0X-cMpu1-jaFBsCBHiw_WPX1LXSLZvKNO41wXY.'),('c899ee72ae2bac132f13b80a1028ffce',1331920119,NULL,'wFeVeOhMAzYGG_r_cq5iXQ1jDNjbLyr2jvux6i7vp8sX3gThiLaedlmh_dSZrl2IMcSzRqVp5i4pEOwSDIw9WvGFQOKwx1ZyCDp-quFmf2LzSt95Nj7cgi00XzuETQG0hUHRfmtTqdjG6Ylua27Qy0Per2HZ9LPMK_BeHrP185g.'),('b268c9da6d4c8097fb1187751f5d9fc5',1331920120,NULL,'HCmbC42d4QHgUgzppMAr00-xBQS1CjLr3PFd4CcU4ILMcfHqD8DhO4dlZ4rtyRjO8Uv-kjesC22G6xSsyTKsEbOiXHcAdnRuMhsjim0gXIwByPnU6khXanYthucY-uvNJsCbvHfKzMU8b5e5t4w6u8SAKfrcpx54sUWEsZ6sQh8.'),('27fe8addf9877384b635338fbcd5447c',1331921251,NULL,'s98vOUxUOpF4fesz4dZTZgBcWyJQodDvfdSD8riHvmj4OyfsNDWg2uW26R9cqGPC-9Q5l36O0Vwhj1hJbD-CWm-nGhFkInlp9H9TkLXMqq_Dj6azBqBC1B-tmZYD0BTk9gEKz8Ok6bnA1Mpb5T9tqvsR3Kcjd7lGWPXnHFoiMUkxaQ490kxOeLdh81Qts4E6'),('eb6e6e5a19a817ab4a3ec93d86d15693',1331923582,NULL,'j_T-RuvmVJzpYwp_7d1Jl2gJkqkqxwljVGZSCW0ByOzWY3CSdiyi7JRDXo57tA94ueu5IHnrx5ozE5D3_PhxjUuAHVc5WCuqAg5zO9hVV-5XQn_uoMs8llIRWUnIAh4iplUAPR1Wk5gd7PBFB7IoS2v6R_c84r2SvZaSe4s5JLE.'),('19b9e8fd4b328758804b046967ea03bf',1331923583,NULL,'Y6nmpU9C_H9vpstYXOLkdk2ictOWO8bbFuWd4oLmvh0WeNK8Q_l1ScjDG9Vyf56c5xTAWSV957Ip1oITqsCh0z_ejzlls-m_F3B8PyRBQYmIAuRm0qWeJ8pSeArq4LHMOl0U85qD9DPZ_HT-CQwXKdRTka0IMJJVOstWL42jO38.'),('e0566791ee8e2e14b858bc3d8f0930c4',1331925178,NULL,'iHEs3pKRZ3Q-nvPrVl_hXF0dD0X9BoaVgo3ytkE3bbCrlzPd3hWvHmeMXS_jvtIdUICEpkcXcVY0IA6rv_0zRRwZgFzmxrimn2AxjZHjo6AqY2sSySrPjGRqndyhnI_L9pq9ZO1VRoGkhUUui-XCWw..'),('11321e84d967337f9586176310a32c9a',1331925572,NULL,'ntNnil3d0b3vhUSd3-p3i9AKWdulxYqmu1oWmqiBp6wk9vkJ5aXQuWdod6z2mJuVKml_qVRLlUQdpkxxSt1D1FDn0AD_gvKYy0nxq7hPrc2sfHI1-pMGjD7pqTuu52IApqUpO_mvNA4kII0WbjfVR8_6I9qCbQHS4wKT2jDtCn-x9fSv4iz-C_j3V4E8JZKC'),('3dc2ff9f608511cbd2d6921f7791f7b5',1331926950,NULL,'9hUc1Zc1it159cUNqrpRLLnfbK0Q5bG9zHZEjrUpFT9c4cpkcdKJVKUnCSbX135CBLVoyloYrZqNqhc7tDE98FRUUCxSTat64h_XRK2lfRG05odNUtr0rzlqoGOvNp4tllOyVwNWuUrC3GLNXYKWGaSch0uIbYpihyDjbd4EUfE.'),('1335e8bcf1081254318495475c754b42',1331926951,NULL,'WwnXNNVnfy1wdtbZcVltxlqG1IDXKcdKSHabxOBiVaJEPbgvqMhh9LiQMS7w3WpmLkloUR8DQ20vfwlpjrjgEJkRq6rq5j_LetUWkSom76bpGcPbn6ltsaGveN7ELS83qlom2udtzdfxAgy4UKXpkDxr2BsUHQ-JjKppBiRrGQc.'),('bdfbefbf3da0890de0853b5acfa2fb72',1331929962,NULL,'vwcT9-kHXQJcJyWMFi8KjoipM5VQXaNVoLZ_ycGZqYOe3tkUf93KPDdJVuEPwxqJdq-0e9uHd80_x-JxePfMkDOMXnOEe-XKdj5REhiCa3QFQ8oeRw9jaOh0OuNyrdlh7tfgY5YuyG1oH-CW-6EJ7pUdvgEKsei6bYsHzXgP8mQ.'),('297bb746e82c79f8ed5605524fdf9b92',1331931616,NULL,'a-kwUE6PSStIavbsqxyZnUM20B1e5sD5Rxvxz0jFqlvo_BWVE7Z2AXWUO_yS_bY86ZAe_JSdT-MtR3-F5c6fbFNHaut0UqXh6wLsFQssX-2ppV9hj9n7RPLABrdo89-iJVylpXdhdqQOUC_eyjOYuH1b6VhPCdxDKC4LLbNyugY.'),('d0c2ad8de8bc696667a43b5a25f84eeb',1331931662,NULL,'2qqROk-mEVBbICpATzEftycter2W1D3ErqCh-RiPp6l6vPwBYYBRAHPBG6FTcTF84iYBPsToWcwtWxu9IubOWGW742Sf-I0_TGAaykwk6j66OztHhLOAbMUkvdL_0j14O1fob1yzBLt7L3qPpASWNgKpHlJluWhpNnVubJBJnNc.'),('8c2c6faafb1fcc96185a5775ad40f5d9',1331932380,NULL,'Ztx274aJV8yprCaQ4oB8lZ3EXPSdBThDl0wmdOhyFkNKTS4sm6qwaELeY-O6A-WZWrpXRiCCcRZlOmjIrWYTntf-ngi-Eu-cJpDhN7dcO6Q3M5k64FiWL4SMS0W-gcpnerO2qfkcLRgqumMG3GOknQ..'),('faa36a0967fbed9ea0e48bf5cf3df31f',1331934107,NULL,'iT75GfGLAnd2x3zzKszlei1yhgVpW7vhAsbo7bTAZ9Bq6RVs0-w8vp76xRQ2EmgaaFy25nENZGAypiz5nhakYzHBAQQXCA2RQfTuvt2cebc7UKFbaChse_hO5YnKhLOxW9DFmjpSj1VaR7Io4Q1N0dePgVTtqbJbQZO_yHUT4QQ.'),('3bf6dc325c2352088d96c9ced4497433',1331934108,NULL,'fGCZ3G012UOxUn0IaqtEbv74IYOzj5bNfl6Rl4MiQpz-WZyXjHRoD0jaRBEQFzW-YOYwdsVzMrSbIwG_xQ9vkPpO74SA3OESrK3htqV757PJSZCmVTgs0ks7TaYZYDWoOcCXAb01s8EqEXA7BdiMZ-nhw03CyicMJlmey5U9WhY.'),('d46862cca22d6e11574923a4cd5d45fa',1331934244,NULL,'__xtpGkOBqa_KwQAvlTV0VzZ0c_eQ2AE6LQeIpvERriwlYbv9j_EOsFi9yOSCZLozlzGI6EfUDGqKoGTqkkPcJaETUzACzijq5LcR7Zm-yuNk7TJzCCnPCaGqOph7judQcChK1eU65yTFEI24XE9wAHjb8gVMuu8vOJAoE8s7LvVfFROoMzxQbVg2lX1Jfor'),('0538e908bd4f9290dd68ae33536c6b1f',1331934678,NULL,'6gwoQIzr75hNH8ys8L62cDLAWHpqRrtpGGMX_cSx6QuyTO1kCqwoz-bWLAVHA7chg3h_Y1p2N8nQCqYYmaw77rx5XCtxzS577YOcZV6vpWvJoU6MzARAe2GMoBJ17wpVNm0Mb3f9lbaDWbKoFPW3uS6MLc34fyA7DrB2eUxjbOpLHGOTEmvoSION8nfBS2ra5B6Vn_dyb3dQ3zR2vOyKgQ..'),('6e70425ddd0293d8b1e651918ae912b3',1331938465,NULL,'oKYxWxgp_BXooyUb-foPXq3mSi3sJg9n3ICAY_-NYHZUwUE96kTwWmeRF0_n639_VCIqIX6PxmGDRdcrBiuTUUMM4ny_AaVhHzMQ8IqzkBf5hbCVzW-uQWggs-J9vjhGW89LziC0RD0FihMoua7HFOy1RK7rZ-F--5U1oo4UCmw.'),('7ca450ae1c9121b6ec8df327fb74e711',1331938740,NULL,'iT75GfGLAnd2x3zzKszlei1yhgVpW7vhAsbo7bTAZ9Bq6RVs0-w8vp76xRQ2EmgaaFy25nENZGAypiz5nhakYzHBAQQXCA2RQfTuvt2cebc7UKFbaChse_hO5YnKhLOxW9DFmjpSj1VaR7Io4Q1N0dePgVTtqbJbQZO_yHUT4QQ.'),('147627ff977e28a75426d386e1fcd53c',1331938785,NULL,'YGYwhehWLT3Ky_43jXLixIN2vdpZ3Bwotjdwi5Ab0tFbVBtXEIAunq4ilJ8E2EQcLFhL8gOWphysWmxor2kN4TDlWz1_iY1R12E6W7egjlT3lH35zP5otyybcQoBExZ1X2IAcseti9LEdaNTrGyUhMzlBRUdO48n57R1wikMTzI.'),('35da9cbda93e75e851989a4880b0bf19',1331939530,NULL,'dBKZr6yzNlKXibNPZQhGKl8EW9vf6sEQAPPlPT2d5gcTWszwk6I3LPK2dXGlsB7dXY66Z7CBGhMmBmRdCbQghU8DEutXpaG6rxmI9wcUT0Otg7C-iubuQanGs6TuFXzZcshDPGrpjkfkWLHAh4uD286gOBNKvYiSSS86yvvlx33l11PZ2Tn912mqtc3MuwNQ'),('77cbcf73f4e56a74d6fc519c3ca6b7a1',1331939579,NULL,'sqZH6EACK0moygYIXGmY5dP9_N316dTB8dew75TKRT5abp9w1rZzNkcUVMl06A-bbLSDBG8awBekh9rLHCqFgsFjCUBwacyi-dZGsdjxEPLi04XOmxMfzXhYu0ep5W4naWZBrRDGHJJD0MTArj-X4w..'),('2d15b2d49725629e3cc59c024d844782',1331941267,NULL,'Wmx37yn80-RpRwQO0acMcUeteCctZg0mVF4jP8SpBK3x-h8UwEfNcwrrPVgzsCZLbIPAbNjISqOqzBZz-YNegjTBrsQgj3vl2Y7k9Jj_b0E6w9ca5wRrJoltBB5xgtsGwH9BtfwEEcCljd82VoUZEqoE4TNQkoFcd6uDK4Wf0bo.'),('9ddfab72d8d0e6a5ea8e85c4166b5799',1331941268,NULL,'FLmAlyplhsXH-HwFdmsJzL_bSVmLbXSwDKR0BO0qHut58kdJVlQ8VAz9cMhZoeZCkkWr2XgB4t1iBktHLDr7dPWsNkoZvVPOhnIbtFUnZytBQOjekJDnH1UG_bozFeldI_VvJA2jLm9cO--et5CK7bTPA6r4acMiQoc_drwM7Gg.'),('584773c2a3cd82ac0e9d8ee76ea3c0d4',1331941761,NULL,'HFxpdMb-ZsNIJGpAFdMecDWVA5dpTP7ZZMAx6j4BxM2dV0tmMx80w0XvfoOpwl4-gSfiukiwpFwm7g3YLdo4PkL-n1gbVok47ZoqyRecN8RgqdLnBgAu3rDqljhOyxtYfTxwogZoJCgad5xhJ8xthbHRXEp3fgkHVHV62CcBbDOw4BSjEKJugmXMFxjjD_Dp'),('3b06c98f10d6c6b3540bbb129dbcfe0f',1331942414,NULL,'tFZOuuJrlyNqaG2k2NYfkVOtX_FtNPmR5QECobPAC2LXns0Zy-ws3UYd6UPfWUrAAPSAQcJKp10KmCd1AzpiX-mx5_z8n0bV5MtTvW68RMzy5MnpZlrhr7-Y86WZ4WRiQHVHQCSZMxNoYRsSHsJCII_oaMpPyjY6O_GsRlF3oVs.'),('027fbd5d9452bfe563e94b9d7775962e',1331942427,NULL,'YLMfFHVy--2Tw7RfvT9zQp70kadyVgCHDExdYb5Gm7GOO9tNn1uKr_4yupTRF_WOtquJPaEz7W8IhGxO-8B5ssxqc1bnqv4rjfNMcqAi3TO1ZiFnSCWDeEmEI8rIwxVSwE_PUpuUSyNy6RlhAxn8pnlj5JYxFnE857_tvPb66crKidWL1JSmWSJyI260Qqup'),('c407078cd6b6f71875d8b1c66daa5ee7',1331942428,NULL,'qG-RpNjmuvIbrH6TPlclIhYDy_kkm_J5GTt9r2yEO-PQLH2XAvjhYpw_PAm65Rqk2zT4nZkHtj6BliOOy_1pKHw5Ocpsn6XtmFzTljihHLPxsvZI3S40_9IOePQ73xi8tOL6yPSm5M6DuimJXlUHDmrvaaSR3Ve-k20p83PXEhpU-TxJE2zzphzqf1UL9n1T'),('ef5156be1f8327e3d4b4c7e08adc33af',1331942428,NULL,'Z35Cq5PIRcJRrKfmNCAOTky9UW1UuJ6f3tMvK8fsqqWz1TCvbwMMyPTls4-qUh5_f2EeGxeDtraNTRkpLLgitBtEYi2isyu7qXCWR5i5htLbDGjQ5DmL3MD4kR11PwxurGU769isFoqGxCCTXByYcEh1OapekYNUbR_pqrS1hekt7YbMh_1YXsTMlZmhyJ-Z'),('6163bd3192c52069c5dfc37a2ae5f592',1331942432,NULL,'QfRQhfIgodEj_zUvbDEdc0jVPXLQnN55Z6Q1c6TnFITVlwynANpzo6dOXSklbEnnaSZE_8sOcS3foFamCiwqtAROikh_p-iD0xSkaxoZkq3yjugAw6Ux2onHkFGs-PH61Lh2BFKD21zgk5CH1C6f--QqDS7IPuGPQtUf2qaCHaXIfsgUSkc5ZkK6Vhpkz4QO'),('dba9dc05baf5536439a593f531379190',1331942436,NULL,'_k_lx4RVgnDCcD2rSU3dlvvj6lU5SvYj_b-Tlz3OzAINa0vQgzOm1w0I4DAYQsu46fNNPHvUB0E2slTVqF2CU2QfGMWsrJq6n_Fcyrf2XJD9D6u2SUpfddd7qVKuT9Xiz6YG2eYLDxBl2wTGOUDwUKWbtol3IWZw787wrNh0Dl3M1MfnOd-hEEcKFwavrymW'),('496722c7996fdbc1ff56ad62976ece1d',1331942436,NULL,'-kKDSIqoRCohTrrEsn8tTyjLW8kl27zdlDNGn9iuGZarvyeT4-el3WpVG1YCtBEVnNaiNfhlWUmeHbc_TXr4aAUAMMUcboklzmd17gN-f-BgtApZsa7_dKKt9izXlPIXInWYOtrTEi9oB3d8tPN2rqlfu7nNLU4dXhqGAf6YNW9IKYlo_py_X42nCGNSw0ha'),('9820566f285f00df381a626e6cbc603e',1331942437,NULL,'eMptjfUu6LC-v9e4X6_rDUvXogdC9Iqv2BGLmmgP97bqC-un38fDtmeVRbcCfSvpl6aryutbE-m-C8ZQBE973RM-TrsHvlq49u1pT7paQnKf8lyCLvdgZeIuA1fny_KC_E0eur7YyZadjvUm2XLDUCpHC5dteVUVYm5kmohRSoQBzpDQEjQvFcgaXkQIx9I3'),('95c858826473f7fd84b99beb6432b052',1331942437,NULL,'aaLyat0l04PZLVGRG_uBCeAZSecr_vkTIeLjXWobPx3Bj2yj6h6Ml2kxXZMwULGMffw1dNQ0FEGS7n7CFt66-QcNWNsYpyQcJ8ZVZrrEVksRT0lwQykWotDgnyhaoWDhFbRlaMzFQLD6Mr6ZCQppIubElbpG8spWPE8UcwGr_f2OrNvzVJXweU5f-Df_yUf0'),('5cd95b36b857c172b526ac0a71016d2f',1331942438,NULL,'NgWordQ1jlY93P3F5RakKiuUltrezHUNUCrqeP1GJ_W2raS6i5F_rS-Ac5ZEGCcGv3xGSO6RLJGVIJPZKVQZfZWsBDe9YvZ9_rbd2HxFKnR2bgFta9-PSofjUkINQkWEH8sQMyFs3-PjCZynkFcSxr4d70x3IJHu3tA0RCfrGG7uZwoEp9MaUrBy5qX0kB-c'),('c89e9a5df260b3abc02704b015f5b748',1331942438,NULL,'UEcmQktsrU7zbwoQ8an9C-S_UBfzw7hbvlU-DWYgcvGaPMqkAZ5yAm9HPIffQ9tGucpBazY9S1b00vf-GxLXOH9zJdQXtGyEeMEsEycu7EWDZCDkkesl8zyOCsKe3ywKIfJinrwzAnyXBhzFbjxlxj1pE-oHusjQD_gATq8HbGY.'),('c9952e3ca49a14cefdf93020163436b9',1331942439,NULL,'pm4v-XIy93HMTQnrmcJWn54ruhgYQWS1dDyuf44Gu46FdDzp1IkOeElvsrSoNxY-fZdQ5SvAqNHveBQC5A0xHVirDipeZ2yY8lSEXwK0xNnaqA4LuuCvA8g3BuMd-OjRhkuRbRYPRHZOgEWgFCDeuhGNkaVELuxZkzH44T_OuImaentOjHEUnbawATnMjIcH'),('37d938fb900d61c0420970ed5c944841',1331942443,NULL,'31-Dcli_1Go6GT4T9zjsBdG8_DPS59U3WwrlBMqVCPruA2ruRZ_Pchs9ag9ClVW-bUFtYO6oCrW5sKdi_beRLbyZfQDy3ctwgiyOUsEmLkrO8Aopt0ZcyOJ7czggN-dGQssT4zz3kozsrtUgrCcvLxCrw3O61WRPhCWGtz7E6MAmtEG7RifVp4wxnp-dTaYX'),('5ca5d2eb9aa59df71779d0c534597bf1',1331942443,NULL,'9d3zwbP-FTPhcjNQWraGUeVPkTvwvkJGi980WvYM8RsEKIt6DurKcU7clHMzRuryRuM7w-aECVV3mCabb-ldx7WtV7oCzuG3yB_fFoMwmbUH_5Q70_7vrkcN1uSQOqpGyiT5Rz-q8uNVqPbPC_IixySMcAOFZuwicTaLrf_WGXo.'),('9ae142d4a0985340e18e9d59ab7e7e4c',1331942447,NULL,'Z1U77dLGZsh6qOLmCCjTi2lpZbivrWDzXTcrob5Gfj7SmsjOWBPxykhv-BTwF2B8ZDTz1lgxC3FLc5EILHPFX7zY8VW22eLmqqngALNvDQGMjstBlTKtEawRy05iSl8bug0rXfd24G4O8CKCloL5pzCttUvH74eDLRFm7JXoEhTqDUDlRg8o4E7bhLhpiJi3'),('c0f065e1202ac0baad5d81d9c73c497b',1331942450,NULL,'eMptjfUu6LC-v9e4X6_rDUvXogdC9Iqv2BGLmmgP97bqC-un38fDtmeVRbcCfSvpl6aryutbE-m-C8ZQBE973RM-TrsHvlq49u1pT7paQnKf8lyCLvdgZeIuA1fny_KC_E0eur7YyZadjvUm2XLDUCpHC5dteVUVYm5kmohRSoQBzpDQEjQvFcgaXkQIx9I3'),('2a29d27bfb03667b66a832f9916f0a53',1331942454,NULL,'X6B3H5lO0o8Qkf3eCoj0kah9ZELTEddBFzC6jNHx8Wav2JYZqV5igkf19j6FLQijnvHve5GsBoJWtsKugTwOKYZEPP9IRk2AqJafeiK_yZEPApSru5vhyQAPyadwPmtA8RWrRiHfqim5bgy0OQknmRo1x_kLMCSKm99QRhLM9c-C3FQ3Qy0ODI-tfh66LWRb'),('cd7b0f0b09b5b3cd2a8acdd1f28a47fd',1331942454,NULL,'eFIi10-K58W5WDlrXySK05OT-TTBgXk_-XL9G8aJqryozGk_BJmZzST6eW5BhGmiLjTdFmR2ekv1Dw6BQMpBO5CT8BQnuPMxjc2U7ACylgDWe5eaNhEVF2YgG_UJUjeiFAlLIxEq99jfDsF_cBDUQLJ4iBD1eA9yUrKqbS3_g5OzNHM-uaXJaNX3424LqwkR'),('b3ba6c4cec85921d48505e431f876d28',1331942458,NULL,'DJ5RLt2BBmJp676ggglWRh3mmhuIHn59bdgMjrJ1nh2l2vinqs1j_AQ7QO02WXl1qNkfKpoN2KBOHd6AAjjLED3ePmChBLetjJu-yACA_oflNSe0GHE2pIIeaUqawHUTAXHakpJP6XxYd-tPy1Tcgs5HaCS_pPm1R7yP1gcAiNliMddtTqsu4DN9QTsJ5ERx'),('cdc24ac9fb37caeaca2c3824c7b0384c',1331942459,NULL,'4NkrAv93SntWd4_VXyKguVU4ZF-iw5esSYgOFtdW2eTxqaT_fT262u802XDRpASzSuNqjWOmiKjH2ycprMh9CX5lzTxhSnPhYDy7F1skMYd3IoG8RnWf7O9-9XPJKA5abQ70ZJGE6Bo8uCBwdPpMXTVGsSUK6mWV06dXTHVisoSJJYq2DUk8tXtirVsyulGO'),('b146d2e562cd78117198154aec016e53',1331942459,NULL,'jYzxmT_B1ipXU7rP621cs_3Ikzi7etUZZAM0Tmzdc9BPX1ZK5Jhrk_FKzHLJiSkjSgTS0GTVFfpgYHqXRF3GbgxaywoE6fk_hKFJ5xnzZI638Z5Rfiz49wIUjjYzvLU3FW5D5OXVi2yIHOZ7SauJaHTE1wBvsXBeSpCfgJuobBTnQ0rP1lRV8PVu-eN-yOYY'),('ff0f91a75cc7ec36fcc3c90c6c2879a6',1331942478,NULL,'VjxYrxwnMTAxIkwuLfTwLvjDO40yY_83-oclgmSkVl09WiZONa6hDsHUTNgIDNhJPYfdnArnvw5DhsLhuie1IHodKIF_6Nd_3Tf7b7i6hSG1CnHj0ZbqHSaWaq6mVL6uhP2PFNWCF_8a_c6-gOevsWSCkmT-5I4sM91OXgabZ0mFdRcfH2ICheXuH_zLoXlp'),('054db4c2a6f79362f397f9a79db086ac',1331942481,NULL,'BVs3cHlDSFb_fQLbDVv3AIBKVPR6B1oEja5whM6CfacLN-M7bghQ0jOKgJJCP8cGJcQl0P7xzUfMz1iHiqBW-QPCeRjQGr8QVHafr_NaM233xhgoSvdw1r5Hs5lygaBHcUPS-BSM5GSw6U8XLW-oEYl418EjUSUIBjxIRr7OrMhhqa7L3BrWqcDCteHR12gQf2Rzf2B6xdsmvZv7QoLY1g..'),('d2c015fa800eb51565a93d45d7d2b035',1331942484,NULL,'0k2IYYJIftU2W1CTrdN3CU316UzLw0FajX08GsadFajaHsqP3H4NkQoQcU8hwMy6KXXPxgftxI6xXC3UzzSA_m8lIiKNL1IjbJsiEXwKFjn2dIrNyMGiEOuYLIQxXLR49cxfh58BgE3KFaAaO0zckWpItOuRml6tNtf9_Qe-yVdqmATAXBSgyScf3o_2BPlIhjVBg9R9ouzYjqiNva0NMQ..'),('ab68a671fcc9db84b848b3b4caa95f66',1331942484,NULL,'AEzQANpv6_eEQDsxR7Wq9XLcKTtK0dd_FAaB-NBRntDG6tSrKcVDqQAjQE2q7IZVCn9dKVMUqvLzSG-mn8M06QTh0RQmUYpKzuFcJmMbM5Q_te1OWaNPtnuGWmFX3chu5zs5qrl2brO-ZPI4do3c2BnJBtpiPMmBf5dG6YVUtPpoa66s29AoOeVtw7ocnopFh5G-uWkaddPu1BsUh2Sw7Q..'),('1904793b62eb47796dc63e85fc863c21',1331942485,NULL,'VYpLZ2Rha3zHYxsFKT8YfyIK7tMclWr22Z3ckqHqHx9yWbgAFHbzI5ao3LZR6eqB_0YbD9tsMv0gxxL8CZsgcca9Y0b-iYrVBuyZDZo-cqjg-MZP8ERLn8fjz8bpVZDKtXJUk80SU9ZoShMYxCdmV5cace9lCa5wGRpnjmINjxWGzicfoUGGfLK2kBOJSWHh'),('6a83ac553e254149971e9934ba1dca0b',1331942488,NULL,'mH3DnZgbnvnHyAlyBNzJMPWHyuBzMIzPjdYN_TqhmpG48CxBhNcsg3kq_AiOZNy5cGGriJojguOiD0Gm7BcN5sSUXBH8hLo4YQMKuPb5-8EXcY-XcuT6_2JaGBFq96d7CmBSuonPZFLrZpxUEbb_yCmPMZFjQOFZOXTGnYBgea6vRnQD0MVQhCdoZf-jAporhIBHHWgdTbyct8tNRgguaQ..'),('8b6c8037fe668463d5730cc0a15409ad',1331942738,NULL,'en2qlyM7QEwGhNDXGpwxEiXgGAXxQFTAOYrq1i4IB5iX2O3Ed6vOFK2VQrotKabd3HQBbCNUG3eS_C5jlUGqcOrLgXL1ZbTyBCY09Rg0L0_pDmkVj3LN9_ffCmGM1i6fHzzCURhmgRHewJNp1CvXgYuiTNY9xfYpl3FFxaYkl3Q.'),('74fe3bb722589231d67053c1f92fed76',1331943992,NULL,'3KCF6t1yIhEz6kyewOPalkkr0k3_AHgMHvQ2azDAkewqr4uIag74cqC_qcIZ7wDkfvbbZ-46efqNoLziUMmoLplN4v24ky0VaJjxvpcTU3UxnNYUyIXLttMqKVhavJJ9lcNGNkv4p5yd88Pu5sQ3kpxheoJbv721W6tm8cNQ3cbMvErf_e8BPD0EQ2yGt2mD'),('599a74dc9ca1aa123444874a31ddd823',1331945965,NULL,'j_T-RuvmVJzpYwp_7d1Jl2gJkqkqxwljVGZSCW0ByOzWY3CSdiyi7JRDXo57tA94ueu5IHnrx5ozE5D3_PhxjUuAHVc5WCuqAg5zO9hVV-5XQn_uoMs8llIRWUnIAh4iplUAPR1Wk5gd7PBFB7IoS2v6R_c84r2SvZaSe4s5JLE.'),('b70bbd5986a202e4eeb3771da672a0cc',1331946011,NULL,'2qqROk-mEVBbICpATzEftycter2W1D3ErqCh-RiPp6l6vPwBYYBRAHPBG6FTcTF84iYBPsToWcwtWxu9IubOWGW742Sf-I0_TGAaykwk6j66OztHhLOAbMUkvdL_0j14O1fob1yzBLt7L3qPpASWNgKpHlJluWhpNnVubJBJnNc.'),('ce652079dd76748b58abed8205bdf448',1331946223,NULL,'2bSn7D42YNpzuQLM5IYz9ntdrXgW49WcxvrecTaXcF234D4RsQ4wWTY_Fv7MjUC1uOFu0SamXphQWCsoDz_gFVn2t3yLTDr7o249XpfuSzLZ9bV8LvL2-lTsNnzNsbAZscHPTKoLfv2MWlWmrL90Lo0GBpxtyA_H52cz8kMK8MHHlletxW_ndp3sdJkgbTGG'),('ce329397c69d1003341ffb85bf425f93',1331946835,NULL,'d_bYWsO0xJPxsEyBD3ewe3pztHFGEv0PTmYkjEUqqaLuCh6qw8DiwoYrntoR9O624CSN3W0APFFOUuwcpIOr3RTWkr6KFIfzut4Of-4qK_H7x56Cp8mlFXMLliYPKfwEvRRhaRnOcK-5kDzz-kkZAA..'),('63a90ec081ee786c9a16cc74781af1f3',1331947284,NULL,'zL6EFyjm9lw74PtKTt3FMrDctv50Y32NnIGj-Sd9u8E325d6iYHOvY5Kyp0ugaVTOcYWY7N1b9fO5ygqLc8AhatVqHGH4U8TcQfHMT3iPVhw1b2PeYuzQ8DqishDemptZYSCMQjPRfEcSKmf6c08DUI-AxLfR_W0Bt1sl8n5OR4.'),('da170dd40c6bbc822ea017b7f7e7a6df',1331948454,NULL,'qOasJhhuRTecPOsT67osCzoOvxXDg4R7tZIdQ-XkH1vYmevCIFYqevMGjD211wA4ojtEJ_zLMhoNOdRpv1BbxCLNIST_SPP5Wlit6NvRMa1l_gki04JVGt9d2k9Bd6DMdarP7ADlT8wDZVhnwnvVmP8ijizDEC25Hf93QPmP2hJu_npa4614MhUXsqW_ItVB'),('3c5a644eafeaf0dbadb556e0ad8c8648',1331950094,NULL,'KK28OwaLHmQrctodkGPcOffrB4qEmidX_aKOm95XjXnUknsnjw107Zen_kJlRQxLeNX6d7KpTIXOfrx0BYoJVUdUte797lMQkvNro3090Z-04YFv7oef686R4oh1lqCpJI9bNlwHWFcFiCYX3o9cee1VMKL3bP5K0zdVJhyH1k8.'),('efec0edd75378c34b5c484bb2741d64f',1331950684,NULL,'L3rCCY7VfnM3d6dubrC1u4l7ViKdrlefO89benH6YoP_DsEgSSP6iL9MKbnpGKmuX34MPxiZ2AZ99gnsljOSWi9GL5cHhkezemhn5pGgBQJ5xyxtpJwUBS-aWnacTgz4qZDpSMNtMmlmwBoXkDd9Ys_TMVHmLXjCv_vP1-LTMJq4QipnAdgTCUQAfArAi9PI'),('88c8414bf1ecb543bb4178834bd19c6f',1331952028,NULL,'Z3-HiBZDTo4GO58MzySHqAShuHHouvjEIHdCdTsgXG6yCdCEQsP0arpL5PHEQ7OzmrWy0JR9U8dqSwzcRBEJgy4TQTcl9_JOYMOJexn9mSt86FBcufbwKYfoOpddwwrdoJFcU8s2EVOptvW4qNOZPHmhhu7OpRlsXXlpPGnaBlo.'),('e7f1bbbccc1cefe448d1050e165e82aa',1331952915,NULL,'KBPLl8h2spJAyz962Z4gpfBVh_8506duAW1CWmHxBezLxj7TcFxtnmR6DisHLUwAm66W9nWXQxgdrXttJdi78uBxklcU_Zqj_8NtVYUWHyys9pyEINq15WNfYp2HylGPxVp0fmixqkcHALleOOyNSrEGdqI7f7C4qy6LvIbtIrIrFJPctlT7D-xMyWgjkxC7'),('a0b99a0cfa184d5cdde22e1794f52754',1331953217,NULL,'t6h3Xevd-GEWQwN7dP_bJTf3DsZjJ5LuXbfRxMemV_92WYyo8HPEW51tvkXZUHUzmhcOAQsJlqGEdWkJ4n7l2P7Ukb_yFaKtAXABbfPYYzXDhhbIuv0OaLp-oXThodIfy4JquKnV930-UpYmE1o9LbpF964t-UJtQ3v5sYlBNXI.'),('bdf3f2aaf9746253074011fa466da2ba',1331953262,NULL,'YGYwhehWLT3Ky_43jXLixIN2vdpZ3Bwotjdwi5Ab0tFbVBtXEIAunq4ilJ8E2EQcLFhL8gOWphysWmxor2kN4TDlWz1_iY1R12E6W7egjlT3lH35zP5otyybcQoBExZ1X2IAcseti9LEdaNTrGyUhMzlBRUdO48n57R1wikMTzI.'),('964acade985111d156d7ba6fbc6314e2',1331953960,NULL,'3DqmmLiGZSEGOKbsxasjIWw6Ss9ETRfoo8rBSmlAtIdnWbGNd8HK8tzPSBKVGlZP3RXED_SCSnrtAnT_7i2BGdvbmmdMfC_FsqCXyQnxWFWdzFXSu1XrG4P8aa4lkhX3dTZtHNwEhV7UpaiFSgb0zQ..'),('38569f39f1244d5575648cbe179bab7a',1331955145,NULL,'_MH3bGgMvfAMHGuROHpbWObwDGp8u-kyuX2INJ5N2VkT42gFtcuF4lV8zxYmJ3m1pdXsg9CowLtz0fGhp5QbEAbr6LcW8IoosftZVVQ1-pguuR_LxhGPPfQTxEvUPfkacmYCkRATZOW2T6YJ9cJWj1Fl2neI_9toJq28KohfwI3_rxoLyqhbIE88gL_jBXCH'),('26f0d8cf0cf9e15e122f1821fa1f2177',1331957376,NULL,'h3GyyjsHBJsAt9CrjpPg8Ui5SsMkUtHvuhSIxLMm0TKQak7MQLnlxvof038hvVpTQ0US53JLrirB4yVNo-wyxjAMXx69mGvCZDeALIZVmfcqkKEfdERnrsweoILrcEg1TF94x3KVECfHTECvf5r3_bfDf_yrEWBvrHRsxyOnwGoI98QvOMw54RigZVMlNilp'),('cf80f70de5d501a3b1242e4d5b2bc62a',1331958852,NULL,'AyWGiJLX6MH2yacIOyz0Oc9fr5m2g5UY0JB0uEjWZihsfPZEyyJci9mSgaXY6MIQG3fqgsdRiQQZRU-seyyezW9exBHwUXKArXe_qt-rU5_634Vlth52RMYaZZH6XjG_PuA034rhqT_JzG_W34OGkveKiuMy_OPDT0nY6PCrn3o.'),('d78a8c0508eca053b00dfb11e6734d56',1331959606,NULL,'TgQEN2KVuAJCXKfFoke5VbLofADWjfk3CZVMuYEsMtzfn2x5Io2LZeyHg11Zf87_ayaOnb-55Fg6co6x2rpxQ8rbRfX7zw3CaKXl7YP-mNWVhBMpGrpqVGeyoN8eTeWkTy1gVbF3WfCM7I5g2DD1mrZ5FQNmX_MnvzScXyusf7yLoJWops7P1Fzot6x8v_KT'),('bac091a5d8203fa5fa2039019370a13a',1331960378,NULL,'q8vgTJDyGdyOPLwDHaKxvPGKyrsmS5ltMH50qPl3UP1G765ykFgw3OJs638l-DO7C5lEKewAeMWF-yMgknyKiHDDGyCyIDaPWbkI3wkZ5d2yCm2neYp0mSpxjQLs7HJk6TqLUcvNPs35BfbvNC63QaB6gmhBaX9V67e2OmZu9g0.'),('099b87620402a0f51f4f3c3b596aced6',1331960424,NULL,'8Zv_dbSyTAczGbwOk-W6b2MP5A1vOrDIHg11_UlNF2D3Eqq4Q0rYetb8zGnsZprx1FPs7KZZAImEJ2e-dxUv4PnZGnsxCJ-QwVoShfA4mJ0fRqhTr7DM_WVttwRzIiJRfe67JftQiL0a5hp1F5vrzMTKVLjxvOmiWrp_Yv43lTs.'),('0b392354260f349c442e2b09bbdd6228',1331961210,NULL,'QR_XrgBlFzMSxBmpZw1FYXOWJDPeQpQakDmN4hlGUBJ9_vq3hlGFb232hjcUjf4Mvktp8gn7B7xgb9rGLBYZoSd_3CwaD5eiObxHxHvnBj9uD_am_rXFM4J9E7TgXtJZAAqjgR97Wp3gU4k_BlVsZA..'),('c3df0baff763dd4ec60048a2629ebe00',1331961836,NULL,'nduM0yJ_DFSTZTGvFh0C8qZsfiqQxuK8UyvWNL1jRiHVepbPHhgFeF3Sn7pJ7ySMvzQlNJpVkE-k2Ctu07ZxPkB2v_Oxzde43Lw77FeXFgFjpB3cl0dJEFrGx5sKmx1Ud6mxBBV3SVls3mWrUjNdTjl79SwnwFCbXEtWLhd3evvBXMkI3gQC-BuEtLN2XoAK'),('3ed12ff357e787a1e25aa1b24bcc2bde',1331962895,NULL,'5apPSjzfUk3kEXzJlXSSKmEkLSrvzoRN4fRoP_McsD4_dmdNIVlX_WIcr87ba1t5Ps2ser2BuZvyOYGq0Rp4UOACnkorEnRqcalgIYzgrrez5bvjKXwAiNNK6cmd9Wi3YpmMSXluktVhLGQ5-BwrxeMHCeUXRI5bQIV7IZ9FDdw.'),('4d23d09ed7f59fcb2c76c580000a57b3',1331962895,NULL,'qRWHCEPQaFDkZzG8hFB6mYXlWpQEqKkrHnlutacUeZZmtvNLTerZ-14-12D1_WJts-MxSifiyIDSAki7w2qap7hfPOrKRTBDzCgzsZYT4qkovKO8cXhhDTlinHt1qblz2RyZv0X-cMpu1-jaFBsCBHiw_WPX1LXSLZvKNO41wXY.'),('0b7096b0109854796065dbccfa693348',1331964066,NULL,'dcsFhKCpq1uV1QShN-REscTqFb0bjTogOMWzk4tD7FC0zXHaHPohX98g0P9gaBkJKdzKE-BFaBIfzPGkEZJv2NbwPPHKO_taVz0dLjnQ6K8Vrpao-bgTTRHp8xXlq4eJh5kBkOPoRJXVibVm0fBWMV5Rk_H1Wy2zWA1OZgC_8czs4jdt0YHodIlDIf178e-R'),('829ef79ab2745ff56a830f254394138b',1331966270,NULL,'gnhdx-5thsY0lws0UwrvrkU9WYiFyG1m-99xOAiJWZMUS3Bg9S2Mt2akMa09q1e4KnnLeLZ0SJ_rFeIS48wwnaCcOZ2Imt_gWC7LtxfxN0Uk95MgA2YQs2xt5zWbb5MydHupztE1n9M9jbholNs1y7Mz-HIlwST4Z7wELWAL3G6pMIlRC4sWEQI3tXccn6XK'),('7cbde85a33c0c7561cf92a54b6c47b72',1331966297,NULL,'whhF_ZFdZ_J6xWMicEOFWPyeRmHmS21-BtUzJOtDSs4NPVtYj3ZzeJ47mULNwdyZPLXgvtvlGZrO6lERu32EPve0FOmm9UdB5rjUiPKpT3fhpHy6XdOE4ySYHBmSFQSQQm7Vsudr_RSO6O3nANBBTe-ye_YzbcsR53zeZ1mr3gDUPKiTiQMXRvNo0uLjjk4U'),('3229152133153ea166b583c6e1e6a36b',1331967692,NULL,'BYeB0mwX0BRo-KSlVpIrswiAtDRnhPfYAz_DB8QK6KVyCKduylRxgI4tL-tjI6gRPxSa3LVIyI988ZPwUqD4FtAQzMtqd5aoLQOFDztGwuJEDbdOBsMMsLdKRhqUebw-nwuaQFBa4QaINOVlOZ_JTunXeneopTpNpiEkFIdnRuU.'),('bfa710421eb86f98128b2a1cbefb55ca',1331967738,NULL,'bhNukZmFVaZVkZ8vz8Df7aQfzZc_bjknUCzNBrwgJi_1B14xX-Nyyv5rn5UgLACM6QrvnqsG5-2mQl3Vsu5_DvUowkUN2pAXQdAIdzjrORbgOXsVDXs0vIjvezCTSqRmHBfaLb33u9lLCI_qFYYdJRhomGnQJ-tQLSFe1Leonl8.'),('073ba58c241cc58f3fa87f26cbba0201',1331968397,NULL,'3IbCrzgc101svGs1IghemQCtx0tZavwm35HD8qv9x37FQVRyYs02MGNNqb5gnv-iUwkIXSpDQQDvpIFTuuADt5roiIhJCLQnhH5H156QdyQABIoduHq-2EpKrutjcMnTdGIIEZ9jMbIIMG-9xOqK6Q..'),('3400b99976ec6dbdd832689175c21f93',1331968527,NULL,'zMnecNmLJuTyQPJOMueS5WkXaKClyOdFCONUJuXE-n9eF473pAlO63YxsNmzV9paGXLJ2C5TwTiM_rrs2D1ejxojoxKCrGvaNAn_eB6wSEy-QIuqJLJx8ucqGU5e62yShJiWaowUc51Al7m7w5Dct6GHLW_28IIBoaHX1gXclfvFX1RNCDyZbtnChlrPUe4J'),('5149efa1c9f0eda5f6c71bd8ae02205d',1331970115,NULL,'q8vgTJDyGdyOPLwDHaKxvPGKyrsmS5ltMH50qPl3UP1G765ykFgw3OJs638l-DO7C5lEKewAeMWF-yMgknyKiHDDGyCyIDaPWbkI3wkZ5d2yCm2neYp0mSpxjQLs7HJk6TqLUcvNPs35BfbvNC63QaB6gmhBaX9V67e2OmZu9g0.'),('2da71802d4875cf921397fccbae8e974',1331970115,NULL,'sCY_Bp5YUsgy7hNl57m3rHamUvD-HQfriNUvSS8MYf3CsdduRAZsAiFjqa1ZFp2VhImitq6JOmMDdupYzG_eICs2Ct6iYnlufgvXJs8WQvx-oSevXoqu5qni04AiXtCQjCjqs3aXZK24Nmo2VJdCp8cteI0b4gG8UuYcqVfZuXg.');

--
-- Table structure for table `idx_set_hook_place`
--

CREATE TABLE `idx_set_hook_place` (
  `set_hook_place_id` int(11) NOT NULL auto_increment,
  `plugin` varchar(255) default NULL,
  `set_hook_place` text,
  PRIMARY KEY  (`set_hook_place_id`)
) ENGINE=MyISAM DEFAULT CHARSET=latin1;

--
-- Dumping data for table `idx_set_hook_place`
--


--
-- Table structure for table `idx_setting`
--

CREATE TABLE `idx_setting` (
  `setting_id` int(11) NOT NULL auto_increment,
  `setting_name` varchar(255) default NULL,
  `setting_value` text,
  PRIMARY KEY  (`setting_id`)
) ENGINE=MyISAM AUTO_INCREMENT=55 DEFAULT CHARSET=latin1;

--
-- Dumping data for table `idx_setting`
--

INSERT INTO `idx_setting` VALUES (4,'site_name','Medicalprofessionalsworld.com'),(5,'site_url','http://medicalprofessionalsworld.com'),(6,'email_address','alexander.coykendall@gmail.com'),(7,'language_code','en_US'),(8,'theme_path','/home/medicalp/public_html/themes/'),(9,'admin_template_path','/home/medicalp/public_html/admin_tpl/'),(10,'plugin_path','/home/medicalp/public_html/plugin/'),(12,'active_theme','_Medicalprofessionalsworld'),(14,'spam_proof','1'),(15,'enable_user_validation','1'),(16,'allowed_file_extension','gif,jpg,png,pdf,zip,doc'),(17,'yahoo_appid',''),(18,'whosonline','600'),(19,'reciprocal_check','0'),(20,'urlcheck_limit','1'),(21,'pagerank_cache','30'),(22,'max_image_width','1024'),(23,'max_image_height','756'),(24,'max_file_size','500'),(25,'only_registered_can_add_link','0'),(26,'only_registered_can_add_review','0'),(27,'db_use_persistent','0'),(28,'paid_link_day_period','30,60,90,180'),(29,'paid_link_price_factor','1,1.5,2,3'),(30,'enable_html_tag','1'),(31,'allowed_html_tag','<b>,<strong>,<i>,<em>,<u>,<pre>,<blockquote>,<ol>,<ul>,<li>,<p>,<span>,<div>,<table>,<tr>,<td>'),(32,'enable_page_compression','0'),(33,'enable_category_ajax','1'),(34,'require_visit_category','0'),(35,'additional_category_price','0.5'),(36,'enable_rating_ajax','1'),(37,'service_nicecoder_avail','1'),(38,'enable_recaptcha','0'),(39,'recaptcha_publickey',''),(40,'recaptcha_privatekey',''),(41,'enable_bidding','0'),(42,'minimum_bid','5'),(43,'bid_increament','1'),(44,'charset','utf-8'),(45,'mailer','mail'),(46,'smtp_auth','0'),(47,'smtp_host',''),(48,'smtp_username',''),(49,'smtp_password',''),(50,'smtp_port','25'),(51,'emailbody_as_html','0'),(52,'indexu_version','2.4'),(53,'tos',''),(54,'submission_guidelines','');

--
-- Table structure for table `idx_tags`
--

CREATE TABLE `idx_tags` (
  `tag` varchar(64) NOT NULL default '',
  `category_id` mediumint(8) unsigned NOT NULL default '0',
  `total` int(11) NOT NULL default '0',
  `tag_path` varchar(64) NOT NULL,
  PRIMARY KEY  (`tag`,`category_id`)
) ENGINE=MyISAM DEFAULT CHARSET=latin1;

--
-- Dumping data for table `idx_tags`
--


--
-- Table structure for table `idx_unavailable`
--

CREATE TABLE `idx_unavailable` (
  `idx_unavailable` int(11) NOT NULL auto_increment,
  `link_id` int(11) default NULL,
  `url` varchar(255) default NULL,
  `who_is` varchar(255) default NULL,
  `note` text,
  `date` datetime default NULL,
  PRIMARY KEY  (`idx_unavailable`)
) ENGINE=MyISAM DEFAULT CHARSET=latin1;

--
-- Dumping data for table `idx_unavailable`
--


--
-- Table structure for table `idx_unavailable_latest`
--

CREATE TABLE `idx_unavailable_latest` (
  `idx_link` int(11) default NULL,
  `record_execution` int(11) default NULL
) ENGINE=MyISAM DEFAULT CHARSET=latin1;

--
-- Dumping data for table `idx_unavailable_latest`
--


--
-- Table structure for table `idx_users`
--

CREATE TABLE `idx_users` (
  `username` varchar(20) NOT NULL default '',
  `password` varchar(50) NOT NULL,
  `name` varchar(50) default NULL,
  `email` varchar(50) default NULL,
  `date` date default NULL,
  `status` char(1) default NULL,
  `vcode` varchar(4) default NULL,
  `group_id` tinyint(4) default NULL,
  `homepage` varchar(100) default NULL,
  `icq` varchar(20) default NULL,
  `aol` varchar(20) default NULL,
  `yahoo` varchar(20) default NULL,
  `biography` text,
  `location` varchar(50) default NULL,
  `interest` varchar(50) default NULL,
  `occupation` varchar(50) default NULL,
  PRIMARY KEY  (`username`)
) ENGINE=MyISAM DEFAULT CHARSET=latin1;

--
-- Dumping data for table `idx_users`
--

INSERT INTO `idx_users` VALUES ('admin','b91edf9a3b313a78deb5fda0239ea918','Administrator','alexander.coykendall@gmail.com','2012-01-18','1','',0,'','','','','','','',''),('aangeliascott','ed65879477403baad10748a88a17326b','','aangeliascott@gmail.com','2012-03-13','1','4714',2,'http://','','','','','','',''),('1simonpeterson1','56fa861e6605dd8f0116fe66ac20705b','','1simonpeterson1@gmail.com','2012-03-13','1','1941',2,'http://','','','','','','','');

--
-- Table structure for table `idx_votes`
--

CREATE TABLE `idx_votes` (
  `link_id` mediumint(9) NOT NULL default '0',
  `ip` varchar(100) default NULL,
  `value` tinyint(4) default NULL
) ENGINE=MyISAM DEFAULT CHARSET=latin1;

--
-- Dumping data for table `idx_votes`
--



