--
-- Host: telecommunicationsindustries.com    Database: teleco_indexu
-- ------------------------------------------------------


--
-- Not dumping tablespaces as no INFORMATION_SCHEMA.FILES table on this server
--

--
-- Table structure for table `directory_save_data`
--

CREATE TABLE `directory_save_data` (
  `id` bigint(100) NOT NULL auto_increment,
  `schedule_id` bigint(100) NOT NULL,
  `project_id` bigint(100) NOT NULL,
  `link_id` bigint(100) NOT NULL,
  `confirm_link` text NOT NULL,
  `category_id` int(10) NOT NULL,
  `category_name` varchar(150) NOT NULL,
  PRIMARY KEY  (`id`)
) ENGINE=InnoDB DEFAULT CHARSET=latin1;

--
-- Dumping data for table `directory_save_data`
--


--
-- Table structure for table `idx_admin_menu`
--

CREATE TABLE `idx_admin_menu` (
  `menu_id` int(11) NOT NULL auto_increment,
  `parent_id` int(11) default NULL,
  `menu_title` varchar(255) default NULL,
  `menu_url` varchar(255) default NULL,
  `order_number` int(11) default NULL,
  PRIMARY KEY  (`menu_id`)
) ENGINE=MyISAM AUTO_INCREMENT=85 DEFAULT CHARSET=latin1;

--
-- Dumping data for table `idx_admin_menu`
--

INSERT INTO `idx_admin_menu` VALUES (1,0,'Dashboard','summary.php',0),(3,0,'Categories','cat_view.php',0),(4,3,'View/ Edit/ Delete','cat_view.php',1),(5,3,'Add New Category','cat_add.php',2),(2,1,'Summary','summary.php',1),(7,3,'Check Category Structure','cat_struc.php',4),(8,3,'Update Category Path','cat_path_update.php',5),(6,3,'Pending Category','cat_pending_suggestion.php',3),(9,3,'Set Default Price','cat_set_default_price.php',6),(10,3,'Hidden Category','cat_view_hidden.php',7),(11,3,'Registered Users Only','cat_view_registered_only.php',8),(12,3,'Search Category','cat_search.php',9),(13,0,'Links','link_search.php',0),(14,13,'Search/ Edit/ Delete','link_search.php',1),(15,13,'Add New Link','link_add.php',2),(16,13,'Validate Link','link_validate.php',3),(17,13,'Premium Listing','link_premium_listing.php',4),(18,13,'Sponsored Listing','link_sponsored_listing.php',5),(19,13,'Suspended Listing','link_suspended_listing.php',6),(20,13,'Spam Links','link_validate.php?spam=1',7),(22,13,'Update Number of Links','app_update_nol.php',9),(23,13,'Update Tag Clouds','tag_cloud_update.php',10),(21,13,'Editor Pick Links','link_editor_pick.php',8),(25,13,'Validate Reviews','review_validate.php',11),(26,13,'Discount Coupon','coupon.php',12),(27,13,'Default Field','link_default_field.php',13),(28,13,'Custom Field','link_custom_field.php',14),(29,0,'Users','user_active.php',0),(30,29,'View All','user_active.php',1),(31,29,'Add New User','user_add.php',2),(32,29,'View Suspend','user_suspend.php',3),(33,29,'View Unactive','user_active.php?pflag=Unactive',4),(34,29,'Search User','user_search.php',5),(35,0,'Editors','editor_add.php',0),(36,35,'Add New Editor','editor_add.php',1),(37,35,'Validate Editors','editor_validate.php',2),(38,0,'Invoices','inv_config.php',0),(39,38,'Configure','inv_config.php',1),(40,38,'Create An Invoice','inv_create.php',2),(41,38,'Paid Invoice','inv_paid.php',3),(42,38,'Unpaid Invoice','inv_unpaid.php',4),(43,38,'Overdue Invoice','inv_overdue.php',5),(44,38,'Payment History','pay_history.php',6),(45,0,'Mailling Systems','message_view.php',0),(46,45,'Send/ Edit/ Delete','message_view.php',1),(47,45,'Create Template','message_create.php',2),(48,45,'Mailing List Subscribers','message_subscriber.php',3),(49,0,'Templates','template_manager.php',0),(50,49,'Site Templates Manager','template_manager.php',1),(51,49,'Import Site Template','template_import.php',2),(52,49,'Export Site Template','template_export.php',3),(53,49,'Email Templates','email_template.php',4),(54,49,'Export Email Template','email_template_export.php',5),(55,49,'Import Email Template','email_template_import.php',6),(56,0,'Tools','link_duplicate.php',0),(57,56,'Find Duplicate Link','link_duplicate.php',1),(58,56,'Broken Link Report','link_bad.php',2),(59,56,'Spider Link CheckUrl','checkurl_web.php',3),(60,56,'Block Name server Domain','blocked_domain_list.php',4),(61,56,'Add Block Name server Domain','add_blocked_domain.php',5),(62,56,'Unavailable domain listing','unavailable_link_list.php',6),(63,56,'Clear Template Cache','clear_templates_c.php',7),(64,56,'PHP Configuration','phpinfo.php',8),(65,56,'Sitemap Generator','sitemap.php',9),(66,56,'Cronjobs','cronjobs.php',10),(67,56,'Fetch Meta','fetch_meta.php',11),(68,56,'Hook Place','hook_place.php',12),(69,56,'CheckUrl Result','link_checkurl.php',13),(70,56,'View Search Log','log_search.php',14),(71,56,'Bad Words Filter','badword_filter.php',15),(72,0,'Options','app_setup.php',0),(73,72,'Setup','app_setup.php',1),(74,72,'Page Caching','app_page_caching.php',2),(75,72,'Mod-rewrite','app_mod_rewrite.php',3),(76,72,'Change Password','app_change_pwd.php',4),(77,0,'Database','db_import.php',0),(78,77,'Import','db_import.php',1),(79,77,'Export','db_export.php',2),(80,77,'Backup','db_backup.php',3),(81,77,'Query','db_query.php',4),(82,77,'Find Replace','db_find_replace.php',5),(83,0,'Plugins','plugin_listing.php',0),(84,83,'View All','plugin_listing.php',1);

--
-- Table structure for table `idx_bad_link`
--

CREATE TABLE `idx_bad_link` (
  `bad_link_id` mediumint(9) unsigned NOT NULL auto_increment,
  `link_id` mediumint(9) unsigned NOT NULL default '0',
  `name` varchar(50) NOT NULL default '',
  `email` varchar(50) NOT NULL default '',
  `type` tinyint(3) unsigned NOT NULL default '0',
  `date` date NOT NULL default '0000-00-00',
  PRIMARY KEY  (`bad_link_id`)
) ENGINE=MyISAM DEFAULT CHARSET=latin1;

--
-- Dumping data for table `idx_bad_link`
--


--
-- Table structure for table `idx_badwords`
--

CREATE TABLE `idx_badwords` (
  `word` varchar(100) NOT NULL default ''
) ENGINE=MyISAM DEFAULT CHARSET=latin1;

--
-- Dumping data for table `idx_badwords`
--


--
-- Table structure for table `idx_blocked_domain`
--

CREATE TABLE `idx_blocked_domain` (
  `blocked_id` int(11) NOT NULL auto_increment,
  `blocked` varchar(255) default NULL,
  `type` enum('domain','ip') default NULL,
  PRIMARY KEY  (`blocked_id`)
) ENGINE=MyISAM AUTO_INCREMENT=6 DEFAULT CHARSET=latin1;

--
-- Dumping data for table `idx_blocked_domain`
--

INSERT INTO `idx_blocked_domain` VALUES (1,'buydomains.com','domain'),(2,'this-domain-for-sale.com ','domain'),(3,'oversee.net','domain'),(4,'eNom','domain'),(5,'sedoparking.com','domain');

--
-- Table structure for table `idx_category`
--

CREATE TABLE `idx_category` (
  `category_id` mediumint(9) unsigned NOT NULL auto_increment,
  `parent_id` mediumint(9) unsigned NOT NULL default '0',
  `name` varchar(100) NOT NULL default '',
  `description` text NOT NULL,
  `image` varchar(100) default NULL,
  `content` text,
  `visible` char(1) default NULL,
  `links` mediumint(9) default NULL,
  `meta_keyword` text,
  `meta_description` text,
  `permission` char(2) default NULL,
  `registered_only` char(1) default NULL,
  `header` text NOT NULL,
  `footer` text NOT NULL,
  `related` mediumint(6) NOT NULL default '0',
  `page_title` varchar(200) NOT NULL default '',
  `hits` int(11) NOT NULL default '0',
  `order_num` smallint(6) NOT NULL default '0',
  `basic_price` double unsigned NOT NULL default '0',
  `premium_price` double unsigned NOT NULL default '0',
  `sponsored_price` double unsigned NOT NULL default '0',
  PRIMARY KEY  (`category_id`)
) ENGINE=MyISAM AUTO_INCREMENT=32 DEFAULT CHARSET=latin1;

--
-- Dumping data for table `idx_category`
--

INSERT INTO `idx_category` VALUES (1,0,'Bandwidth Auctions and Exchanges','','folder.gif','','1',NULL,'','','0','0','','',0,'',0,0,0,0,0),(2,0,'Billing and Customer Service','','folder.gif','','1',NULL,'','','0','0','','',0,'',0,0,0,0,0),(3,0,'Call Centers','','folder.gif','','1',NULL,'','','0','0','','',0,'',0,0,0,0,0),(4,0,'Carriers','','folder.gif','','1',NULL,'','','0','0','','',0,'',0,0,0,0,0),(5,0,'Computer Telephony','','folder.gif','','1',NULL,'','','0','0','','',0,'',0,0,0,0,0),(6,0,'Conferences','','folder.gif','','1',NULL,'','','0','0','','',0,'',0,0,0,0,0),(7,0,'Conferencing','','folder.gif','','1',NULL,'','','0','0','','',0,'',0,0,0,0,0),(8,0,'Construction, Installation, and Maintenance','','folder.gif','','1',NULL,'','','0','0','','',0,'',0,0,0,0,0),(9,0,'Consulting','','folder.gif','','1',NULL,'','','0','0','','',0,'',0,0,0,0,0),(10,0,'Customer Management','','folder.gif','','1',NULL,'','','0','0','','',0,'',0,0,0,0,0),(11,0,'Directories','','folder.gif','','1',NULL,'','','0','0','','',0,'',0,0,0,0,0),(12,0,'Education and Training','','folder.gif','','1',NULL,'','','0','0','','',0,'',0,0,0,0,0),(13,0,'Employment ','','folder.gif','','1',NULL,'','','0','0','','',0,'',0,0,0,0,0),(14,0,'Equipment','','folder.gif','','1',NULL,'','','0','0','','',0,'',0,0,0,0,0),(15,0,'Fax Service','','folder.gif','','1',NULL,'','','0','0','','',0,'',0,0,0,0,0),(16,0,'Fibre Cables','','folder.gif','','1',NULL,'','','0','0','','',0,'',0,0,0,0,0),(17,0,'Internet Services','','folder.gif','','1',NULL,'','','0','0','','',0,'',0,0,0,0,0),(18,0,'Location and Tracking','','folder.gif','','1',NULL,'','','0','0','','',0,'',0,0,0,0,0),(19,0,'Marketing and Advertising','','folder.gif','','1',NULL,'','','0','0','','',0,'',0,0,0,0,0),(20,0,'Marketplaces','','folder.gif','','1',NULL,'','','0','0','','',0,'',0,0,0,0,0),(21,0,'Network Management','','folder.gif','','1',NULL,'','','0','0','','',0,'',0,0,0,0,0),(22,0,'News and Media ','','folder.gif','','1',NULL,'','','0','0','','',0,'',0,0,0,0,0),(23,0,'Phone Services','','folder.gif','','1',NULL,'','','0','0','','',0,'',0,0,0,0,0),(24,0,'Resources','','folder.gif','','1',NULL,'','','0','0','','',0,'',0,0,0,0,0),(25,0,'Satellite','','folder.gif','','1',NULL,'','','0','0','','',0,'',0,0,0,0,0),(26,0,'Services ','','folder.gif','','1',NULL,'','','0','0','','',0,'',0,0,0,0,0),(27,0,'Software','','folder.gif','','1',NULL,'','','0','0','','',0,'',0,0,0,0,0),(28,0,'Telecommunication','','folder.gif','','1',NULL,'','','0','0','','',0,'',0,0,0,0,0),(29,0,'Telephone Answering Service ','','folder.gif','','1',NULL,'','','0','0','','',0,'',0,0,0,0,0),(30,0,'Telephone Systems ','','folder.gif','','1',NULL,'','','0','0','','',0,'',0,0,0,0,0),(31,0,'Voicemail Systems','','folder.gif','','1',NULL,'','','0','0','','',0,'',0,0,0,0,0);

--
-- Table structure for table `idx_category_path`
--

CREATE TABLE `idx_category_path` (
  `category_id` mediumint(9) NOT NULL default '0',
  `path` text,
  `path_with_url` text,
  `parents` text,
  PRIMARY KEY  (`category_id`)
) ENGINE=MyISAM DEFAULT CHARSET=latin1;

--
-- Dumping data for table `idx_category_path`
--

INSERT INTO `idx_category_path` VALUES (1,'Bandwidth Auctions and Exchanges','<a href=\"http://telecommunicationsindustries.com/bandwidth-auctions-and-exchanges/\" name=\"cat_1\" style=\"\">Bandwidth Auctions and Exchanges</a>',';0;'),(2,'Billing and Customer Service','<a href=\"http://telecommunicationsindustries.com/billing-and-customer-service/\" name=\"cat_2\" style=\"\">Billing and Customer Service</a>',';0;'),(3,'Call Centers','<a href=\"http://telecommunicationsindustries.com/call-centers/\" name=\"cat_3\" style=\"\">Call Centers</a>',';0;'),(4,'Carriers','<a href=\"http://telecommunicationsindustries.com/carriers/\" name=\"cat_4\" style=\"\">Carriers</a>',';0;'),(5,'Computer Telephony','<a href=\"http://telecommunicationsindustries.com/computer-telephony/\" name=\"cat_5\" style=\"\">Computer Telephony</a>',';0;'),(6,'Conferences','<a href=\"http://telecommunicationsindustries.com/conferences/\" name=\"cat_6\" style=\"\">Conferences</a>',';0;'),(7,'Conferencing','<a href=\"http://telecommunicationsindustries.com/conferencing/\" name=\"cat_7\" style=\"\">Conferencing</a>',';0;'),(8,'Construction, Installation, and Maintenance','<a href=\"http://telecommunicationsindustries.com/construction-installation-and-maintenance/\" name=\"cat_8\" style=\"\">Construction, Installation, and Maintenance</a>',';0;'),(9,'Consulting','<a href=\"http://telecommunicationsindustries.com/consulting/\" name=\"cat_9\" style=\"\">Consulting</a>',';0;'),(10,'Customer Management','<a href=\"http://telecommunicationsindustries.com/customer-management/\" name=\"cat_10\" style=\"\">Customer Management</a>',';0;'),(11,'Directories','<a href=\"http://telecommunicationsindustries.com/directories/\" name=\"cat_11\" style=\"\">Directories</a>',';0;'),(12,'Education and Training','<a href=\"http://telecommunicationsindustries.com/education-and-training/\" name=\"cat_12\" style=\"\">Education and Training</a>',';0;'),(13,'Employment ','<a href=\"http://telecommunicationsindustries.com/employment/\" name=\"cat_13\" style=\"\">Employment </a>',';0;'),(14,'Equipment','<a href=\"http://telecommunicationsindustries.com/equipment/\" name=\"cat_14\" style=\"\">Equipment</a>',';0;'),(15,'Fax Service','<a href=\"http://telecommunicationsindustries.com/fax-service/\" name=\"cat_15\" style=\"\">Fax Service</a>',';0;'),(16,'Fibre Cables','<a href=\"http://telecommunicationsindustries.com/fibre-cables/\" name=\"cat_16\" style=\"\">Fibre Cables</a>',';0;'),(17,'Internet Services','<a href=\"http://telecommunicationsindustries.com/internet-services/\" name=\"cat_17\" style=\"\">Internet Services</a>',';0;'),(18,'Location and Tracking','<a href=\"http://telecommunicationsindustries.com/location-and-tracking/\" name=\"cat_18\" style=\"\">Location and Tracking</a>',';0;'),(19,'Marketing and Advertising','<a href=\"http://telecommunicationsindustries.com/marketing-and-advertising/\" name=\"cat_19\" style=\"\">Marketing and Advertising</a>',';0;'),(20,'Marketplaces','<a href=\"http://telecommunicationsindustries.com/marketplaces/\" name=\"cat_20\" style=\"\">Marketplaces</a>',';0;'),(21,'Network Management','<a href=\"http://telecommunicationsindustries.com/network-management/\" name=\"cat_21\" style=\"\">Network Management</a>',';0;'),(22,'News and Media ','<a href=\"http://telecommunicationsindustries.com/news-and-media/\" name=\"cat_22\" style=\"\">News and Media </a>',';0;'),(23,'Phone Services','<a href=\"http://telecommunicationsindustries.com/phone-services/\" name=\"cat_23\" style=\"\">Phone Services</a>',';0;'),(24,'Resources','<a href=\"http://telecommunicationsindustries.com/resources/\" name=\"cat_24\" style=\"\">Resources</a>',';0;'),(25,'Satellite','<a href=\"http://telecommunicationsindustries.com/satellite/\" name=\"cat_25\" style=\"\">Satellite</a>',';0;'),(26,'Services ','<a href=\"http://telecommunicationsindustries.com/services/\" name=\"cat_26\" style=\"\">Services </a>',';0;'),(27,'Software','<a href=\"http://telecommunicationsindustries.com/software/\" name=\"cat_27\" style=\"\">Software</a>',';0;'),(28,'Telecommunication','<a href=\"http://telecommunicationsindustries.com/telecommunication/\" name=\"cat_28\" style=\"\">Telecommunication</a>',';0;'),(29,'Telephone Answering Service ','<a href=\"http://telecommunicationsindustries.com/telephone-answering-service/\" name=\"cat_29\" style=\"\">Telephone Answering Service </a>',';0;'),(30,'Telephone Systems ','<a href=\"http://telecommunicationsindustries.com/telephone-systems/\" name=\"cat_30\" style=\"\">Telephone Systems </a>',';0;'),(31,'Voicemail Systems','<a href=\"http://telecommunicationsindustries.com/voicemail-systems/\" name=\"cat_31\" style=\"\">Voicemail Systems</a>',';0;');

--
-- Table structure for table `idx_category_suggession`
--

CREATE TABLE `idx_category_suggession` (
  `id_cat_suggession` int(11) NOT NULL auto_increment,
  `parent_id` int(11) default NULL,
  `name` varchar(255) default NULL,
  `category_description` text,
  `date` datetime default NULL,
  PRIMARY KEY  (`id_cat_suggession`)
) ENGINE=MyISAM DEFAULT CHARSET=latin1;

--
-- Dumping data for table `idx_category_suggession`
--


--
-- Table structure for table `idx_checkurl`
--

CREATE TABLE `idx_checkurl` (
  `link_id` mediumint(9) NOT NULL default '0',
  `date` date NOT NULL default '0000-00-00',
  `live` char(1) NOT NULL default '',
  `reciprocal_found` char(1) NOT NULL default '',
  PRIMARY KEY  (`link_id`)
) ENGINE=MyISAM DEFAULT CHARSET=latin1;

--
-- Dumping data for table `idx_checkurl`
--


--
-- Table structure for table `idx_cronjobs`
--

CREATE TABLE `idx_cronjobs` (
  `cronjobs_id` int(11) NOT NULL auto_increment,
  `cronjobs_name` varchar(255) default NULL,
  `filename` varchar(255) NOT NULL,
  `schedule` varchar(255) NOT NULL,
  `time` datetime NOT NULL,
  `execution` varchar(1) NOT NULL,
  PRIMARY KEY  (`cronjobs_id`)
) ENGINE=MyISAM AUTO_INCREMENT=4 DEFAULT CHARSET=latin1;

--
-- Dumping data for table `idx_cronjobs`
--

INSERT INTO `idx_cronjobs` VALUES (1,NULL,'clear_templates_c.php','1,*,*,*,*','0000-00-00 00:00:00',''),(2,NULL,'update_tag_cloud.php','*,24,*,*,*','0000-00-00 00:00:00',''),(3,NULL,'clear_rss_cache.php','*,24,*,*,*','0000-00-00 00:00:00','');

--
-- Table structure for table `idx_custom_field`
--

CREATE TABLE `idx_custom_field` (
  `field_name` varchar(32) NOT NULL default '',
  `field_text` varchar(64) NOT NULL default '',
  `field_type` enum('TEXT','TEXTAREA','SELECT','MULTISELECT','CHECKBOX','RADIO','FILE','IMAGE','DATE','DATETIME','RICHEDITOR') NOT NULL default 'TEXT',
  `field_option` text NOT NULL,
  `field_img_width` int(10) unsigned NOT NULL default '0',
  `field_img_height` int(10) unsigned NOT NULL default '0',
  `field_file_size` int(10) unsigned NOT NULL default '0',
  `field_file_extension` varchar(64) NOT NULL default '',
  `required` char(1) NOT NULL default '0',
  `searchable` char(1) NOT NULL default '1',
  `permission` char(1) NOT NULL default '0'
) ENGINE=MyISAM DEFAULT CHARSET=latin1;

--
-- Dumping data for table `idx_custom_field`
--

INSERT INTO `idx_custom_field` VALUES ('image','Image','IMAGE','',0,0,0,'','0','0','2'),('address','Address','TEXT','',0,0,0,'','0','0','0'),('city','City','TEXT','',0,0,0,'','0','0','0'),('state','State','TEXT','',0,0,0,'','0','0','0'),('country','Country','TEXT','',0,0,0,'','0','0','0'),('zip','Zip','TEXT','',0,0,0,'','0','0','0'),('phone','Phone','TEXT','',0,0,0,'','0','0','0'),('fax','Fax','TEXT','',0,0,0,'','0','0','0');

--
-- Table structure for table `idx_default_field`
--

CREATE TABLE `idx_default_field` (
  `field_name` varchar(64) NOT NULL,
  `required` char(1) NOT NULL,
  `visible` char(1) NOT NULL default '1',
  `searchable` char(1) NOT NULL default '1'
) ENGINE=MyISAM DEFAULT CHARSET=latin1;

--
-- Dumping data for table `idx_default_field`
--

INSERT INTO `idx_default_field` VALUES ('title','1','1','1'),('url','1','1','1'),('description','1','1','1'),('keywords','1','1','0'),('contact_name','1','1','1'),('email','1','1','1'),('reciprocal_url','0','0','1');

--
-- Table structure for table `idx_discount_coupon`
--

CREATE TABLE `idx_discount_coupon` (
  `coupon_id` int(11) NOT NULL auto_increment,
  `coupon_code` varchar(255) default NULL,
  `coupon_value` varchar(50) default NULL,
  `link_type` varchar(255) default NULL,
  `start_date` date default NULL,
  `expired_date` date default NULL,
  `expired_usage` int(11) default NULL,
  `usage_count` int(11) default NULL,
  PRIMARY KEY  (`coupon_id`)
) ENGINE=MyISAM DEFAULT CHARSET=latin1;

--
-- Dumping data for table `idx_discount_coupon`
--


--
-- Table structure for table `idx_editor`
--

CREATE TABLE `idx_editor` (
  `username` varchar(20) default NULL,
  `category_id` mediumint(9) default NULL,
  `category` char(1) default NULL,
  `link` char(1) default NULL,
  `review` char(1) default NULL,
  `pick` char(1) default NULL,
  `status` char(1) default NULL,
  `date` date default NULL
) ENGINE=MyISAM DEFAULT CHARSET=latin1;

--
-- Dumping data for table `idx_editor`
--


--
-- Table structure for table `idx_email_template`
--

CREATE TABLE `idx_email_template` (
  `email_template_id` int(10) unsigned NOT NULL auto_increment,
  `name` varchar(255) default NULL,
  `subject` varchar(255) default NULL,
  `body` text,
  `altbody` text,
  PRIMARY KEY  (`email_template_id`)
) ENGINE=MyISAM AUTO_INCREMENT=37 DEFAULT CHARSET=latin1;

--
-- Dumping data for table `idx_email_template`
--

INSERT INTO `idx_email_template` VALUES (1,'add_ok','Resource Added','<div style=\"font-weight:bold;\">Thank you for your submission to <%$site_name%></div>\r\n<p>\r\n<div style=\"float:left;width:200px;\">Resource ID</div>\r\n<div style=\"float:left;width:10px;\"> : </div>\r\n<div style=\"float:left;width:200px;\"><%$link_id%></div>\r\n<div style=\"float:left;width:200px;\">Title</div>\r\n<div style=\"float:left;width:10px;\"> : </div>\r\n<div style=\"float:left;width:200px;\"><%$title%></div>\r\n<div style=\"float:left;width:200px;\">Url</div>\r\n<div style=\"float:left;width:10px;\">  : </div>\r\n<div style=\"float:left;width:200px;\"><%$url%></div>\r\n<div style=\"float:left;width:200px;\">Description </div>\r\n<div style=\"float:left;width:10px;\"> : </div>\r\n<div style=\"float:left;width:200px;\"><%$description%></div>\r\n<div style=\"float:left;width:200px;\">Category </div>\r\n<div style=\"float:left;width:10px;\"> : </div>\r\n<div style=\"float:left;width:200px;\"><%$category%></div>\r\n<div style=\"float:left;width:200px;\">Contact name</div>\r\n<div style=\"float:left;width:10px;\"> : </div>\r\n<div style=\"float:left;width:200px;\"><%$contact_name%></div>\r\n<div style=\"float:left;width:200px;\">Email</div>\r\n<div style=\"float:left;width:10px;\">  : </div>\r\n<div style=\"float:left;width:200px;\"><%$email%></div>\r\n<div style=\"float:left;width:200px;\">Password </div>\r\n<div style=\"float:left;width:10px;\"> : </div>\r\n<div style=\"float:left;width:200px;\"><%$password%></div>\r\n<p>\r\nYour link has been added.\r\n<p>\r\n<p>\r\nRegards,\r\n<p>\r\n<%$site_name%> Team\r\n','Thank you for your submission to <%$site_name%>\r\nResource ID  : <%$link_id%>\r\nTitle        : <%$title%>\r\nUrl          : <%$url%>\r\nDescription  : <%$description%>\r\nCategory     : <%$category%>\r\nContact name : <%$contact_name%>\r\nEmail        : <%$email%>\r\nPassword     : <%$password%>\r\nYour link has been added.\r\nRegards,\r\n<%$site_name%> Team'),(2,'add_ok_editor','Resource Added','<div style=\"font-family:arial;font-size:12px;\">\r\nThere\'s a new submission to <b><%$site_name%></b>.\r\n<p>\r\n<p>\r\n<table cellspacing=0 cellpadding=0>\r\n<tr><td style=\"width:100px;\">Resource ID</td><td style=\"width:10px;\">:</td><td ><%$link_id%></td></tr>\r\n<tr><td style=\"width:100px;\">Title</td><td style=\"width:10px;\">:</td><td ><%$title%></td></tr>\r\n<tr><td style=\"width:100px;\">Url</td><td style=\"width:10px;\">:</td><td ><%$url%></td></tr>\r\n<tr><td style=\"width:100px;\">Description</td><td style=\"width:10px;\">:</td><td ><%$description%></td></tr>\r\n<tr><td style=\"width:100px;\">Category</td><td style=\"width:10px;\">:</td><td ><%$category%></td></tr>\r\n<tr><td style=\"width:100px;\">Contact name</td><td style=\"width:10px;\">:</td><td ><%$contact_name%></td></tr>\r\n<tr><td style=\"width:100px;\">Email/td><td style=\"width:10px;\">:</td><td ><%$email%></td></tr>\r\n</table>\r\n<p>\r\nThe category permissions allow webmasters to add/modify links without needing approval.\r\nThe link has been added.\r\n<p>\r\n<p>\r\nRegards,\r\n<p>\r\n<%$site_name%> Team\r\n</div>','There\'s a new submission to <%$site_name%>.\r\nResource ID  : <%$link_id%>\r\nTitle        : <%$title%>\r\nUrl          : <%$url%>\r\nDescription  : <%$description%>\r\nCategory     : <%$category%>\r\nContact name : <%$contact_name%>\r\nEmail        : <%$email%>\r\nThe category permissions allow webmasters to add/modify links without needing approval.\r\nThe link has beed added.\r\nRegards,\r\n<%$site_name%> Team\r\n'),(3,'add_ok_subscriber','Resource Added','<div style=\"font-family:arial;font-size:12px;\">\r\nYou are receiving this email because you have a subscription for update notifications in <b><%$category%></b> category.\r\n<p>\r\nThere\'s a new submission to <b><%$site_name%><b>.\r\n<p>\r\n<table cellspacing=0 cellpadding=0>\r\n<tr><td style=\"width:100px;\">Resource ID</td><td style=\"width:10px;\">:</td><td ><%$link_id%></td></tr>\r\n<tr><td style=\"width:100px;\">Title</td><td style=\"width:10px;\">:</td><td ><%$title%></td></tr>\r\n<tr><td style=\"width:100px;\">Url</td><td style=\"width:10px;\">:</td><td ><%$url%></td></tr>\r\n<tr><td style=\"width:100px;\">Description</td><td style=\"width:10px;\">:</td><td ><%$description%></td></tr>\r\n<tr><td style=\"width:100px;\">Category</td><td style=\"width:10px;\">:</td><td ><%$category%></td></tr>\r\n<tr><td style=\"width:100px;\">Contact name</td><td style=\"width:10px;\">:</td><td ><%$contact_name%></td></tr>\r\n</table>\r\n<p>\r\n<p>\r\nRegards,\r\n<p>\r\n<b><%$site_name%></b> Team\r\n</div>','You are receiving this email because you have a subscription for update notifications in <%$category%> category.\r\nThere\'s a new submission to <%$site_name%>.\r\nResource ID  : <%$link_id%>\r\nTitle        : <%$title%>\r\nUrl          : <%$url%>\r\nDescription  : <%$description%>\r\nCategory     : <%$category%>\r\nContact name : <%$contact_name%>\r\nRegards,\r\n<%$site_name%> Team\r\n'),(4,'add_pending','Pending Resource','<div style=\"font-family:arial;font-size:12px;\">\r\nThank you for your submission to <b><%$site_name%></b>.\r\n<p>\r\n<table cellspacing=0 cellpadding=0>\r\n<tr><td style=\"width:100px;\">Title</td><td style=\"width:10px;\">:</td><td ><%$title%></td></tr>\r\n<tr><td style=\"width:100px;\">Url</td><td style=\"width:10px;\">:</td><td ><%$url%></td></tr>\r\n<tr><td style=\"width:100px;\">Description</td><td style=\"width:10px;\">:</td><td ><%$description%></td></tr>\r\n<tr><td style=\"width:100px;\">Category</td><td style=\"width:10px;\">:</td><td ><%$category%></td></tr>\r\n<tr><td style=\"width:100px;\">Contact name</td><td style=\"width:10px;\">:</td><td ><%$contact_name%></td></tr>\r\n<tr><td style=\"width:100px;\">Email</td><td style=\"width:10px;\">:</td><td ><%$email%></td></tr>\r\n</table>\r\n<p>\r\n<p>\r\nYour link will be reviewed by our team. We will contact you as soon <br>\r\nas we have reviewed your link.\r\n<p>\r\n<p>\r\nRegards,\r\n<p>\r\n<b><%$site_name%></b> Team\r\n</div>','Thank you for your submission to <%$site_name%>.\r\nTitle        : <%$title%>\r\nUrl          : <%$url%>\r\nDescription  : <%$description%>\r\nCategory     : <%$category%>\r\nContact name : <%$contact_name%>\r\nEmail        : <%$email%>\r\nYour link will be reviewed by our team. We will contact you as soon \r\nas we have reviewed your link.\r\nRegards,\r\n<%$site_name%> Team\r\n'),(5,'add_pending_editor','Pending Resource','<div style=\"font-family:arial;font-size:12px;\">\r\nThere\'s a new submission to <b><%$site_name%></b>.\r\n<p>\r\n<table cellspacing=0 cellpadding=0>\r\n<tr><td style=\"width:100px;\">Title</td><td style=\"width:10px;\">:</td><td ><%$title%></td></tr>\r\n<tr><td style=\"width:100px;\">Url</td><td style=\"width:10px;\">:</td><td ><%$url%></td></tr>\r\n<tr><td style=\"width:100px;\">Description</td><td style=\"width:10px;\">:</td><td ><%$description%></td></tr>\r\n<tr><td style=\"width:100px;\">Category</td><td style=\"width:10px;\">:</td><td ><%$category%></td></tr>\r\n<tr><td style=\"width:100px;\">Contact name</td><td style=\"width:10px;\">:</td><td ><%$contact_name%></td></tr>\r\n<tr><td style=\"width:100px;\">Email</td><td style=\"width:10px;\">:</td><td ><%$email%></td></tr>\r\n</table>\r\n<p>\r\n<p>\r\nYou need to review this link here:<br>\r\n<label style=\"margin-left:10px;\"><a href=\"<%$site_url%>/cp/editor_link_validate.php\"><%$site_url%>/cp/editor_link_validate.php</a></label><br>\r\nYou can approve this submission by clicking here:<br>\r\n<label style=\"margin-left:10px;\"><a href=\"<%$approve_notice%>\"><%$approve_notice%></a></label><br>\r\nYou can reject this submission by clicking here:<br>\r\n<label style=\"margin-left:10px;\"><a href=\"<%$reject_notice%>\"><%$reject_notice%></a></label><br>\r\nSilent reject here:<br>\r\n<label style=\"margin-left:10px;\"><a href=\"<%$reject_silent%>\"><%$reject_silent%></a></label><br>\r\n\r\n<p>\r\n<p>\r\nRegards,\r\n<p>\r\n<b><%$site_name%></b> Team\r\n</div>\r\n','There\'s a new submission to <%$site_name%>.\r\nTitle        : <%$title%>\r\nUrl          : <%$url%>\r\nDescription  : <%$description%>\r\nCategory     : <%$category%>\r\nContact name : <%$contact_name%>\r\nEmail        : <%$email%>\r\nYou need to review this link here:\r\n<%$site_url%>/cp/editor_link_validate.php\r\nYou can approve this submission by clicking here:\r\n<%$approve_notice%>\r\nYou can reject this submission by clicking here:\r\n<%$reject_notice%>\r\nSilent reject here:\r\n<%$reject_silent%>\r\n\r\nRegards,\r\n<%$site_name%> Team\r\n'),(6,'approved','Editor Approved.','<div style=\"font-family:arial;font-size:12px;\">\r\nYour submission at <b><%$site_name%></b> has been approved.\r\n<p>\r\n<table cellspacing=0 cellpadding=0>\r\n<tr><td style=\"width:100px;\">Resource ID</td><td style=\"width:10px;\">:</td><td ><%$link_id%></td></tr>\r\n<tr><td style=\"width:100px;\">Title</td><td style=\"width:10px;\">:</td><td ><%$title%></td></tr>\r\n<tr><td style=\"width:100px;\">Url</td><td style=\"width:10px;\">:</td><td ><%$url%></td></tr>\r\n<tr><td style=\"width:100px;\">Description</td><td style=\"width:10px;\">:</td><td ><%$description%></td></tr>\r\n<tr><td style=\"width:100px;\">Category</td><td style=\"width:10px;\">:</td><td ><%$category%></td></tr>\r\n<tr><td style=\"width:100px;\">Contact name</td><td style=\"width:10px;\">:</td><td ><%$contact_name%></td></tr>\r\n<tr><td style=\"width:100px;\">Email</td><td style=\"width:10px;\">:</td><td ><%$email%></td></tr>\r\n<tr><td style=\"width:100px;\">Password </td><td style=\"width:10px;\">:</td><td ><%$password%></td></tr>\r\n</table>\r\n<p>\r\n<p>\r\nRegards,\r\n<p>\r\n<b><%$site_name%></b> Team\r\n</div>','Your submission at <%$site_name%> has been approved.\r\nResource ID  : <%$link_id%>\r\nTitle        : <%$title%>\r\nUrl          : <%$url%>\r\nDescription  : <%$description%>\r\nCategory     : <%$category%>\r\nContact name : <%$contact_name%>\r\nEmail        : <%$email%>\r\nPassword     : <%$password%>\r\nRegards,\r\n<%$site_name%> Team\r\n'),(7,'approved_editor','Link approved','<div style=\"font-family:arial;font-size:12px;\">\r\nThe following submission has been approved.\r\n<p>\r\n<table cellspacing=0 cellpadding=0>\r\n<tr><td style=\"width:100px;\">Resource ID</td><td style=\"width:10px;\">:</td><td ><%$link_id%></td></tr>\r\n<tr><td style=\"width:100px;\">Title</td><td style=\"width:10px;\">:</td><td ><%$title%></td></tr>\r\n<tr><td style=\"width:100px;\">Url</td><td style=\"width:10px;\">:</td><td ><%$url%></td></tr>\r\n<tr><td style=\"width:100px;\">Description</td><td style=\"width:10px;\">:</td><td ><%$description%></td></tr>\r\n<tr><td style=\"width:100px;\">Category</td><td style=\"width:10px;\">:</td><td ><%$category%></td></tr>\r\n<tr><td style=\"width:100px;\">Contact name</td><td style=\"width:10px;\">:</td><td ><%$contact_name%></td></tr>\r\n<tr><td style=\"width:100px;\">Email</td><td style=\"width:10px;\">:</td><td ><%$email%></td></tr>\r\n</table>\r\n<p>\r\n<p>\r\nRegards,\r\n<p>\r\n<b><%$site_name%></b> Team\r\n</div>','The following submission has been approved.\r\nResource ID  : <%$link_id%>\r\nTitle        : <%$title%>\r\nUrl          : <%$url%>\r\nDescription  : <%$description%>\r\nCategory     : <%$category%>\r\nContact name : <%$contact_name%>\r\nEmail        : <%$email%>\r\nRegards,\r\n<%$site_name%> Team\r\n'),(8,'approved_subscriber','link_approved','<div style=\"font-family:arial;font-size:12px;\">\r\nYou are receiving this email because you have a subscription for update notifications in <b><%$category%></b> category.\r\n<p>\r\nThe following submission has been approved.\r\n<p>\r\n<table cellspacing=0 cellpadding=0>\r\n<tr><td style=\"width:100px;\">Resource ID</td><td style=\"width:10px;\">:</td><td ><%$link_id%></td></tr>\r\n<tr><td style=\"width:100px;\">Title</td><td style=\"width:10px;\">:</td><td ><%$title%></td></tr>\r\n<tr><td style=\"width:100px;\">Url</td><td style=\"width:10px;\">:</td><td ><%$url%></td></tr>\r\n<tr><td style=\"width:100px;\">Description</td><td style=\"width:10px;\">:</td><td ><%$description%></td></tr>\r\n<tr><td style=\"width:100px;\">Category</td><td style=\"width:10px;\">:</td><td ><%$category%></td></tr>\r\n<tr><td style=\"width:100px;\">Contact name</td><td style=\"width:10px;\">:</td><td ><%$contact_name%></td></tr>\r\n</table>\r\n<p>\r\n<p>\r\nRegards,\r\n<p>\r\n<b><%$site_name%></b> Team\r\n</div>','You are receiving this email because you have a subscription for update notifications in <%$category%> category.\r\nThe following submission has been approved.\r\nResource ID  : <%$link_id%>\r\nTitle        : <%$title%>\r\nUrl          : <%$url%>\r\nDescription  : <%$description%>\r\nCategory     : <%$category%>\r\nContact name : <%$contact_name%>\r\nRegards,\r\n<%$site_name%> Team\r\n'),(9,'bad_link_editor','Broken link report','<div style=\"font-family:arial;font-size:12px;\">\r\nThere\'s a new bad link report submission to <b><%$site_name%></b>.\r\n<p>\r\n<table cellspacing=0 cellpadding=0>\r\n<tr><td style=\"width:100px;\">Title</td><td style=\"width:10px;\">:</td><td ><%$title%></td></tr>\r\n<tr><td style=\"width:100px;\">Url</td><td style=\"width:10px;\">:</td><td ><%$url%></td></tr>\r\n<tr><td style=\"width:100px;\">Description</td><td style=\"width:10px;\">:</td><td ><%$description%></td></tr>\r\n<tr><td style=\"width:100px;\">Category</td><td style=\"width:10px;\">:</td><td ><%$category%></td></tr>\r\n<tr><td style=\"width:100px;\">Name</td><td style=\"width:10px;\">:</td><td ><%$r_name%></td></tr>\r\n<tr><td style=\"width:100px;\">Email</td><td style=\"width:10px;\">:</td><td ><%$email%></td></tr>\r\n<tr><td style=\"width:100px;\">Error type</td><td style=\"width:10px;\">:</td><td ><%$type_val%></td></tr>\r\n</table>\r\n<p>\r\nThis report has been added in your administrator area.<br>\r\nPlease review this report here:<br>\r\n<a href=\"<%$site_url%>/admin/link_bad.php\"><%$site_url%>/admin/link_bad.php</a>\r\n<p>\r\n<p>\r\nRegards,\r\n<p>\r\n<b><%$site_name%></b> Team\r\n</div>','There\'s a new bad link report submission to <%$site_name%>.\r\nTitle       : <%$title%>\r\nUrl         : <%$url%>\r\nDescription : <%$description%>\r\nCategory    : <%$category%>\r\nName        : <%$r_name%>\r\nEmail       : <%$r_email%>\r\nError type  : <%$type_val%>\r\nThis report has been added in your administrator area.\r\nPlease review this report here:\r\n<%$site_url%>/admin/link_bad.php\r\nRegards,\r\n<%$site_name%> Team\r\n'),(10,'become_editor_approved','Editor Approved.','<div style=\"font-family:arial;font-size:12px;\">\r\nYour request to become an editor at <b><%$site_name%></b> has been approved.\r\n<p>\r\n<table cellspacing=0 cellpadding=0>\r\n<tr><td style=\"width:100px;\">Username</td><td style=\"width:10px;\">:</td><td ><%$username%></td></tr>\r\n<tr><td style=\"width:100px;\">Name </td><td style=\"width:10px;\">:</td><td ><%$name%></td></tr>\r\n<tr><td style=\"width:100px;\">Email</td><td style=\"width:10px;\">:</td><td ><%$email%></td></tr>\r\n<tr><td style=\"width:100px;\">Category </td><td style=\"width:10px;\">:</td><td ><%$category%></td></tr>\r\n</table>\r\n<p>\r\n<p>\r\nRegards,\r\n<p>\r\n<b><%$site_name%></b> Team\r\n</div>','Your request to become an editor at <%$site_name%> has been approved.\r\nUsername  : <%$username%>\r\nName      : <%$name%>\r\nEmail     : <%$email%>\r\nCategory  : <%$category%>\r\nRegards,\r\n<%$site_name%> Team\r\n'),(11,'become_editor_pending','Request to become an editor','<div style=\"font-family:arial;font-size:12px;\">\r\nThank you for your request to become an editor at <b><%$site_name%></b>.\r\n<p>\r\n<table cellspacing=0 cellpadding=0>\r\n<tr><td style=\"width:100px;\">Username</td><td style=\"width:10px;\">:</td><td ><%$username%></td></tr>\r\n<tr><td style=\"width:100px;\">Name </td><td style=\"width:10px;\">:</td><td ><%$name%></td></tr>\r\n<tr><td style=\"width:100px;\">Email</td><td style=\"width:10px;\">:</td><td ><%$email%></td></tr>\r\n<tr><td style=\"width:100px;\">Category </td><td style=\"width:10px;\">:</td><td ><%$category%></td></tr>\r\n</table>\r\n<p>\r\nYour request will be processed soon.\r\n<p>\r\n<p>\r\nRegards,\r\n<p>\r\n<b><%$site_name%></b> Team\r\n</div>','Thank you for your request to become an editor at <%$site_name%>.\r\nUsername  : <%$username%>\r\nName      : <%$name%>\r\nEmail     : <%$email%>\r\nCategory  : <%$category%>\r\nYour request will be processed soon.\r\nRegards,\r\n<%$site_name%> Team\r\n'),(12,'become_editor_pending_admin','Request to become an editor','<div style=\"font-family:arial;font-size:12px;\">\r\nThere\'s a new request to become an editor at <b><%$site_name%></b>.\r\n<p>\r\n<table cellspacing=0 cellpadding=0>\r\n<tr><td style=\"width:100px;\">Username</td><td style=\"width:10px;\">:</td><td ><%$username%></td></tr>\r\n<tr><td style=\"width:100px;\">Name </td><td style=\"width:10px;\">:</td><td ><%$name%></td></tr>\r\n<tr><td style=\"width:100px;\">Email</td><td style=\"width:10px;\">:</td><td ><%$email%></td></tr>\r\n<tr><td style=\"width:100px;\">Category </td><td style=\"width:10px;\">:</td><td ><%$category%></td></tr>\r\n</table>\r\n<p>\r\nPlease review editor request here:\r\n  <label style=\"margin-left:10px;\"><a href=\"<%$site_url%>/admin/index.php\"><%$site_url%>/admin/index.php</a></label>\r\n<p>\r\n<p>\r\nRegards,\r\n<p>\r\n<b><%$site_name%></b> Team\r\n</div>','There\'s a new request to become an editor at <%$site_name%>.\r\nUsername  : <%$username%>\r\nName      : <%$name%>\r\nEmail     : <%$email%>\r\nCategory  : <%$category%>\r\nPlease review editor requests here:\r\n<%$site_url%>/admin/index.php\r\nRegards,\r\n<%$site_name%> Team\r\n'),(13,'become_editor_rejected','Editor Rejected.','<div style=\"font-family:arial;font-size:12px;\">\r\nYour request to become an editor at <b><%$site_name%></b> has been rejected.\r\n<p>\r\n<table cellspacing=0 cellpadding=0>\r\n<tr><td style=\"width:100px;\">Username</td><td style=\"width:10px;\">:</td><td ><%$username%></td></tr>\r\n<tr><td style=\"width:100px;\">Name </td><td style=\"width:10px;\">:</td><td ><%$name%></td></tr>\r\n<tr><td style=\"width:100px;\">Email</td><td style=\"width:10px;\">:</td><td ><%$email%></td></tr>\r\n<tr><td style=\"width:100px;\">Category </td><td style=\"width:10px;\">:</td><td ><%$category%></td></tr>\r\n</table>\r\n<p>\r\n<p>\r\nRegards,\r\n<p>\r\n<b><%$site_name%></b> Team\r\n</div>','Your request to become an editor at <%$site_name%> has been rejected.\r\nUsername  : <%$username%>\r\nName      : <%$name%>\r\nEmail     : <%$email%>\r\nCategory  : <%$category%>\r\nRegards,\r\n<%$site_name%> Team\r\n'),(14,'inv_ask_payment','<%$company%>, Invoice #<%$invoice_id%>','<div style=\"font-family:arial;font-size:12px;\">\r\nAn invoice has been created, and is available for viewing at the following URL:<br>\r\n<label><a href=\"<%$site_url%>/invoice.php?id=<%$invoice_id%>\"><%$site_url%>/invoice.php?id=<%$invoice_id%></a></label>\r\n<p>\r\nIf you should have any questions, please do not hesitate to contact us.<br>\r\nThank you for your business.\r\n<p>\r\n<p>\r\nRegards,\r\n<p>\r\n<b><%$site_name%></b> Team\r\n</div>','An invoice has been created, and is available for viewing at the following URL:\r\n<%$site_url%>/invoice.php?id=<%$invoice_id%>\r\nIf you should have any questions, please do not hesitate to contact us.\r\nThank you for your business.\r\nRegards,\r\n<%$site_name%> Team\r\n'),(15,'mailing_list_sub','Mailing list subscription','<div style=\"font-family:arial;font-size:12px;\">\r\nThank you. Your email address, <b><%$email%></b> has been added to our mailing list.\r\n<p>\r\n<p>\r\nRegards,\r\n<p>\r\n<%$site_name%> Team\r\n</div>','Thank you. Your email address, <%$email%> has been added to our mailing list.\r\nRegards,\r\n<%$site_name%> Team\r\n'),(16,'mailing_list_sub_confirm','Mailing list validation code','<div style=\"font-family:arial;font-size:12px;\">\r\nWe received your subscription request onto our mailing list.<br>\r\nPlease confirm your subscription here:<br>\r\n<label style=\"margin-left:50px;\"><a href=\"<%$confirm_url%>\"><%$confirm_url%></a></label>\r\n<p>\r\n<p>\r\nRegards,\r\n<p>\r\n<b><%$site_name%></b> Team\r\n</div>','We received your subscription request onto our mailing list.\r\nPlease confirm your subscription here:\r\n<%$confirm_url%>\r\nRegards,\r\n<%$site_name%> Team\r\n'),(17,'modify_ok','Resource Modified','<div style=\"font-family:arial;font-size:12px;\">\r\nThank you for your submission to <b><%$site_name%></b>.\r\n<table cellspacing=0 cellpadding=0>\r\n<tr><td style=\"width:100px;\">Title</td><td style=\"width:10px;\">:</td><td ><%$title%></td></tr>\r\n<tr><td style=\"width:100px;\">Url</td><td style=\"width:10px;\">:</td><td ><%$url%></td></tr>\r\n<tr><td style=\"width:100px;\">Description</td><td style=\"width:10px;\">:</td><td ><%$description%></td></tr>\r\n<tr><td style=\"width:100px;\">Category</td><td style=\"width:10px;\">:</td><td ><%$category%></td></tr>\r\n<tr><td style=\"width:100px;\">Contact name</td><td style=\"width:10px;\">:</td><td ><%$contact_name%></td></tr>\r\n<tr><td style=\"width:100px;\">Email/td><td style=\"width:10px;\">:</td><td ><%$email%></td></tr>\r\n</table>\r\n<p>\r\nYour link has been changed.\r\n<p>\r\n<p>\r\nRegards,\r\n<p>\r\n<b><%$site_name%></b> Team\r\n</div>','Thank you for your submission to <%$site_name%>.\r\nTitle        : <%$title%>\r\nUrl          : <%$url%>\r\nDescription  : <%$description%>\r\nCategory     : <%$category%>\r\nContact name : <%$contact_name%>\r\nEmail        : <%$email%>\r\nYour link has been changed.\r\nRegards,\r\n<%$site_name%> Team\r\n'),(18,'modify_ok_editor','Resource Modified','<div style=\"font-family:arial;font-size:12px;\">\r\nThere\'s a new submission to <%$site_name%>.\r\nTitle        : <%$title%>\r\nUrl          : <%$url%>\r\nDescription  : <%$description%>\r\nCategory     : <%$category%>\r\nContact name : <%$contact_name%>\r\nEmail        : <%$email%>\r\nThe category permissions allow webmasters to add/modify links without approval.\r\nThe link has been modified.\r\n<p>\r\n<p>\r\nRegards,\r\n<p>\r\n<b><%$site_name%></b> Team\r\n</div>','There\'s a new submission to <%$site_name%>.\r\nTitle        : <%$title%>\r\nUrl          : <%$url%>\r\nDescription  : <%$description%>\r\nCategory     : <%$category%>\r\nContact name : <%$contact_name%>\r\nEmail        : <%$email%>\r\nThe category permissions allow webmasters to add/modify links without approval.\r\nThe link has been modified.\r\nRegards,\r\n<%$site_name%> Team\r\n'),(19,'modify_ok_subscriber','Resource Modified','<div style=\"font-family:arial;font-size:12px;\">\r\nYou are receiving this email because you have a subscription for update notifications in <b><%$category%></b> category.\r\n<p>\r\nThere\'s a new submission to <b><%$site_name%></b>.\r\n<p>\r\n<table cellspacing=0 cellpadding=0>\r\n<tr><td style=\"width:100px;\">Title</td><td style=\"width:10px;\">:</td><td ><%$title%></td></tr>\r\n<tr><td style=\"width:100px;\">Url</td><td style=\"width:10px;\">:</td><td ><%$url%></td></tr>\r\n<tr><td style=\"width:100px;\">Description</td><td style=\"width:10px;\">:</td><td ><%$description%></td></tr>\r\n<tr><td style=\"width:100px;\">Category</td><td style=\"width:10px;\">:</td><td ><%$category%></td></tr>\r\n<tr><td style=\"width:100px;\">Contact name</td><td style=\"width:10px;\">:</td><td ><%$contact_name%></td></tr>\r\n</table>\r\n<p>\r\n<p>\r\nRegards,\r\n<p>\r\n<b><%$site_name%></b> Team\r\n</div>','You are receiving this email because you have a subscription for update notifications in <%$category%> category.\r\nThere\'s a new submission to <%$site_name%>.\r\nTitle        : <%$title%>\r\nUrl          : <%$url%>\r\nDescription  : <%$description%>\r\nCategory     : <%$category%>\r\nContact name : <%$contact_name%>\r\nRegards,\r\n<%$site_name%> Team\r\n'),(20,'modify_pending','Resource Modified','<div style=\"font-family:arial;font-size:12px;\">\r\nThank you for your submission to <b><%$site_name%><b>.\r\n<p>\r\n<table cellspacing=0 cellpadding=0>\r\n<tr><td style=\"width:100px;\">Title</td><td style=\"width:10px;\">:</td><td ><%$title%></td></tr>\r\n<tr><td style=\"width:100px;\">Url</td><td style=\"width:10px;\">:</td><td ><%$url%></td></tr>\r\n<tr><td style=\"width:100px;\">Description</td><td style=\"width:10px;\">:</td><td ><%$description%></td></tr>\r\n<tr><td style=\"width:100px;\">Category</td><td style=\"width:10px;\">:</td><td ><%$category%></td></tr>\r\n<tr><td style=\"width:100px;\">Contact name</td><td style=\"width:10px;\">:</td><td ><%$contact_name%></td></tr>\r\n<tr><td style=\"width:100px;\">Email</td><td style=\"width:10px;\">:</td><td ><%$email%></td></tr>\r\n</table>\r\n<p>\r\nYour link will be reviewed by our team. We will contact you as soon <br>\r\nas we have reviewed your link.\r\n<p>\r\n<p>\r\nRegards,\r\n<p>\r\n<b><%$site_name%></b> Team\r\n</div>','Thank you for your submission to <%$site_name%>.\r\nTitle        : <%$title%>\r\nUrl          : <%$url%>\r\nDescription  : <%$description%>\r\nCategory     : <%$category%>\r\nContact name : <%$contact_name%>\r\nEmail        : <%$email%>\r\nYour link will be reviewed by our team. We will contact you as soon \r\nas we have reviewed your link.\r\nRegards,\r\n<%$site_name%> Team\r\n'),(21,'modify_pending_editor','Resource Modified','<div style=\"font-family:arial;font-size:12px;\">\r\nThere\'s a new submission to <b><%$site_name%></b>.\r\n<p>\r\n<table cellspacing=0 cellpadding=0>\r\n<tr><td style=\"width:100px;\">Title</td><td style=\"width:10px;\">:</td><td ><%$title%></td></tr>\r\n<tr><td style=\"width:100px;\">Url</td><td style=\"width:10px;\">:</td><td ><%$url%></td></tr>\r\n<tr><td style=\"width:100px;\">Description</td><td style=\"width:10px;\">:</td><td ><%$description%></td></tr>\r\n<tr><td style=\"width:100px;\">Category</td><td style=\"width:10px;\">:</td><td ><%$category%></td></tr>\r\n<tr><td style=\"width:100px;\">Contact name</td><td style=\"width:10px;\">:</td><td ><%$contact_name%></td></tr>\r\n<tr><td style=\"width:100px;\">Email</td><td style=\"width:10px;\">:</td><td ><%$email%></td></tr>\r\n</table>\r\n<p>\r\n<p>\r\nYou need to review this link here:<br>\r\n<label style=\"margin-left:10px;\"><a href=\"<%$site_url%>/cp/editor_link_validate.php\"><%$site_url%>/cp/editor_link_validate.php</a></label>\r\n<p>\r\n<p>\r\nRegards,\r\n<p>\r\n<b><%$site_name%></b> Team\r\n</div>\r\n','There\'s a new submission to <%$site_name%>.\r\nTitle        : <%$title%>\r\nUrl          : <%$url%>\r\nDescription  : <%$description%>\r\nCategory     : <%$category%>\r\nContact name : <%$contact_name%>\r\nEmail        : <%$email%>\r\nYou need to review this link here:\r\n<%$site_url%>/cp/editor_link_validate.php\r\nRegards,\r\n<%$site_name%> Team\r\n'),(22,'register_confirm','Registration','<div style=\"font-family:arial;font-size:12px;\">\r\nThanks for joining <b><%$site_name%><b>.\r\n<p>\r\n<table cellspacing=0 cellpadding=0>\r\n<tr><td style=\"width:100px;\">Username</td><td style=\"width:10px;\">:</td><td ><%$username%></td></tr>\r\n<tr><td style=\"width:100px;\">Password</td><td style=\"width:10px;\">:</td><td ><%$password%></td></tr>\r\n</table>\r\n<p>\r\n<p>\r\nPlease confirm your registration here:<br>\r\n<label style=\"margin-left:10px;\"><A href=\"<%$site_url%>/register.php?u=<%$username%>&v=<%$vcode%>&pflag=cf\"><%$site_url%>/register.php?u=<%$username%>&v=<%$vcode%>&pflag=cf</a></label>\r\n<p>\r\n<p>\r\nSincerely,\r\n<p>\r\n<b><%$site_name%></b> Team\r\n</div>','Thanks for joining <%$site_name%>.\r\nUsername : <%$username%>\r\nPassword : <%$password%>\r\nPlease confirm your registration here:\r\n<%$site_url%>/register.php?u=<%$username%>&v=<%$vcode%>&pflag=cf\r\nSincerely,\r\n<%$site_name%> Team\r\n'),(23,'register_ok','Registration','<div style=\"font-family:arial;font-size:12px;\">\r\nThanks for joining <b><%$site_name%></b>.\r\n<p>\r\n<table cellspacing=0 cellpadding=0>\r\n<tr><td style=\"width:100px;\">Username</td><td style=\"width:10px;\">:</td><td ><%$username%></td></tr>\r\n<tr><td style=\"width:100px;\">Password</td><td style=\"width:10px;\">:</td><td ><%$password%></td></tr>\r\n</table>\r\n<p>\r\nSincerely,\r\n<p>\r\n<p>\r\n<b><%$site_name%></b> Team\r\n</div>','Thanks for joining <%$site_name%>.\r\nUsername : <%$username%>\r\nPassword : <%$password%>\r\nSincerely,\r\n<%$site_name%> Team\r\n'),(24,'rejected','Your submission has been rejected','<div style=\"font-family:arial;font-size:12px;\">\r\nYour submission has been rejected.<br>\r\nThis may be caused by one of the following reason:\r\n<p>\r\n<ul>\r\n<li>adult material</li>\r\n<li>the site is under construction</li>\r\n<li>the topic is not related with our directory</li>\r\n</ul>\r\n</p>\r\n<table cellspacing=0 cellpadding=0>\r\n<tr><td style=\"width:100px;\">Title</td><td style=\"width:10px;\">:</td><td ><%$title%></td></tr>\r\n<tr><td style=\"width:100px;\">Url</td><td style=\"width:10px;\">:</td><td ><%$url%></td></tr>\r\n<tr><td style=\"width:100px;\">Description</td><td style=\"width:10px;\">:</td><td ><%$description%></td></tr>\r\n<tr><td style=\"width:100px;\">Category</td><td style=\"width:10px;\">:</td><td ><%$category%></td></tr>\r\n<tr><td style=\"width:100px;\">Contact name</td><td style=\"width:10px;\">:</td><td ><%$contact_name%></td></tr>\r\n<tr><td style=\"width:100px;\">Email/td><td style=\"width:10px;\">:</td><td ><%$email%></td></tr>\r\n</table>\r\n<p>\r\n<p>\r\nRegards,\r\n<p>\r\n<b><%$site_name%></b> Team\r\n</div>','Your submission has been rejected.\r\nThis may caused by one of the following reasons:\r\n- adult material\r\n- the site is under construction\r\n- the topic is not related with our directory\r\nTitle        : <%$title%>\r\nUrl          : <%$url%>\r\nDescription  : <%$description%>\r\nCategory     : <%$category%>\r\nContact name : <%$contact_name%>\r\nEmail        : <%$email%>\r\nRegards,\r\n<%$site_name%> Team\r\n'),(25,'rejected_editor','Link rejected','<div style=\"font-family:arial;font-size:12px;\">\r\nThe following submission has been rejected.\r\n<p>\r\n<table cellspacing=0 cellpadding=0>\r\n<tr><td style=\"width:100px;\">Title</td><td style=\"width:10px;\">:</td><td ><%$title%></td></tr>\r\n<tr><td style=\"width:100px;\">Url</td><td style=\"width:10px;\">:</td><td ><%$url%></td></tr>\r\n<tr><td style=\"width:100px;\">Description</td><td style=\"width:10px;\">:</td><td ><%$description%></td></tr>\r\n<tr><td style=\"width:100px;\">Category</td><td style=\"width:10px;\">:</td><td ><%$category%></td></tr>\r\n<tr><td style=\"width:100px;\">Contact name</td><td style=\"width:10px;\">:</td><td ><%$contact_name%></td></tr>\r\n<tr><td style=\"width:100px;\">Email</td><td style=\"width:10px;\">:</td><td ><%$email%></td></tr>\r\n</table>\r\n<p>\r\n<p>\r\nRegards,\r\n<p>\r\n<b><%$site_name%></b> Team\r\n</div>\r\n','The following submission has been rejected.\r\nTitle        : <%$title%>\r\nUrl          : <%$url%>\r\nDescription  : <%$description%>\r\nCategory     : <%$category%>\r\nContact name : <%$contact_name%>\r\nEmail        : <%$email%>\r\nRegards,\r\n<%$site_name%> Team\r\n'),(26,'review_pending_editor','Pending Review','<div style=\"font-family:arial;font-size:12px;\">\r\nThere\'s a new review to <b><%$site_name%></b>.\r\n<p>\r\n<table cellspacing=0 cellpadding=0>\r\n<tr><td style=\"width:100px;\">Title</td><td style=\"width:10px;\">:</td><td ><%$title%></td></tr>\r\n<tr><td style=\"width:100px;\">Url</td><td style=\"width:10px;\">:</td><td ><%$url%></td></tr>\r\n<tr><td style=\"width:100px;\">Description</td><td style=\"width:10px;\">:</td><td ><%$description%></td></tr>\r\n<tr><td style=\"width:100px;\">Category</td><td style=\"width:10px;\">:</td><td ><%$category%></td></tr>\r\n</table>\r\n<p>\r\n<table cellspacing=0 cellpadding=0>\r\n<tr><td style=\"width:100px;\">Username</td><td style=\"width:10px;\">:</td><td ><%$username%></td></tr>\r\n<tr><td style=\"width:100px;\">Subject</td><td style=\"width:10px;\">:</td><td ><%$rev_subject%></td></tr>\r\n<tr><td style=\"width:100px;\">Rating</td><td style=\"width:10px;\">:</td><td ><%$rev_rating%></td></tr>\r\n<tr><td style=\"width:100px;\">Review</td><td style=\"width:10px;\">:</td><td ><%$rev_review%></td></tr>\r\n</table>\r\n<p>\r\n<p>\r\nPlease review it here:<br>\r\n<label style=\"margin-left:10px;\"><a href=\"<%$site_url%>/cp/\"><%$site_url%>/cp/</a></label>\r\n<p>\r\n<p>\r\nRegards,\r\n<p>\r\n<b><%$site_name%></b> Team\r\n</div>\r\n','There\'s new review to <%$site_name%>.\r\nTitle       : <%$title%>\r\nUrl         : <%$url%>\r\nDescription : <%$description%>\r\nCategory    : <%$category%>\r\nUsername    : <%$username%>\r\nSubject     : <%$rev_subject%>\r\nRating      : <%$rev_rating%>\r\nReview      : <%$rev_review%>\r\nPlease review it here:\r\n<%$site_url%>/cp/\r\nRegards,\r\n<%$site_name%> Team\r\n'),(27,'send_pwd_link','Your resource password','<div style=\"font-family:arial;font-size:12px;\">\r\nHere is your password for <b><%$title%></b> (<a href=\"<%$url%>\"><%$url%></a>)\r\n<p>\r\nPassword : <%$password%>\r\n<p>\r\n<p>\r\nRegards,\r\n<p>\r\n<b><%$site_name%></b> Team\r\n</div>','Here is your password for <%$title%> (<%$url%>)\r\nPassword : <%$password%>\r\nRegards,\r\n<%$site_name%> Team\r\n'),(28,'send_pwd_login','Your login password','<div style=\"font-family:arial;font-size:12px;\">\r\nHere is your username and password:\r\n<p>\r\n<table cellspacing=0 cellpadding=0>\r\n<tr><td style=\"width:100px;\">Username</td><td style=\"width:10px;\">:</td><td ><%$username%></td></tr>\r\n<tr><td style=\"width:100px;\">Password</td><td style=\"width:10px;\">:</td><td ><%$password%></td></tr>\r\n</table>\r\n<p>\r\n<p>\r\nRegards,\r\n<p>\r\n<b><%$site_name%></b> Team\r\n</div>','Here is your username and password:\r\nUsername : <%$username%>\r\nPassword : <%$password%>\r\nRegards,\r\n<%$site_name%> Team\r\n'),(29,'send_pwd_reset','Password reset request','<div style=\"font-family:arial;font-size:12px;\">\r\nWe received a request to reset your password.<br>\r\nPlease visit this URL to proceed:<br>\r\n<label style=\"margin-left:10px;\"><a href=\"<%$site_url%>/reset_pwd.php?u=<%$username%>&hash=<%$hash%>\"><%$site_url%>/reset_pwd.php?u=<%$username%>&hash=<%$hash%></a></label>\r\n<p>\r\n<p>\r\nRegards,\r\n<p>\r\n<b><%$site_name%></b> Team\r\n</div>','We received a request to reset your password.\r\nPlease visit this URL to proceed:\r\n<%$site_url%>/reset_pwd.php?u=<%$username%>&hash=<%$hash%>\r\nRegards,\r\n<%$site_name%> Team\r\n'),(30,'suggest_category','Category suggestion','<div style=\"font-family:arial;font-size:12px;\">\r\nCategory suggestion for <b><%$site_name%></b>.\r\n<p>\r\nParent               : <%$parent%>\r\nCategory Name        : <%$cat_name%>\r\nCategory Description : <%$cat_desc%>\r\n<p>\r\n<p>\r\nRegards,\r\n<p>\r\n<b><%$site_name%></b> Team\r\n</div>','Category suggestion for <%$site_name%>.\r\nParent               : <%$parent%>\r\nCategory Name        : <%$cat_name%>\r\nCategory Description : <%$cat_desc%>\r\nRegards,\r\n<%$site_name%> Team\r\n'),(31,'tell_friend_favorite','Your friend has shared his/her favorite listing','<div style=\"font-family:arial;font-size:12px;\">\r\nHi <%$friend_name%>,\r\n<p>\r\nI\'d like to share my favorite listing at <b><%$site_name%></b> (<a href=\"<%$site_url%>\"><%$site_url%></a>).<br>\r\nI hope you like them and find them useful.\r\n<p>\r\n<p>\r\n<%$fav_item%>\r\n<p>\r\n<p>\r\nSincerely,\r\n<p>\r\n<p>\r\n<%$my_name%> <<%$my_email%>>\r\n</div>','Hi <%$friend_name%>,\r\nI\'d like to share my favorite listings at <%$site_name%> (<%$site_url%>).\r\nI hope you like them and find them useful.\r\n<%$fav_item%>\r\nSincerely,\r\n<%$my_name%> <<%$my_email%>>\r\n'),(32,'tell_friend_favorite_rows',NULL,'<div style=\"font-family:arial;font-size:12px;\">\r\n<table cellspacing=0 cellpadding=0>\r\n<tr><td style=\"width:100px;\">Title</td><td style=\"width:10px;\">:</td><td ><%$title%></td></tr>\r\n<tr><td style=\"width:100px;\">Url</td><td style=\"width:10px;\">:</td><td ><%$url%></td></tr>\r\n<tr><td style=\"width:100px;\">Description</td><td style=\"width:10px;\">:</td><td ><%$description%></td></tr>\r\n</table>\r\n</div>\r\n','Title       : <%$title%>\r\nUrl         : <%$url%>\r\nDescription : <%$description%>\r\n'),(33,'tell_friend_link','Your friend recommended a link','<div style=\"font-family:arial;font-size:12px;\">\r\nHi <b><%$friend_name%></b>,\r\n<p>\r\nI found a good website that you may find interesting.\r\n<p>\r\n<div>\r\n<label style=\"float:left;width:100px;\">Website</label><label style=\"float:left;\"> : <b><%$title%></b></label>\r\n</div>\r\n<div style=\"clear:both;\">\r\n<label style=\"clear:both;float:left;width:100px;\">Url </label><label style=\"float:left;\"> : <a href=\"<%$url%>\"><%$url%></a></label>\r\n</div>\r\n<p style=\"clear:both;\">\r\nI found this website from <%$site_name%> (<a href=\"<%$site_url%>\"><%$site_url%></a>).\r\n<p>\r\n<p>\r\nSincerely,\r\n<p>\r\n<%$my_name%> <<%$my_email%>>\r\n</div>\r\n','Hi <%$friend_name%>,\r\nI found a good website that you may find interesting.\r\nWebsite : <%$title%>\r\nUrl     : <%$url%>\r\nI found this website from <%$site_name%> (<%$site_url%>).\r\nSincerely,\r\n<%$my_name%> <<%$my_email%>>\r\n'),(34,'tell_friend_website','hi <%$friend_name%>, I found a good website that you may find interesting','<div style=\"font-family:arial;font-size:12px;\">\r\nHi <b><%$friend_name%></b>,\r\n<p>\r\nI found good website that you may find interesting. The website is <b><%$site_name%></b> (<a href=\"<%$site_url%>\"><%$site_url%></a>).\r\n<p>\r\n<p>\r\nSincerely,\r\n<p>\r\n<%$my_name%> <<%$my_email%>>\r\n</div>','Hi <%$friend_name%>,\r\nI found a good website that you may find interesting. The website is <%$site_name%> (<%$site_url%>).\r\nSincerely,\r\n<%$my_name%> <<%$my_email%>>\r\n'),(35,'send_activation_link','Your activation link','<div style=\"font-family:arial;font-size:12px;\">\r\nHere is your activation link\r\n<p>\r\nActivation Link  : <A href=\"<%$activation_link%>\"><%$activation_link%></a>\r\n<p>\r\n<p>\r\nRegards,\r\n<p>\r\n<b><%$site_name%></b> Team\r\n</div>','Here is your activation link\r\nActivation Link  : <%$activation_link%>\r\nRegards,\r\n<%$site_name%> Team\r\n'),(36,'send_activated_account','Your account had been activated','<div style=\"font-family:arial;font-size:12px;\">\r\nYour account had been activated. Now you can login.\r\n<p>\r\nRegards,\r\n<p>\r\n<b><%$site_name%></b> Team\r\n</div>','Your account had been activated. Now you can login.\r\n\r\nRegards,\r\n<%$site_name%> Team\r\n');

--
-- Table structure for table `idx_favorites`
--

CREATE TABLE `idx_favorites` (
  `favorite_id` int(11) NOT NULL auto_increment,
  `username` varchar(20) default NULL,
  `date` date default NULL,
  `title` varchar(100) default NULL,
  `description` text,
  PRIMARY KEY  (`favorite_id`)
) ENGINE=MyISAM DEFAULT CHARSET=latin1;

--
-- Dumping data for table `idx_favorites`
--


--
-- Table structure for table `idx_favorites_detail`
--

CREATE TABLE `idx_favorites_detail` (
  `favorite_id` int(11) default NULL,
  `link_id` mediumint(9) default NULL
) ENGINE=MyISAM DEFAULT CHARSET=latin1;

--
-- Dumping data for table `idx_favorites_detail`
--


--
-- Table structure for table `idx_hook_place`
--

CREATE TABLE `idx_hook_place` (
  `hook_place_id` int(11) NOT NULL auto_increment,
  `filename` varchar(255) default NULL,
  `hookname` varchar(255) default NULL,
  PRIMARY KEY  (`hook_place_id`)
) ENGINE=MyISAM DEFAULT CHARSET=latin1;

--
-- Dumping data for table `idx_hook_place`
--


--
-- Table structure for table `idx_invoice`
--

CREATE TABLE `idx_invoice` (
  `invoice_id` varchar(10) NOT NULL default '',
  `invoice_date` date default NULL,
  `due_date` date default NULL,
  `invoiced_to` text,
  `service` varchar(255) default NULL,
  `description` text,
  `total` double(8,2) default NULL,
  `comment` text,
  `paid` char(1) default NULL,
  `paid_date` date default NULL,
  `email` varchar(255) default NULL,
  PRIMARY KEY  (`invoice_id`)
) ENGINE=MyISAM DEFAULT CHARSET=latin1;

--
-- Dumping data for table `idx_invoice`
--


--
-- Table structure for table `idx_invoice_config`
--

CREATE TABLE `idx_invoice_config` (
  `company` varchar(255) default NULL,
  `contact` varchar(255) default NULL,
  `address` text,
  `phone` varchar(255) default NULL,
  `email` varchar(255) default NULL,
  `currency_symbol` varchar(255) default '$',
  `currency_code` varchar(255) default 'USD'
) ENGINE=MyISAM DEFAULT CHARSET=latin1;

--
-- Dumping data for table `idx_invoice_config`
--

INSERT INTO `idx_invoice_config` VALUES ('Your website / Company','Billing Department','Your address','Your phone #','Billing<name@yourdomain.com>','$','USD');

--
-- Table structure for table `idx_link`
--

CREATE TABLE `idx_link` (
  `link_id` mediumint(9) unsigned NOT NULL auto_increment,
  `category_id` mediumint(9) unsigned NOT NULL default '0',
  `title` varchar(100) NOT NULL default '',
  `url` text NOT NULL,
  `description` text NOT NULL,
  `contact_name` varchar(100) NOT NULL default '',
  `email` varchar(100) NOT NULL default '',
  `hits` mediumint(9) NOT NULL default '0',
  `votes` smallint(6) NOT NULL default '0',
  `rating` float(4,2) NOT NULL default '0.00',
  `date` datetime NOT NULL default '0000-00-00 00:00:00',
  `bid` smallint(6) NOT NULL default '0',
  `new` char(1) default NULL,
  `hot` char(1) default NULL,
  `top_rated` char(1) default NULL,
  `pick` char(1) default NULL,
  `password` varchar(20) default NULL,
  `updated` char(1) default NULL,
  `reviews` smallint(6) default NULL,
  `avg_review` float(4,2) default NULL,
  `last_updated` datetime default NULL,
  `official_review` text,
  `keywords` varchar(255) default NULL,
  `cat1` mediumint(6) NOT NULL default '0',
  `cat2` mediumint(6) NOT NULL default '0',
  `suspended` char(1) NOT NULL default '0',
  `reciprocal_url` varchar(255) default NULL,
  `address` varchar(255) default NULL,
  `city` varchar(255) default NULL,
  `state` varchar(255) default NULL,
  `country` varchar(255) default NULL,
  `zip` varchar(255) default NULL,
  `image` varchar(255) default NULL,
  `phone` varchar(255) default NULL,
  `fax` varchar(255) default NULL,
  PRIMARY KEY  (`link_id`)
) ENGINE=MyISAM DEFAULT CHARSET=latin1;

--
-- Dumping data for table `idx_link`
--


--
-- Table structure for table `idx_link_temp`
--

CREATE TABLE `idx_link_temp` (
  `vid` mediumint(9) unsigned NOT NULL auto_increment,
  `spam` char(1) NOT NULL default '0',
  `link_id` mediumint(9) default NULL,
  `category_id` mediumint(9) unsigned NOT NULL default '0',
  `title` varchar(100) NOT NULL default '',
  `url` text NOT NULL,
  `description` text NOT NULL,
  `contact_name` varchar(100) NOT NULL default '',
  `email` varchar(100) NOT NULL default '',
  `hits` mediumint(9) default NULL,
  `votes` smallint(6) default NULL,
  `rating` float(4,2) default NULL,
  `date` datetime NOT NULL default '0000-00-00 00:00:00',
  `bid` smallint(6) NOT NULL default '0',
  `new` char(1) default NULL,
  `hot` char(1) default NULL,
  `top_rated` char(1) default NULL,
  `pick` char(1) default NULL,
  `password` varchar(20) default NULL,
  `updated` char(1) default NULL,
  `reviews` smallint(6) default NULL,
  `avg_review` float(4,2) default NULL,
  `last_updated` datetime default NULL,
  `official_review` text,
  `keywords` varchar(255) default NULL,
  `cat1` mediumint(6) NOT NULL default '0',
  `cat2` mediumint(6) NOT NULL default '0',
  `suspended` char(1) NOT NULL default '0',
  `reciprocal_url` varchar(255) default NULL,
  `address` varchar(255) default NULL,
  `city` varchar(255) default NULL,
  `state` varchar(255) default NULL,
  `country` varchar(255) default NULL,
  `zip` varchar(255) default NULL,
  `image` varchar(255) default NULL,
  `phone` varchar(255) default NULL,
  `fax` varchar(255) default NULL,
  PRIMARY KEY  (`vid`)
) ENGINE=MyISAM DEFAULT CHARSET=latin1;

--
-- Dumping data for table `idx_link_temp`
--


--
-- Table structure for table `idx_link_temp_user`
--

CREATE TABLE `idx_link_temp_user` (
  `vid` mediumint(9) unsigned NOT NULL default '0',
  `username` varchar(20) NOT NULL default '',
  PRIMARY KEY  (`vid`)
) ENGINE=MyISAM DEFAULT CHARSET=latin1;

--
-- Dumping data for table `idx_link_temp_user`
--


--
-- Table structure for table `idx_link_user`
--

CREATE TABLE `idx_link_user` (
  `link_id` mediumint(9) unsigned NOT NULL default '0',
  `username` varchar(20) NOT NULL default '',
  PRIMARY KEY  (`link_id`)
) ENGINE=MyISAM DEFAULT CHARSET=latin1;

--
-- Dumping data for table `idx_link_user`
--


--
-- Table structure for table `idx_mailing_list`
--

CREATE TABLE `idx_mailing_list` (
  `email` varchar(50) NOT NULL default '',
  `code` varchar(4) default NULL,
  `status` char(1) default NULL,
  PRIMARY KEY  (`email`)
) ENGINE=MyISAM DEFAULT CHARSET=latin1;

--
-- Dumping data for table `idx_mailing_list`
--


--
-- Table structure for table `idx_message`
--

CREATE TABLE `idx_message` (
  `message_id` smallint(6) NOT NULL auto_increment,
  `date` date default NULL,
  `body` text,
  `subject` varchar(100) default NULL,
  PRIMARY KEY  (`message_id`)
) ENGINE=MyISAM DEFAULT CHARSET=latin1;

--
-- Dumping data for table `idx_message`
--


--
-- Table structure for table `idx_notification`
--

CREATE TABLE `idx_notification` (
  `username` varchar(20) NOT NULL default '',
  `category_id` mediumint(9) NOT NULL default '0'
) ENGINE=MyISAM DEFAULT CHARSET=latin1;

--
-- Dumping data for table `idx_notification`
--


--
-- Table structure for table `idx_pagerank`
--

CREATE TABLE `idx_pagerank` (
  `link_id` mediumint(8) unsigned NOT NULL default '0',
  `engine` char(1) NOT NULL default '',
  `rank` tinyint(4) NOT NULL default '0',
  `last_update` date NOT NULL default '0000-00-00',
  PRIMARY KEY  (`link_id`,`engine`)
) ENGINE=MyISAM DEFAULT CHARSET=latin1;

--
-- Dumping data for table `idx_pagerank`
--


--
-- Table structure for table `idx_paid_listing`
--

CREATE TABLE `idx_paid_listing` (
  `link_id` mediumint(9) unsigned NOT NULL default '0',
  `premium` char(1) default NULL,
  `sponsored` char(1) default NULL,
  `expire` datetime default NULL,
  `paid` char(1) default NULL,
  PRIMARY KEY  (`link_id`)
) ENGINE=MyISAM DEFAULT CHARSET=latin1;

--
-- Dumping data for table `idx_paid_listing`
--


--
-- Table structure for table `idx_payment_gateway`
--

CREATE TABLE `idx_payment_gateway` (
  `payment_gateway_id` int(11) NOT NULL auto_increment,
  `name` varchar(100) default NULL,
  `enable` char(1) default NULL,
  `setting` text,
  `invoice_html` text,
  PRIMARY KEY  (`payment_gateway_id`)
) ENGINE=MyISAM AUTO_INCREMENT=9 DEFAULT CHARSET=latin1;

--
-- Dumping data for table `idx_payment_gateway`
--

INSERT INTO `idx_payment_gateway` VALUES (1,'paypal','1','a:2:{s:13:\"payment_email\";s:0:\"\";s:21:\"enable_paypal_sandbox\";s:1:\"0\";}','<p> \r\n	<a href=\'paynow.php?id={$invoice_id}&m=paypal\'><img src=\'http://www.paypal.com/images/x-click-but02.gif\' border=\'0\' alt=\'Make payments with PayPal - it is fast, free and secure!\' /></a> \r\n</p>\r\n'),(2,'2co','0','a:6:{s:6:\"co_sid\";s:5:\"84932\";s:9:\"co_secret\";s:5:\"tango\";s:12:\"co_recurring\";s:1:\"0\";s:9:\"co_prod_1\";s:6:\"100.00\";s:9:\"co_prod_2\";s:6:\"250.00\";s:9:\"co_prod_3\";s:6:\"400.00\";}','<p>\r\n<a href=\'paynow.php?id={$invoice_id}&m=2co\'><img src=\'http://www.2checkout.com/images/overview/btns/25.jpg\' alt=\'Pay Now with 2checkout...\' border=\'0\' /></a> \r\n</p>'),(3,'authorizenet','0','a:2:{s:21:\"authorizenet_login_id\";s:0:\"\";s:21:\"authorizenet_tran_key\";s:0:\"\";}','<p> \r\n<a href=\'paynow.php?id={$invoice_id}&m=authorizenet\'><img src=\'http://www.authorize.net/upload/images/Images/Header/authorizenet_logo.gif\' alt=\'Pay Now with Authorize.Net...\' width=\'99\' height=\'39\' style=\'{border : 1px solid #c0c0c0;}\' /></a>\r\n</p>'),(4,'egold','0','a:2:{s:19:\"egold_payee_account\";s:0:\"\";s:16:\"egold_payee_name\";s:0:\"\";}','<p> \r\n<a href=\'paynow.php?id={$invoice_id}&m=egold\'>\r\n<img src=\'http://www.e-gold.com/gif/paywith.gif\' border=\'0\' alt=\'Pay Now with e-gold...\' />\r\n</a>\r\n</p>'),(5,'moneybookers','0','a:1:{s:18:\"moneybookers_email\";s:0:\"\";}','<p> \r\n<a href=\'paynow.php?id={$invoice_id}&m=paypal\'><img src=\'http://www.moneybookers.com/images/banners/88_en_mb.gif\' border=\'0\' alt=\'Make payments with Moneybookers - it is fast, free and secure!\' /></a> \r\n</p>'),(6,'paypal-subscriptions','0','a:2:{s:13:\"payment_email\";s:0:\"\";s:21:\"enable_paypal_sandbox\";s:1:\"0\";}','<p> \r\n<a href=\'paynow.php?id={$invoice_id}&m=paypal\'><img src=\'https://www.paypal.com/en_US/i/btn/x-click-but20.gif\' border=\'0\' alt=\'Make payments with PayPal - it is fast, free and secure!\' /></a> \r\n</p>'),(7,'alertpay','0','a:2:{s:14:\"alertpay_email\";s:0:\"\";s:23:\"enable_alertpay_sandbox\";s:1:\"0\";}','<p> \r\n<a href=\'paynow.php?id={$invoice_id}&m=alertpay\'>\r\n<img src=\'https://www.alertpay.com/Images/BuyNow/pay_now_3.gif\' border=\'0\' alt=\'Make payments with PayPal - it is fast, free and secure!\' /></a> \r\n</p>'),(8,'alertpay-subcriptions','0','a:2:{s:14:\"alertpay_email\";s:0:\"\";s:23:\"enable_alertpay_sandbox\";s:1:\"0\";}','<p>\r\n<a href=\'paynow.php?id={$invoice_id}&m=alertpay-subcriptions\'>\r\n<img src=\'https://www.alertpay.com/Images/BuyNow/subscribe_now_15.gif\' border=\'0\' alt=\'Make payments with Alert Pay - it is fast, free and secure!\' /></a> \r\n</p>');

--
-- Table structure for table `idx_payment_history`
--

CREATE TABLE `idx_payment_history` (
  `payment_id` int(10) unsigned NOT NULL auto_increment,
  `contact_name` varchar(255) default NULL,
  `email` varchar(255) default NULL,
  `type` varchar(255) default NULL,
  `detail` text,
  `amount` double default NULL,
  `time` datetime default NULL,
  `invoice_id` varchar(10) default NULL,
  PRIMARY KEY  (`payment_id`)
) ENGINE=MyISAM DEFAULT CHARSET=latin1;

--
-- Dumping data for table `idx_payment_history`
--


--
-- Table structure for table `idx_pl_sociable`
--

CREATE TABLE `idx_pl_sociable` (
  `sb_id` int(11) NOT NULL auto_increment,
  `sb_name` varchar(255) character set utf8 default NULL,
  `sb_url` varchar(255) character set utf8 default NULL,
  `sb_icon` varchar(255) character set utf8 default NULL,
  `sb_enable` char(1) character set utf8 default '0',
  PRIMARY KEY  (`sb_id`)
) ENGINE=MyISAM AUTO_INCREMENT=90 DEFAULT CHARSET=latin1;

--
-- Dumping data for table `idx_pl_sociable`
--

INSERT INTO `idx_pl_sociable` VALUES (1,'BarraPunto','http://barrapunto.com/submit.pl?subj=TITLE&amp;story=PERMALINK','barrapunto.png','0'),(2,'Bitacoras.com','http://bitacoras.com/anotaciones/PERMALINK','bitacoras.png','0'),(3,'BlinkList','http://www.blinklist.com/index.php?Action=Blink/addblink.php&amp;Url=PERMALINK&amp;Title=TITLE','blinklist.png','0'),(4,'blogmarks','http://blogmarks.net/my/new.php?mini=1&amp;simple=1&amp;url=PERMALINK&amp;title=TITLE','blogmarks.png','0'),(5,'Blogosphere News','http://www.blogospherenews.com/submit.php?url=PERMALINK&amp;title=TITLE','blogospherenews.png','0'),(6,'blogtercimlap','http://cimlap.blogter.hu/index.php?action=suggest_link&amp;title=TITLE&amp;url=PERMALINK','blogter.png','0'),(7,'Faves','http://faves.com/Authoring.aspx?u=PERMALINK&amp;title=TITLE','bluedot.png','0'),(8,'connotea','http://www.connotea.org/addpopup?continue=confirm&amp;uri=PERMALINK&amp;title=TITLE&amp;description=EXCERPT','connotea.png','0'),(9,'Current','http://current.com/clipper.htm?url=PERMALINK&amp;title=TITLE','current.png','0'),(10,'del.icio.us','http://delicious.com/post?url=PERMALINK&amp;title=TITLE&amp;notes=EXCERPT','delicious.png','0'),(11,'Digg','http://digg.com/submit?phase=2&amp;url=PERMALINK&amp;title=TITLE&amp;bodytext=EXCERPT','digg.png','1'),(12,'Diigo','http://www.diigo.com/post?url=PERMALINK&amp;title=TITLE','diigo.png','0'),(13,'DotNetKicks','http://www.dotnetkicks.com/kick/?url=PERMALINK&amp;title=TITLE','dotnetkicks.png','0'),(14,'DZone','http://www.dzone.com/links/add.html?url=PERMALINK&amp;title=TITLE','dzone.png','0'),(15,'eKudos','http://www.ekudos.nl/artikel/nieuw?url=PERMALINK&amp;title=TITLE&amp;desc=EXCERPT','ekudos.png','0'),(16,'email','mailto:?subject=TITLE&amp;body=PERMALINK','email_link.png','0'),(17,'Facebook','http://www.facebook.com/share.php?u=PERMALINK&amp;t=TITLE','facebook.png','1'),(18,'Fark','http://cgi.fark.com/cgi/fark/farkit.pl?h=TITLE&amp;u=PERMALINK','fark.png','0'),(19,'Fleck','http://beta3.fleck.com/bookmarklet.php?url=PERMALINK&amp;title=TITLE','fleck.png','0'),(20,'FriendFeed','http://www.friendfeed.com/share?title=TITLE&amp;link=PERMALINK','friendfeed.png','0'),(21,'FSDaily','http://www.fsdaily.com/submit?url=PERMALINK&amp;title=TITLE','fsdaily.png','0'),(22,'Global Grind','http://globalgrind.com/submission/submit.aspx?url=PERMALINK&amp;type=Article&amp;title=TITLE','globalgrind.png','0'),(23,'Google','http://www.google.com/bookmarks/mark?op=edit&amp;bkmk=PERMALINK&amp;title=TITLE&amp;annotation=EXCERPT','googlebookmark.png','0'),(24,'Gwar','http://www.gwar.pl/DodajGwar.html?u=PERMALINK','gwar.png','0'),(25,'HackerNews','http://news.ycombinator.com/submitlink?u=PERMALINK&amp;t=TITLE','hackernews.png','0'),(26,'Haohao','http://www.haohaoreport.com/submit.php?url=PERMALINK&amp;title=TITLE','haohao.png','0'),(27,'HealthRanker','http://healthranker.com/submit.php?url=PERMALINK&amp;title=TITLE','healthranker.png','0'),(28,'HelloTxt','http://hellotxt.com/?status=TITLE+PERMALINK','hellotxt.png','0'),(29,'Hemidemi','http://www.hemidemi.com/user_bookmark/new?title=TITLE&amp;url=PERMALINK','hemidemi.png','0'),(30,'Hyves','http://www.hyves.nl/profilemanage/add/tips/?name=TITLE&amp;text=EXCERPT+PERMALINK&amp;rating=5','hyves.png','0'),(31,'Identi.ca','http://identi.ca/notice/new?status_textarea=PERMALINK','identica.png','0'),(32,'IndianPad','http://www.indianpad.com/submit.php?url=PERMALINK','indianpad.png','0'),(33,'Internetmedia','http://internetmedia.hu/submit.php?url=PERMALINK','im.png','0'),(34,'Kirtsy','http://www.kirtsy.com/submit.php?url=PERMALINK&amp;title=TITLE','kirtsy.png','0'),(35,'laaik.it','http://laaik.it/NewStoryCompact.aspx?uri=PERMALINK&amp;headline=TITLE&amp;cat=5e082fcc-8a3b-47e2-acec-fdf64ff19d12','laaikit.png','0'),(36,'LinkArena','http://linkarena.com/bookmarks/addlink/?url=PERMALINK&amp;title=TITLE','linkarena.png','0'),(37,'LinkaGoGo','http://www.linkagogo.com/go/AddNoPopup?url=PERMALINK&amp;title=TITLE','linkagogo.png','0'),(38,'LinkedIn','http://www.linkedin.com/shareArticle?mini=true&amp;url=PERMALINK&amp;title=TITLE&amp;source=BLOGNAME&amp;summary=EXCERPT','linkedin.png','0'),(39,'Linkter','http://www.linkter.hu/index.php?action=suggest_link&amp;url=PERMALINK&amp;title=TITLE','linkter.png','0'),(40,'Live','https://favorites.live.com/quickadd.aspx?marklet=1&amp;url=PERMALINK&amp;title=TITLE','live.png','0'),(41,'Meneame','http://meneame.net/submit.php?url=PERMALINK','meneame.png','0'),(42,'MisterWong','http://www.mister-wong.com/addurl/?bm_url=PERMALINK&amp;bm_description=TITLE&amp;plugin=soc','misterwong.png','0'),(43,'MisterWong.DE','http://www.mister-wong.de/addurl/?bm_url=PERMALINK&amp;bm_description=TITLE&amp;plugin=soc','misterwong.png','0'),(44,'Mixx','http://www.mixx.com/submit?page_url=PERMALINK&amp;title=TITLE','mixx.png','0'),(45,'muti','http://www.muti.co.za/submit?url=PERMALINK&amp;title=TITLE','muti.png','0'),(46,'MyShare','http://myshare.url.com.tw/index.php?func=newurl&amp;url=PERMALINK&amp;desc=TITLE','myshare.png','0'),(47,'MySpace','http://www.myspace.com/Modules/PostTo/Pages/?u=PERMALINK&amp;t=TITLE','myspace.png','0'),(48,'MSNReporter','http://reporter.nl.msn.com/?fn=contribute&amp;Title=TITLE&amp;URL=PERMALINK&amp;cat_id=6&amp;tag_id=31&amp;Remark=EXCERPT','msnreporter.png','0'),(49,'N4G','http://www.n4g.com/tips.aspx?url=PERMALINK&amp;title=TITLE','n4g.png','0'),(50,'Netvibes','http://www.netvibes.com/share?title=TITLE&amp;url=PERMALINK','netvibes.png','0'),(51,'NewsVine','http://www.newsvine.com/_tools/seed&amp;save?u=PERMALINK&amp;h=TITLE','newsvine.png','0'),(52,'Netvouz','http://www.netvouz.com/action/submitBookmark?url=PERMALINK&amp;title=TITLE&amp;popup=no','netvouz.png','0'),(53,'NuJIJ','http://nujij.nl/jij.lynkx?t=TITLE&amp;u=PERMALINK&amp;b=EXCERPT','nujij.png','0'),(54,'Ping.fm','http://ping.fm/ref/?link=PERMALINK&amp;title=TITLE&amp;body=EXCERPT','ping.png','0'),(55,'Posterous','http://posterous.com/share?linkto=PERMALINK&amp;title=TITLE&amp;selection=EXCERPT','posterous.png','0'),(56,'PDF','http://www.printfriendly.com/print?url=PERMALINK&amp;partner=sociable','pdf.png','0'),(57,'Print','http://www.printfriendly.com/print?url=PERMALINK&amp;partner=sociable','printfriendly.png','0'),(58,'Propeller','http://www.propeller.com/submit/?url=PERMALINK','propeller.png','0'),(59,'Ratimarks','http://ratimarks.org/bookmarks.php/?action=add&address=PERMALINK&amp;title=TITLE','ratimarks.png','0'),(60,'Rec6','http://rec6.via6.com/link.php?url=PERMALINK&amp;=TITLE','rec6.png','0'),(61,'Reddit','http://reddit.com/submit?url=PERMALINK&amp;title=TITLE','reddit.png','0'),(62,'RSS','FEEDLINK','rss.png','0'),(63,'Scoopeo','http://www.scoopeo.com/scoop/new?newurl=PERMALINK&amp;title=TITLE','scoopeo.png','0'),(64,'Segnalo','http://segnalo.alice.it/post.html.php?url=PERMALINK&amp;title=TITLE','segnalo.png','0'),(65,'Simpy','http://www.simpy.com/simpy/LinkAdd.do?href=PERMALINK&amp;title=TITLE','simpy.png','0'),(66,'Slashdot','http://slashdot.org/bookmark.pl?title=TITLE&amp;url=PERMALINK','slashdot.png','0'),(67,'Socialogs','http://socialogs.com/add_story.php?story_url=PERMALINK&amp;story_title=TITLE','socialogs.png','0'),(68,'SphereIt','http://www.sphere.com/search?q=sphereit:PERMALINK&amp;title=TITLE','sphere.png','0'),(69,'Sphinn','http://sphinn.com/index.php?c=post&amp;m=submit&amp;link=PERMALINK','sphinn.png','0'),(70,'StumbleUpon','http://www.stumbleupon.com/submit?url=PERMALINK&amp;title=TITLE','stumbleupon.png','0'),(71,'Techmeme','http://twitter.com/home/?status=tip%20@Techmeme%20PERMALINK%20TITLE','techmeme.png','0'),(72,'Technorati','http://technorati.com/faves?add=PERMALINK','technorati.png','1'),(73,'ThisNext','http://www.thisnext.com/pick/new/submit/sociable/?url=PERMALINK&amp;name=TITLE','thisnext.png','0'),(74,'Tipd','http://tipd.com/submit.php?url=PERMALINK','tipd.png','0'),(75,'Tumblr','http://www.tumblr.com/share?v=3&amp;u=PERMALINK&amp;t=TITLE&amp;s=EXCERPT','tumblr.png','0'),(76,'Twitter','http://twitter.com/home?status=TITLE%20-%20PERMALINK','twitter.png','1'),(77,'Upnews','http://www.upnews.it/submit?url=PERMALINK&amp;title=TITLE','upnews.png','0'),(78,'Webnews.de','http://www.webnews.de/einstellen?url=PERMALINK&amp;title=TITLE','webnews.png','0'),(79,'Webride','http://webride.org/discuss/split.php?uri=PERMALINK&amp;title=TITLE','webride.png','0'),(80,'Wikio','http://www.wikio.com/vote?url=PERMALINK','wikio.png','0'),(81,'Wikio FR','http://www.wikio.fr/vote?url=PERMALINK','wikio.png','0'),(82,'Wikio IT','http://www.wikio.it/vote?url=PERMALINK','wikio.png','0'),(83,'Wists','http://wists.com/s.php?c=&amp;r=PERMALINK&amp;title=TITLE','wists.png','0'),(84,'Wykop','http://www.wykop.pl/dodaj?url=PERMALINK','wykop.png','0'),(85,'Xerpi','http://www.xerpi.com/block/add_link_from_extension?url=PERMALINK&amp;title=TITLE','xerpi.png','0'),(86,'YahooBuzz','http://buzz.yahoo.com/submit/?submitUrl=PERMALINK&amp;submitHeadline=TITLE&amp;submitSummary=EXCERPT&amp;submitCategory=science&amp;submitAssetType=text','yahoobuzz.png','0'),(87,'Yahoo! Bookmarks','http://bookmarks.yahoo.com/toolbar/savebm?u=PERMALINK&amp;t=TITLE&opener=bm&amp;ei=UTF-8&amp;d=EXCERPT','yahoomyweb.png','0'),(88,'Yigg','http://yigg.de/neu?exturl=PERMALINK&amp;exttitle=TITLE','yiggit.png','0'),(89,'Blogplay','http://blogplay.com','blogplay.png','0');

--
-- Table structure for table `idx_plugin`
--

CREATE TABLE `idx_plugin` (
  `plugin_id` int(11) NOT NULL auto_increment,
  `name` varchar(255) default NULL,
  `plugin_file` varchar(255) default NULL,
  `status` enum('0','1') default NULL,
  `option_plugin` text,
  PRIMARY KEY  (`plugin_id`)
) ENGINE=MyISAM AUTO_INCREMENT=2 DEFAULT CHARSET=latin1;

--
-- Dumping data for table `idx_plugin`
--

INSERT INTO `idx_plugin` VALUES (1,'Sociable','sociable/sociable.php','1',NULL);

--
-- Table structure for table `idx_review`
--

CREATE TABLE `idx_review` (
  `review_id` mediumint(9) unsigned NOT NULL auto_increment,
  `link_id` mediumint(9) unsigned NOT NULL default '0',
  `review` text NOT NULL,
  `rating` tinyint(3) unsigned NOT NULL default '0',
  `date` date NOT NULL default '0000-00-00',
  `subject` varchar(100) default NULL,
  `status` char(1) default NULL,
  `username` varchar(20) default NULL,
  `name` varchar(20) default NULL,
  `email` varchar(100) default NULL,
  PRIMARY KEY  (`review_id`)
) ENGINE=MyISAM DEFAULT CHARSET=latin1;

--
-- Dumping data for table `idx_review`
--


--
-- Table structure for table `idx_searchlog`
--

CREATE TABLE `idx_searchlog` (
  `keyword` varchar(100) NOT NULL default '',
  `time` datetime NOT NULL default '0000-00-00 00:00:00',
  `result` mediumint(9) unsigned default NULL,
  `ip` varchar(100) default NULL
) ENGINE=MyISAM DEFAULT CHARSET=latin1;

--
-- Dumping data for table `idx_searchlog`
--


--
-- Table structure for table `idx_sessions`
--

CREATE TABLE `idx_sessions` (
  `SESSKEY` varchar(32) NOT NULL default '',
  `EXPIRY` int(11) unsigned NOT NULL default '0',
  `EXPIREREF` varchar(64) default NULL,
  `DATA` text NOT NULL,
  PRIMARY KEY  (`SESSKEY`)
) ENGINE=MyISAM DEFAULT CHARSET=latin1;

--
-- Dumping data for table `idx_sessions`
--

INSERT INTO `idx_sessions` VALUES ('3573298f045d931e64d40cd4967a6786',1331947680,NULL,'R85SD790O5F-3foNERe9UhqQ716CjRfH-LaDfdoPMftmxt6Dvxn2tCWIbcN5r2DnyTtH-7r9kXD4W7G0wNO4hK1HsuhABGYaQkZatRXrwM4SwXLb4egsQaMgSSInGLgBSgTxh0mekfHz0aa_AnaGrOnNnjako7gwR1rCEZbJQZ8.'),('6bb9a5faab578410e4f6589042929444',1331947681,NULL,'3FG6d3xph6srv2EVnMJkYGeW7dOPBy9BSf4V2rToIfqM1ygt4JQYCbZc9TuWdltdCXv8MKR1xJvh3fyZ4B14H9E14mbyVHdcLcimGWbRwzW4kh3DTyKw90542gRUx-iyKiY-fV8W65xEdg61G50tPWHZz3T4k4Fib73d0UOKuZU.'),('eda01872e59c48c001f51ba01e56ad06',1331947683,NULL,'gAvqARwF_tZYVx9yaUy1BrfAv5x63O9LNbTg-TnHEe4HXbIxlKvBMpURLfDDIBRSoR_gXJjIShSJ6cTT2FT-K_-D-X7tLmHOgp9yLj81UOqkLZBNvK-0Mk9GWHw4Pe9mc4IygPfE5yp3qS1plca6CsuWAASb3xO5I_5DUZNpJ39iVlVv0ZBbcXZ3VCqaWvwn'),('49ac74a2691b5e6681f8952eb8e24e86',1331947684,NULL,'gAvqARwF_tZYVx9yaUy1BrfAv5x63O9LNbTg-TnHEe4HXbIxlKvBMpURLfDDIBRSoR_gXJjIShSJ6cTT2FT-K_-D-X7tLmHOgp9yLj81UOqkLZBNvK-0Mk9GWHw4Pe9mc4IygPfE5yp3qS1plca6CsuWAASb3xO5I_5DUZNpJ39iVlVv0ZBbcXZ3VCqaWvwn'),('27e991b09515eab6d278884e4e10513e',1331947684,NULL,'L6PL9IjngGSQ4eyNcEzhF_eEG8d9DwyGV9W3NKlSR6iyTPRal5jyxYZs_VwFd2MJ2SaUVdUlFcbtoR79PK8DZHIjl-RbNrepGXr8Z6xCDR38Mdt177m7rzGFk1dEBa31v1DIqEde67UCkNBi23bZGuhvVoVVJih8v5hTTx0kjhM.'),('376f706631bfc76acb1fe84f4563fecd',1331947685,NULL,'0nryv3An5iWUMkzb45JbnWt02DRmyMxfkWg-Mi31xz8JHQhY8BGKHNwDGot0mkyd56xBXw1xqPPAcdlr43-iovLDOudIv4rNpM6X4J1mm2sf_rHdoUlIy4egvYzdSKd5qpQkmWLZv1WhX83SdZk5_YW9dkkOElQLXkfAcqSSQeqPt5QIDXomVdLf2jyHl_-Z'),('45571dab4a6e0dac250ee7d2b6f6438c',1331947686,NULL,'ZOEl66b3TwPaNzaWWGWHbCinK61fKpEJL4oHCdPBCTDOyIqT3smZ_0hGeVxOqjOwxj68uzUxD6ZrHkddlv1Ml5wTWBv4iuBo6Tbeosj8PrS4fIIWFhMoXcxVcMuscJqKl-_9MKIvCoviYnSIm7ZyHHRJDC0Wsj36O99ESD7D0j22nrYmrpInI4soVC4OFByl'),('7ba9d680ed0967b8f0dc9ed7311f16f9',1331947686,NULL,'5eo5JKG7rOt0xprwXy9715zEXVumpn6jbyItSDL2zZ9yujzNkapL4sK3fGgVonHhPg4ZY8aCb6KBMA8cnngqwyj6nkRYze_m-x2hlGBntTdCUMwgqebd0UdtfyBBMNqJYpeRqeMircnwmVlNrkIASqoNsrrcLRm_liraXUpXmFOY6flEMnuu6FyLNxWKyf3N'),('4f1b917b53372cafec0573351df666b1',1331947687,NULL,'Siboy7V_85eKwu6fF7FW1kxJBRHr-iUwyusu2R5WDhLQMt1DC9Pza8w9KH_iX4pVOPwq5sYZ3z12a98B9d19iIBsvMt2D60AOOMvMHo2BaPTFVzljWjHBH8Gzdoy50Q7oS4gfKSbZJ2cdsYvH1V8PTCwkrXO7D3qo31QA98-EilZacZXhf4aU81pfFXYtEpL'),('1ac0e835ca1600faa4facd5e71c59bc0',1331947688,NULL,'IcVW7GqtieNjBy6NL7tLuBPKR_IeY_L1ThqUVeyZ-b0cfk9Ym0yk22Ey2mBjlztDsSFEEzfgrjJQwy1QVFwOYlDN2zQsRzB49tviihLiRPYlWFKzi2hjoW0ar6Ywi0CugjW9C8K3sossFUlf1-h2LPJAo9nLP3XAKjX89rX3gqcBN5gtbVMqVUzeY4H0GUS4'),('61ecd6ed68bda7fd3f0921a546206aa9',1331947689,NULL,'3UvS2klSRkfDsXRKT9VtKdyi5hRe6ncLhfglZr1l0MiFoNfZwUFeMO_bFw2P1lKYgPWy1PF4qggv26i64oNnnOtW6jIHVR9wj-x1xXAg-A2HxzRnCCB84f7HksBCcgL3jiNPYSfFoE5qCr4J9phh3J9_V7R4sstC_Drop3uDVU25FZKUSZYwNvlRPKZzmAw5'),('13abf23ab6b769c242e0a59c0e87d05e',1331947689,NULL,'eXXUDLaidaSKFP_fuBeVh49R0PY0gydaUnqELRk9yEGbzw61Y2a6hKNVg7zN51HefLiS6cSRKjySUO1ZXci-tPkzxFMkbp2iatvAaDWgaDH7Q1Il4jYMyR1l6oCQCpqtkSMu0jBVs2M6yNjcqWeUVjQgPKeXFyCeM2zza2_tgfC77uVd95Nj8xWcn3fxcjhJ'),('5dce567e6ed2caa2aa43689d2a7e44f9',1331947690,NULL,'YOCp1T98uwRyOmAyvkOdKaaEFzTLKEm5N5Dd3XdTkx4qGHR4Tg1od_8OvtR7KmygsPeJSibWpxupEKSvDYuluDzeSlaKyip_HROdi4u_Re4lL9rxK1X7LSICjONXve-kfMqTc0gAuAzEN3JA9-NaZBHj_O4RLbFV28SKu2PTbhJE3seYlafkh_iBygndy8G3'),('4ba31e7b8882a7513122dc775bef3661',1331947691,NULL,'Yx3_UqFDI4b6YOy4GYws9qmVj4FCWiiWc4XUL_3efF8oybC4DrfOOpUfWTz9PCB7rDQCXc2IO93gnuz4Hi9dG5Huo4FGW_Y1S02Q29zmLHdvLGyycffZpbnIBCeiIeoreEQPblDKvv7oRjtw6oW6JUcBFvF4SIKJ8isAvOhWah4-drTx3iw_O1ErIVCcFVCo'),('81a95a47720b8ad8bfef9c2409768798',1331947692,NULL,'jp0seyobBgPbUMWaB5rGCl-ENcyVfPL3PZ19yf_Q15uXoMTjTR4BiOO3t6PgOjxkEh5uYoMGGfrxcCO5T3lXWU9nzZYrnKcpYNzn9v7TVtcjLmMVf8lx2cnQdbycsNHouNOmWDb5HiA6VYYA7u41CtBWF4j-VL7zapb5owQA3XzCftLUfFOku_bN7PhULp_p'),('10f39292e9f6e5d00b299fc841c80a59',1331947692,NULL,'JEWHulMsWd91mUTOgTudBWxHIPDAJpQc-rmXQQi6ZcbbxrVE2_XcFR8rcRDnBDKvZNniifzE0mcOZc2SIJM6uCAMsSNuophNak78FVFoGO8MsPmFkMqCYUAC2x46uAkLZdS0PB4S0E1fIlpNZsv3O2DwJ5MvARkJQw9G4Xn0w04.'),('c527bf18d48ab44e2f0e6123f4860a3a',1331947693,NULL,'uaN6OAiZyXG9wrfaKcejajqo5aUfe8hXUgypPTDKm7V_CwTa6uPIvyE7OmsffcIDcCzQe53Tc1i6r7v0drRFEMEVf628ZgTmchtniJzrf8fMolkOIs8JtxrGBRR6gjt9-AbEX3o9RHZvE8BS-3slfh2YCfXy6BKBuf5bzfZJXwdKf50Cwa4FYZyMhIG6fY37'),('0ecc6ce7744aec78eb15ea27d8f4009a',1331947694,NULL,'KDjVdv1UWn1WQLyyhY-rhmk0jDwJbc_oAu5s7C7AWIugF-D-K2M2fPhoSo4tg5K_lYHR653RJptkHJ0kgSJ_FtEigzjC0E_fnMimBBpd89YtrpdaPxeAjNo02Bma1e3kWJVJ9OKpyGcJmgej3WROKTz2BGM6HQ1eak0YhQzHlTi-OkJvqW1Lktwg-kZC5sZ4'),('a6981672ebfb397fe3fda342d46ce85c',1331947694,NULL,'rKyIrINfP9G3u9JsWzmYSfwrsGL9hP1o1Iy7Lht_ySZkvWZ6ox73r7AvDeKweAKLMIxdCGc2e6eDj59axIJr1s7t0SRcRppdwa5dK0uY8fyIYsz5497hs7pWpBFCOTXv5twQNa0FMv0zAJFecEkUA-BYBeWsvVnTzPTBPkvcXKo.'),('4f9a98e3485ef89267341c3e39882ce9',1331947695,NULL,'ajYGxWW_fgnbQLYlSa3NCoKc-sr-YjJHxOKdH4B0_Zd-kiByUaQ7W50wwzdJpzjvxWbA3BXN5vk_0v9mlENVetbjZqVFysqlA1PVbh5mtFUG1E7JnRxMOGJiS129tfGr4jtJrlJurKw0TJ7_vHcLH1PwABEwpVznQy5RhdMlOsy7VVtkSCAh6Fgn-r6BHhcy'),('7566962acedbea0b9957e9d2fd89c8cd',1331947696,NULL,'aqcTGoykNBpZLm-g9mh5xAKKZ-mtJS3a98s3TPZr7-HKUlCcHcDpnC3mGC8yZWkp8Gk8C_2oPvvEn5O8gs3JiW3TtEB6h8J9i1Zby5J9J5F8eAsKsovfoiAQ9IplRNPMbiyHNPiSEH3MpFtpmn5ZuFBr1-TF7baPakFsvT32_xP-_IaeJmkVgpvxhwoBR5BA'),('c6e7ddb974e2d33838bdf9238e47c45c',1331947697,NULL,'YOCp1T98uwRyOmAyvkOdKaaEFzTLKEm5N5Dd3XdTkx4qGHR4Tg1od_8OvtR7KmygsPeJSibWpxupEKSvDYuluDzeSlaKyip_HROdi4u_Re4lL9rxK1X7LSICjONXve-kfMqTc0gAuAzEN3JA9-NaZBHj_O4RLbFV28SKu2PTbhJE3seYlafkh_iBygndy8G3'),('6790d306482b906e536df1f2d8a344e2',1331947697,NULL,'eXXUDLaidaSKFP_fuBeVh49R0PY0gydaUnqELRk9yEGbzw61Y2a6hKNVg7zN51HefLiS6cSRKjySUO1ZXci-tPkzxFMkbp2iatvAaDWgaDH7Q1Il4jYMyR1l6oCQCpqtkSMu0jBVs2M6yNjcqWeUVjQgPKeXFyCeM2zza2_tgfC77uVd95Nj8xWcn3fxcjhJ'),('dc022600c2fb8ffbf54e6c6ff25a0e24',1331947698,NULL,'P3DaT_D88p4OtE-ZFT_Jl-IfNQzs4DbiM7GergesdObXgWiWBhrNBEm3_xjPuaZ55pB04PyJDhC6xQlHPOcT-Nhw_NAuB97SQ9_19XM3mSIusU4jGwcm7LB_QIbzHg-MPTwvkQBbISkAh33DWsVM17OqRIBiUl7fiqlrqe6U4dXLYZJwDhIY34WxVUdzmIkO'),('ba8ffc09c1702a841325886faa0453cb',1331947699,NULL,'ajYGxWW_fgnbQLYlSa3NCoKc-sr-YjJHxOKdH4B0_Zd-kiByUaQ7W50wwzdJpzjvxWbA3BXN5vk_0v9mlENVetbjZqVFysqlA1PVbh5mtFUG1E7JnRxMOGJiS129tfGr4jtJrlJurKw0TJ7_vHcLH1PwABEwpVznQy5RhdMlOsy7VVtkSCAh6Fgn-r6BHhcy'),('060709e0ee52705970c03b341e84ed55',1331947700,NULL,'catgsUDI37mSegOeYY2P5PQzL64XmnkaxbgU4fk3SaCXEeluH_z5JPbhal27_6GPrIpaTO6HFTy6PCqJjI3ob3U8Ms_BAL5G8YPH3YlLq6VnpWU_kxyUd0vN16sSBTGviaZfsf9cs-dMpO9hFdjpcHyyLcvuOLY-KCCnbe4nuQxB3BVqMYMnLvG6Fmic8b_0'),('24b552a7e48351c44b5b50391d3225c3',1331947700,NULL,'G5zop7ZGnEh9e-zhrMcWbPoOaCzGk3Xy_Y16xD0Ikewi_qO4Kx5KEAcdsb7tOCBVDClaxTcA1370pqmo4muLp_CFzOVHGqsv2h45ibEAaNejM_8fKFfAhn2Ww1auMsX-9M8UyCjMpuJ1SejBIf3HiCwtduMfK-y9z7HIRp_q4W-aTwqMQZZUUX5IkK30XdDz'),('98a071b9171b6768e7a0f8692d790dea',1331947701,NULL,'9sk4_X85O2bCmlxqPanaT5E_9OoCLpKLp71Arm8h32BRYM57XOXysmKmumTs8JDPzNGS0iETQ3a4QzKOd-HBt5mFS5m_KX3p_IOvoiWVFz8huT7Hw8e9YRelmqRP2hZ6-eqyeV_4_hwoBU61xiMwhAlQClzsT60CJZd_P8mqi1rxxqFKuU5DeMkyGZc8VWVD'),('ae2a44c806cc0bc7742a1d78e99436fb',1331947702,NULL,'d4fX7Ecito47HNQTfmFf0mqD4s6yZhGBtoTPMX4XLPzsI53IGV6KiTkQRCdQKlZBMpcKZ2VrpMU71I4c-1asCxi0C246Ccs4zx7VPZBcLXwiugMitadi0FymJl_4Px95yF15ZdaaSFFDQd_Srm6XlqbpVgedAzFwSg8RTpVKpXtdmcPfuoFFeb_u1Tx2xjXH'),('14ab4eb1dd92d7d834275b96552e11e5',1331947702,NULL,'XU8xW0McQdNmOB4j2vdj-kTyvD_CufdagkZHMYiAQAD0pBxMVlMioZDXLkpfxcCBYm_jK5VvnffhPwA5FHPC5roHhVchlqFCGCDqwy8YC6X2a6eu7NPy3O_uX-IuiFJdI-qRAhVwttTJ7BsyLOSTSwrAS_vuLrzRaN--B5yWFfG_SIUwD24y6z-Lq4UFdt5MNIRK5Dyc-IH80cNbImYOeg..'),('a203ae17b60733cd66c5d635242ce5d0',1331947703,NULL,'Yco02wlujltId4XJUMNlD-QQdvDYWAqpmXqTf0wbt4UKJfPAmA12ud7XdE2hpDazFJ9qYaXaDKigEfNVaXUiWvVU8wRtuOWojmha-7yLDSCLRiulUSqS_9mJYHZyv3K_77d20YT7KEOzDt5pt9y7CuGOT4JErSJvXXQUSJMtrlFVxxOxgfsZ3m2yJQ3IQr_VXvfEUpcXgwFMDxdtizhUGQ..'),('c451f5b5cf0ed309cb325d400ecd9ec0',1331947704,NULL,'kqcQ-BMUY8Q7Du4aIZU2_OeQuMPd7Hr6is4LALqGbpmjoO_VBcTHOEeNoIm9L7GdM5VqeClG0UwN7GHkRgC8uIQXR0TdMt2fzW5C2qS-s8Nn_mdf_4sIEc4Dg-Zo54klWglAow_Ud34Ti42-a1B5QTMmDXxgsqi49LLSH5df4_9TIcM6gXF2WmYAEwaoT8Ic'),('30db06d2062458219f3e6db42ce11580',1331947705,NULL,'Q27AsdZt18CYnIn9U1igKOB4WLhZxLdwQ9vyIPKObKPMbHioPDjU39eKxvs7LJQzRwgFpMtwNG_w7KTDnKurAaAYumln04YWc8wYu3ucN67qAdQaSzYfobUT76q5itGGWk79nhMjq2Di0KMZRtjEUPRUAYl-GvC1wDIiTwL_MvfCBE_Hs-PrGDbAtWTkD4IiXVQZ-Cqkh0GN36vz0NWZGA..'),('f149a11b3b912aa201cdf326f346e69d',1331947705,NULL,'ZB_mi7CpyOMbK2b2MIpxNsUPR4XQIW--X3lcOrPOlRlFl0MBmrHrovjur5ReEH2aouYcMDXMkFl4OsrJd1UcHC6R6IJJgiQYQPQNjN0cIf2WE9dt3eVRsTgZKX-wFPiK_Cvxt65ou8URHXzG_DsMlbyRgJKcR71A6bvoWhXgzzkdHzDMJ9Vu4HYuRNC65x0w8cl9P-o6jcS_UK_G_fG2Rw..'),('f871af7a64195deef6a9a8e86605f677',1331947706,NULL,'lFEkd5bxaFk_2eeZZ5CzGY3oc_41e3Qm4UOX2tHZtu-HCLlP5jzquAJYWlU73-yFGbZElz1BRz_DknB587ICjco-wT3fB-1cMimhEfOq_EXCC5QP9wVE3g7NUssGzAi9u9U_kT3MjYhdkHHiIlxQ-GalTRHRt0N0fXIXGPj-xHxOWYZglVi_OK8SkIPs2owyndoS86yKXWzMhRIgekAChw..'),('e204ae64ff9ea253f49b11f3b94374f3',1331947707,NULL,'LaC-0vjRw3SP44frVWzFwdIbjTe_Sk4Ug7f73GJgR246Ig_x7U_iPYU5xoA6hLMRO6LplwBoII2Z-1DBqblYOl8m97D5l9IfPYYMTths60KTju9yXdA44o39W1h_uQ4cT0FNXXuWNyuew-NBXKnPXSx3OpXTRiEpf65pl0OQyb6GceB41vxQtrLSIKUTUUyq'),('bbae319072b3c3ef8c08df63bcdf8113',1331947707,NULL,'FSSTsQV2PSKK9oIuC1p30xO7BnvQLVgZCDcgCV3EAythpb2UBmMSQFVYIlqRAeDMwJ-YNHmUdAmYwQgHYomMJAZHj924ASZ7U5d8MhkVoUEXlpvs7xZEUVjnyb9-2tRnpGU8OGY-bzzt-xFmhH1DqM88MY6wur8g97SPDW2ddvzaDHZP0QtqK0vxkcioKEeU'),('d7108f02d7421b6b7d4c66b65b3e513c',1331947708,NULL,'H2RQqd10UwPcvKwXD5PoN34xmysskNA8jykL8jMnAo7YpaOyzcE-dZ4JnDmEsaSZSmbc8X0qztTRAKE-OIHEl_AjC6KawMBFCecOMbwlvSd16F37-ODfSWtkSFruAxrfSJMIE4D6mKsEU4Ox1T1W4ktNGRBqxolNxua_BOVoW_p8qwMw0USbamI-sagdL59xjNM8nCbizF0D_SBXKncNvg..'),('9406903472bb75547ed2f9d4a6d781bc',1331949011,NULL,'0s2_uFi0jAE83qy88RR2qOLVBCrN_jRZc3gvdqiTOvQIb1nqHIrxcmyEKKr_X6LPz3J_oQ6Ag0wRlRJk7KsKnYCVIOSEw3ztkcgVIlqgRpako_6nDP18AGDbX_5NTVI_MeHrTqs0_sHTzG-ldTZQx0MzTcaYQbJzwy_9JEzrh6Q.'),('1e54a1241359997b3020c40acc7aa86d',1331952174,NULL,'aeQpifY7u2Bsodc5_E7BGx5Y9Kxlej-Mf6bCCjP-8lKmvN-Ds5q2U1fSOChtZCez__KrsF5Ms8t48XGEdD6HRlz9XkD9eXO9v-5MN8td42bFuH0pykb3AC3iKPmxvzvOyUoxi7Wz-IKdE8nyuLBvHOSDz5LIpCAqUv4LruEO6ek.'),('ef75614703c9bc92218a7e046630a3af',1331952176,NULL,'dtra6LVxfebEj7L4QMTe7y8aW1eHh7duAaIe_ejgulhk3fR3W7nShLhv41SzdNjyvp7-0KO_zU6UmxAL7OZScxO4YOsZZo6COQnBGUK6KBP8pitvz-7vhSo9cf2PMVuc_1PLcu1ENotZerc4KTqOhkvSOubM-R0ID6GTCtGJkoQ.'),('4a74e0276eca42ec1ca43bf7397cfbef',1331952244,NULL,'SYXHuV-_02zG2_KajoH6-cuBRgLggEIL67WmbJ1rR_Y3PRne28Bd8qlldwhvuXn4b7SIc7dIjkZni6zhFl7VwkI321Wnbh5AAy0tz5suXdL69-e0D8EcAJqJKDhacro_lQ9Uphdjdip_T18jPvFQlw..'),('b338fa771f3ee665bf7c884f1c5ec46e',1331955821,NULL,'VeHk9fbDtyHUOqIs7C1xVCjSwFwn5t_C0nXt0A58pgdyj8fnvOGgkZkaacB8D5y1ewfZACvQMjMPHFUnJxp36WT2Oc_a3mkgGyqx8m4D9WUxyamSuvcwjH3muiPQpiBzYqBQcmkbJCWF35k-s_MecsDpF-PLL_LznQov5W6b26U.'),('b8b2792aed81ab3eafb6386d5cb08535',1331955829,NULL,'OFVdsk9koy2_f8FdMib6twWKDxj6H0e7IcZ-0qERE9qMehwbnt5-ZvGQ2Ac0SDovvzSD1CtrofUtlGRZTZLLY-qhP1iZRlYmB4JVgV6L7TC2zBKp8b1Ucso_d3_OzdTEtM1KWY9udFC7K5heE6tvthaXxYooLHsV1vsQHsN1SJA.'),('964449de82767974d9ec520723bbe90c',1331957443,NULL,'XkwDEFxGU-VP48wpj0LWj61JnhQGFNqWJe8xn0bFuNuKVlLvai-jFqvUfcB_ihJjcVXP1WQJh1u_xr2Fby2nrElNLf4pUo7uDVl363heE82OEVv1IH3rFOrBmtC5KXzEz-SHfbrAkCaDqxw2g4psuYKIx76IcY1K90CoKgbuoSA.'),('ba11debe05659abed24e5d510a025870',1331959348,NULL,'SliCo8o1xXQd_YlwsNerzS_BqNYgfXE51VLgGY09Cp8cGL8r0t7l8VtZi_DJgvHuXpQFXA7tcHuspIss2yzfwIWYC58IodyByUq6QDAbkj-fNkKB2HhU-DN0H28tUGHhAN9G4nZ9QIyLgcCMOAZ2ZUhyPDH_tLRyj0TE6ZkV0WU.'),('e90e62d5a9880980f3750565e07a2af2',1331959352,NULL,'0s2_uFi0jAE83qy88RR2qOLVBCrN_jRZc3gvdqiTOvQIb1nqHIrxcmyEKKr_X6LPz3J_oQ6Ag0wRlRJk7KsKnYCVIOSEw3ztkcgVIlqgRpako_6nDP18AGDbX_5NTVI_MeHrTqs0_sHTzG-ldTZQx0MzTcaYQbJzwy_9JEzrh6Q.'),('3821ad7159ac11521974c254b707b050',1331959527,NULL,'n_cnQU-7c527aYRhm9FW_Btr5rGZbFR82CWIxBFaqWgOveoK8g2tLfzqXjOETY9hBdP2NNP8eN8jpDG0IYfXnZxZDIjsgDKBZcJrLk70Nii0dv9ACYO4FYJlpSukHit-t8WmVWt9t7n6YCgAPE1DpQ..'),('712b80ed2d3cc114a61a1aa567fea87c',1331962713,NULL,'Qbm1Mxw8K0N7SkN45-9G4DndT9m2YApLXYWPW4q93ukaAgKvnmwjzGaGTXgGd1IY1P9a0FVqmILjtZYkP2W7N-MnguLE_uIaQEL0nQ4q9VK35lj7YlhEtnsFx6yKN8Tylt2nWaxvxImxbFuqmTlVFuBO1YCm3AQCgBQbUqGrsc0.'),('3583a672c86a61ec61607de0e9544547',1331965768,NULL,'s1t7lbORH6-2JFY4FdCpBYKEIawoU3MxK2aLMtnsn5vxww-_jwzbNRS3FONMO5oMwe3qw5BvzuYgM0Q_DIS0fgyckxfuaJMfp4x-Kw_rPDgX-k3VU1sAwkXI1-VwcaYE1RSO8kUfK1umR49r9v9W7EPAa90cf5vG80JngSB4o4M.'),('9e02867ab263abde96a28d586e58a0ea',1331966741,NULL,'SliCo8o1xXQd_YlwsNerzS_BqNYgfXE51VLgGY09Cp8cGL8r0t7l8VtZi_DJgvHuXpQFXA7tcHuspIss2yzfwIWYC58IodyByUq6QDAbkj-fNkKB2HhU-DN0H28tUGHhAN9G4nZ9QIyLgcCMOAZ2ZUhyPDH_tLRyj0TE6ZkV0WU.'),('bec738b4be7b031cf1b208a62840c4dc',1331966747,NULL,'EYP2Iydwehax2xpwJ3TtWs5CPGqZJb15FkeKWn0J2d7sRbijlZKSvMpeAwWuT1JOLipJl-FsAgLkZciRwdbpOhvPRs9XvzYmfOX_ILTtaft99eAxnRyz6jWaTRZRtonLJGSpu0wte0hge10r1zYblgS7LxO_KzPHK8YzPBmLsBk.'),('42e16f044eed1260b10899e2affab4cf',1331966783,NULL,'VnmxBm1_tNNAaQyWR8KucPBsOhFcNnXegDTjLtzOks01-2fWJuNmoHzDZMdXSYmjHO-ItwrOeuJvun_7XMg-a6QbI0T9OLYzdNN9B8afJ5aZj1QY1REwEyalm9E6shWSOo349OE51buoW_TVNIWcVQ..');

--
-- Table structure for table `idx_set_hook_place`
--

CREATE TABLE `idx_set_hook_place` (
  `set_hook_place_id` int(11) NOT NULL auto_increment,
  `plugin` varchar(255) default NULL,
  `set_hook_place` text,
  PRIMARY KEY  (`set_hook_place_id`)
) ENGINE=MyISAM DEFAULT CHARSET=latin1;

--
-- Dumping data for table `idx_set_hook_place`
--


--
-- Table structure for table `idx_setting`
--

CREATE TABLE `idx_setting` (
  `setting_id` int(11) NOT NULL auto_increment,
  `setting_name` varchar(255) default NULL,
  `setting_value` text,
  PRIMARY KEY  (`setting_id`)
) ENGINE=MyISAM AUTO_INCREMENT=55 DEFAULT CHARSET=latin1;

--
-- Dumping data for table `idx_setting`
--

INSERT INTO `idx_setting` VALUES (4,'site_name','Telecommunicationsindustries.com'),(5,'site_url','http://telecommunicationsindustries.com'),(6,'email_address','stroh.mullineaux@gmail.com'),(7,'language_code','en_US'),(8,'theme_path','/home/teleco/public_html/themes/'),(9,'admin_template_path','/home/teleco/public_html/admin_tpl/'),(10,'plugin_path','/home/teleco/public_html/plugin/'),(12,'active_theme','_Telecommunicationsindustries'),(14,'spam_proof','1'),(15,'enable_user_validation','1'),(16,'allowed_file_extension','gif,jpg,png,pdf,zip,doc'),(17,'yahoo_appid',''),(18,'whosonline','600'),(19,'reciprocal_check','0'),(20,'urlcheck_limit','1'),(21,'pagerank_cache','30'),(22,'max_image_width','1024'),(23,'max_image_height','756'),(24,'max_file_size','500'),(25,'only_registered_can_add_link','0'),(26,'only_registered_can_add_review','0'),(27,'db_use_persistent','0'),(28,'paid_link_day_period','30,60,90,180'),(29,'paid_link_price_factor','1,1.5,2,3'),(30,'enable_html_tag','1'),(31,'allowed_html_tag','<b>,<strong>,<i>,<em>,<u>,<pre>,<blockquote>,<ol>,<ul>,<li>,<p>,<span>,<div>,<table>,<tr>,<td>'),(32,'enable_page_compression','0'),(33,'enable_category_ajax','1'),(34,'require_visit_category','0'),(35,'additional_category_price','0.5'),(36,'enable_rating_ajax','1'),(37,'service_nicecoder_avail','1'),(38,'enable_recaptcha','0'),(39,'recaptcha_publickey',''),(40,'recaptcha_privatekey',''),(41,'enable_bidding','0'),(42,'minimum_bid','5'),(43,'bid_increament','1'),(44,'charset','utf-8'),(45,'mailer','mail'),(46,'smtp_auth','0'),(47,'smtp_host',''),(48,'smtp_username',''),(49,'smtp_password',''),(50,'smtp_port','25'),(51,'emailbody_as_html','0'),(52,'indexu_version','2.4'),(53,'tos',''),(54,'submission_guidelines','');

--
-- Table structure for table `idx_tags`
--

CREATE TABLE `idx_tags` (
  `tag` varchar(64) NOT NULL default '',
  `category_id` mediumint(8) unsigned NOT NULL default '0',
  `total` int(11) NOT NULL default '0',
  `tag_path` varchar(64) NOT NULL,
  PRIMARY KEY  (`tag`,`category_id`)
) ENGINE=MyISAM DEFAULT CHARSET=latin1;

--
-- Dumping data for table `idx_tags`
--


--
-- Table structure for table `idx_unavailable`
--

CREATE TABLE `idx_unavailable` (
  `idx_unavailable` int(11) NOT NULL auto_increment,
  `link_id` int(11) default NULL,
  `url` varchar(255) default NULL,
  `who_is` varchar(255) default NULL,
  `note` text,
  `date` datetime default NULL,
  PRIMARY KEY  (`idx_unavailable`)
) ENGINE=MyISAM DEFAULT CHARSET=latin1;

--
-- Dumping data for table `idx_unavailable`
--


--
-- Table structure for table `idx_unavailable_latest`
--

CREATE TABLE `idx_unavailable_latest` (
  `idx_link` int(11) default NULL,
  `record_execution` int(11) default NULL
) ENGINE=MyISAM DEFAULT CHARSET=latin1;

--
-- Dumping data for table `idx_unavailable_latest`
--


--
-- Table structure for table `idx_users`
--

CREATE TABLE `idx_users` (
  `username` varchar(20) NOT NULL default '',
  `password` varchar(50) NOT NULL,
  `name` varchar(50) default NULL,
  `email` varchar(50) default NULL,
  `date` date default NULL,
  `status` char(1) default NULL,
  `vcode` varchar(4) default NULL,
  `group_id` tinyint(4) default NULL,
  `homepage` varchar(100) default NULL,
  `icq` varchar(20) default NULL,
  `aol` varchar(20) default NULL,
  `yahoo` varchar(20) default NULL,
  `biography` text,
  `location` varchar(50) default NULL,
  `interest` varchar(50) default NULL,
  `occupation` varchar(50) default NULL,
  PRIMARY KEY  (`username`)
) ENGINE=MyISAM DEFAULT CHARSET=latin1;

--
-- Dumping data for table `idx_users`
--

INSERT INTO `idx_users` VALUES ('admin','fee0ed79881bc8b2f8f9d672fa6e3642','Administrator','stroh.mullineaux@gmail.com','2012-01-17','1','',0,'','','','','','','','');

--
-- Table structure for table `idx_votes`
--

CREATE TABLE `idx_votes` (
  `link_id` mediumint(9) NOT NULL default '0',
  `ip` varchar(100) default NULL,
  `value` tinyint(4) default NULL
) ENGINE=MyISAM DEFAULT CHARSET=latin1;

--
-- Dumping data for table `idx_votes`
--



